000
CDUS43 KSGF 170626
CLIJLN


CLIMATE REPORT
NATIONAL WEATHER SERVICE SPRINGFIELD MO
125 AM CDT TUE APR 17 2018


...................................

...THE JOPLIN MO CLIMATE SUMMARY FOR APRIL 16 2018...

CLIMATE NORMAL PERIOD 1981 TO 2010
CLIMATE RECORD PERIOD 1902 TO 2018


WEATHER ITEM   OBSERVED TIME   RECORD YEAR NORMAL DEPARTURE LAST
                VALUE   (LST)  VALUE       VALUE  FROM      YEAR
                                                  NORMAL
..................................................................
TEMPERATURE (F)
 YESTERDAY
  MAXIMUM         59    449 PM  91    2006  70    -11       74
  MINIMUM         29R   552 AM  29    1953  47    -18       59
  AVERAGE         44                        59    -15       67

PRECIPITATION (IN)
  YESTERDAY        0.00          1.03 2017   0.15  -0.15     1.03
  MONTH TO DATE    0.42                      2.09  -1.67     2.50
  SINCE MAR 1      2.72                      5.51  -2.79     5.20
  SINCE JAN 1      8.13                      9.86  -1.73     9.19

DEGREE DAYS
 HEATING
  YESTERDAY       21                         8     13        0
  MONTH TO DATE  295                       157    138       85
  SINCE MAR 1    787                       665    122      465
  SINCE JUL 1   3975                      3919     56     3017

 COOLING
  YESTERDAY        0                         1     -1        2
  MONTH TO DATE   12                        16     -4       32
  SINCE MAR 1     12                        25    -13       49
  SINCE JAN 1     12                        26    -14       59
..................................................................


WIND (MPH)
  HIGHEST WIND SPEED    20   HIGHEST WIND DIRECTION    NW (320)
  HIGHEST GUST SPEED    26   HIGHEST GUST DIRECTION    NW (310)
  AVERAGE WIND SPEED     6.9


SKY COVER
  AVERAGE SKY COVER 0.3


WEATHER CONDITIONS
 THE FOLLOWING WEATHER WAS RECORDED YESTERDAY.
  NO SIGNIFICANT WEATHER WAS OBSERVED.


RELATIVE HUMIDITY (PERCENT)
 HIGHEST    69           300 AM
 LOWEST     30           400 PM
 AVERAGE    50

..........................................................


THE JOPLIN MO CLIMATE NORMALS FOR TODAY
                         NORMAL    RECORD    YEAR
 MAXIMUM TEMPERATURE (F)   71        91      2006
 MINIMUM TEMPERATURE (F)   47        30      1953
                                             1956


SUNRISE AND SUNSET
APRIL 17 2018.........SUNRISE   641 AM CDT   SUNSET   755 PM CDT
APRIL 18 2018.........SUNRISE   639 AM CDT   SUNSET   756 PM CDT


-  INDICATES NEGATIVE NUMBERS.
R  INDICATES RECORD WAS SET OR TIED.
MM INDICATES DATA IS MISSING.
T  INDICATES TRACE AMOUNT.




$$
