000
CDUS43 KSGF 172234
CLIJLN


CLIMATE REPORT
NATIONAL WEATHER SERVICE SPRINGFIELD MO
534 PM CDT TUE APR 17 2018


...................................

...THE JOPLIN MO CLIMATE SUMMARY FOR APRIL 17 2018...
VALID TODAY AS OF 0500 PM LOCAL TIME.

CLIMATE NORMAL PERIOD 1981 TO 2010
CLIMATE RECORD PERIOD 1902 TO 2018


WEATHER ITEM   OBSERVED TIME   RECORD YEAR NORMAL DEPARTURE LAST
                VALUE   (LST)  VALUE       VALUE  FROM      YEAR
                                                  NORMAL
..................................................................
TEMPERATURE (F)
 TODAY
  MAXIMUM         80    202 PM  91    2006  71      9       72
  MINIMUM         43    108 AM  30    1953  47     -4       59
                                      1956
  AVERAGE         62                        59      3       66

PRECIPITATION (IN)
  TODAY            0.00          1.58 1991   0.15  -0.15     0.04
  MONTH TO DATE    0.42                      2.24  -1.82     2.54
  SINCE MAR 1      2.72                      5.66  -2.94     5.24
  SINCE JAN 1      8.13                     10.01  -1.88     9.23

DEGREE DAYS
 HEATING
  TODAY            3                         8     -5        0
  MONTH TO DATE  298                       165    133       85
  SINCE MAR 1    790                       673    117      465
  SINCE JUL 1   3978                      3927     51     3017

 COOLING
  TODAY            0                         2     -2        1
  MONTH TO DATE   12                        18     -6       33
  SINCE MAR 1     12                        27    -15       50
  SINCE JAN 1     12                        28    -16       60
..................................................................


WIND (MPH)
  HIGHEST WIND SPEED    21   HIGHEST WIND DIRECTION     S (200)
  HIGHEST GUST SPEED    28   HIGHEST GUST DIRECTION    SE (130)


SKY COVER
  AVERAGE SKY COVER 0.0


WEATHER CONDITIONS
 THE FOLLOWING WEATHER WAS RECORDED TODAY.
  NO SIGNIFICANT WEATHER WAS OBSERVED.


RELATIVE HUMIDITY (PERCENT)
 HIGHEST    62          1200 AM
 LOWEST     39          1200 PM
 AVERAGE    51

..........................................................


THE JOPLIN MO CLIMATE NORMALS FOR TOMORROW
                         NORMAL    RECORD    YEAR
 MAXIMUM TEMPERATURE (F)   71        95      2006
 MINIMUM TEMPERATURE (F)   48        28      1953


SUNRISE AND SUNSET
APRIL 17 2018.........SUNRISE   641 AM CDT   SUNSET   755 PM CDT
APRIL 18 2018.........SUNRISE   639 AM CDT   SUNSET   756 PM CDT


-  INDICATES NEGATIVE NUMBERS.
R  INDICATES RECORD WAS SET OR TIED.
MM INDICATES DATA IS MISSING.
T  INDICATES TRACE AMOUNT.




$$
