000
CDUS43 KSGF 092225
CLIJLN


CLIMATE REPORT
NATIONAL WEATHER SERVICE SPRINGFIELD MO
525 PM CDT MON APR 9 2018


...................................

...THE JOPLIN MO CLIMATE SUMMARY FOR APRIL 9 2018...
VALID TODAY AS OF 0500 PM LOCAL TIME.

CLIMATE NORMAL PERIOD 1981 TO 2010
CLIMATE RECORD PERIOD 1902 TO 2018


WEATHER ITEM   OBSERVED TIME   RECORD YEAR NORMAL DEPARTURE LAST
                VALUE   (LST)  VALUE       VALUE  FROM      YEAR
                                                  NORMAL
..................................................................
TEMPERATURE (F)
 TODAY
  MAXIMUM         55   1248 PM  88    2011  68    -13       79
  MINIMUM         33    331 AM  29    1997  45    -12       64
  AVERAGE         44                        56    -12       72

PRECIPITATION (IN)
  TODAY            0.00          1.56 2008   0.13  -0.13     0.00
  MONTH TO DATE    0.37                      1.11  -0.74     1.45
  SINCE MAR 1      2.67                      4.53  -1.86     4.15
  SINCE JAN 1      8.08                      8.88  -0.80     8.14

DEGREE DAYS
 HEATING
  TODAY           21                        10     11        0
  MONTH TO DATE  207                        97    110       67
  SINCE MAR 1    699                       605     94      447
  SINCE JUL 1   3887                      3859     28     2999

 COOLING
  TODAY            0                         1     -1        7
  MONTH TO DATE    0                         9     -9        9
  SINCE MAR 1      0                        18    -18       26
  SINCE JAN 1      0                        19    -19       36
..................................................................


WIND (MPH)
  HIGHEST WIND SPEED    18   HIGHEST WIND DIRECTION     N (350)
  HIGHEST GUST SPEED    25   HIGHEST GUST DIRECTION     N (350)


SKY COVER
  AVERAGE SKY COVER 0.2


WEATHER CONDITIONS
 THE FOLLOWING WEATHER WAS RECORDED TODAY.
  NO SIGNIFICANT WEATHER WAS OBSERVED.


RELATIVE HUMIDITY (PERCENT)
 HIGHEST    82           300 AM
 LOWEST     54          1000 AM
 AVERAGE    68

..........................................................


THE JOPLIN MO CLIMATE NORMALS FOR TOMORROW
                         NORMAL    RECORD    YEAR
 MAXIMUM TEMPERATURE (F)   68        84      2011
 MINIMUM TEMPERATURE (F)   45        27      1989
                                             2003


SUNRISE AND SUNSET
APRIL  9 2018.........SUNRISE   652 AM CDT   SUNSET   748 PM CDT
APRIL 10 2018.........SUNRISE   651 AM CDT   SUNSET   749 PM CDT


-  INDICATES NEGATIVE NUMBERS.
R  INDICATES RECORD WAS SET OR TIED.
MM INDICATES DATA IS MISSING.
T  INDICATES TRACE AMOUNT.




$$
