000
CDUS43 KSGF 120629
CLIJLN


CLIMATE REPORT
NATIONAL WEATHER SERVICE SPRINGFIELD MO
129 AM CDT SAT MAY 12 2018


...................................

...THE JOPLIN MO CLIMATE SUMMARY FOR MAY 11 2018...

CLIMATE NORMAL PERIOD 1981 TO 2010
CLIMATE RECORD PERIOD 1902 TO 2018


WEATHER ITEM   OBSERVED TIME   RECORD YEAR NORMAL DEPARTURE LAST
                VALUE   (LST)  VALUE       VALUE  FROM      YEAR
                                                  NORMAL
..................................................................
TEMPERATURE (F)
 YESTERDAY
  MAXIMUM         86    338 PM  90    1963  77      9       75
                                      1980
                                      2005
  MINIMUM         66    242 AM  36    1981  55     11       60
  AVERAGE         76                        66     10       68

PRECIPITATION (IN)
  YESTERDAY        0.00          1.72 1966   0.19  -0.19     0.96
  MONTH TO DATE    0.66                      2.11  -1.45     3.46
  SINCE MAR 1      5.07                     10.00  -4.93    17.40
  SINCE JAN 1     10.48                     14.35  -3.87    21.39

DEGREE DAYS
 HEATING
  YESTERDAY        0                         3     -3        0
  MONTH TO DATE    3                        37    -34       44
  SINCE MAR 1    899                       786    113      599
  SINCE JUL 1   4087                      4040     47     3151

 COOLING
  YESTERDAY       11                         3      8        3
  MONTH TO DATE   72                        29     43       34
  SINCE MAR 1     88                        82      6       98
  SINCE JAN 1     88                        83      5      108
..................................................................


WIND (MPH)
  HIGHEST WIND SPEED    32   HIGHEST WIND DIRECTION     S (200)
  HIGHEST GUST SPEED    46   HIGHEST GUST DIRECTION     S (190)
  AVERAGE WIND SPEED    17.6


SKY COVER
  AVERAGE SKY COVER 0.0


WEATHER CONDITIONS
 THE FOLLOWING WEATHER WAS RECORDED YESTERDAY.
  NO SIGNIFICANT WEATHER WAS OBSERVED.


RELATIVE HUMIDITY (PERCENT)
 HIGHEST    68           200 AM
 LOWEST     43           200 PM
 AVERAGE    56

..........................................................


THE JOPLIN MO CLIMATE NORMALS FOR TODAY
                         NORMAL    RECORD    YEAR
 MAXIMUM TEMPERATURE (F)   77        88      1963
 MINIMUM TEMPERATURE (F)   55        33      1960


SUNRISE AND SUNSET
MAY 12 2018...........SUNRISE   612 AM CDT   SUNSET   817 PM CDT
MAY 13 2018...........SUNRISE   611 AM CDT   SUNSET   818 PM CDT


-  INDICATES NEGATIVE NUMBERS.
R  INDICATES RECORD WAS SET OR TIED.
MM INDICATES DATA IS MISSING.
T  INDICATES TRACE AMOUNT.




$$
