000
CDUS43 KSGF 252243
CLIJLN


CLIMATE REPORT
NATIONAL WEATHER SERVICE SPRINGFIELD MO
540 PM CDT FRI MAY 25 2018


...................................

...THE JOPLIN MO CLIMATE SUMMARY FOR MAY 25 2018...
VALID TODAY AS OF 0500 PM LOCAL TIME.

CLIMATE NORMAL PERIOD 1981 TO 2010
CLIMATE RECORD PERIOD 1902 TO 2018


WEATHER ITEM   OBSERVED TIME   RECORD YEAR NORMAL DEPARTURE LAST
                VALUE   (LST)  VALUE       VALUE  FROM      YEAR
                                                  NORMAL
..................................................................
TEMPERATURE (F)
 TODAY
  MAXIMUM         85    130 PM  92    2006  80      5       81
  MINIMUM         70    656 AM  44    1979  59     11       47
  AVERAGE         78                        69      9       64

PRECIPITATION (IN)
  TODAY            T             2.34 1968   0.16  -0.16     0.00
  MONTH TO DATE    3.48                      4.62  -1.14     6.59
  SINCE MAR 1      7.89                     12.51  -4.62    20.53
  SINCE JAN 1     13.30                     16.86  -3.56    24.52

DEGREE DAYS
 HEATING
  TODAY            0                         1     -1        1
  MONTH TO DATE    3                        60    -57       62
  SINCE MAR 1    899                       809     90      617
  SINCE JUL 1   4087                      4063     24     3169

 COOLING
  TODAY           13                         5      8        0
  MONTH TO DATE  202                        89    113       85
  SINCE MAR 1    218                       142     76      149
  SINCE JAN 1    218                       143     75      159
..................................................................


WIND (MPH)
  HIGHEST WIND SPEED    16   HIGHEST WIND DIRECTION     W (260)
  HIGHEST GUST SPEED    21   HIGHEST GUST DIRECTION     S (170)


SKY COVER
  AVERAGE SKY COVER 0.5


WEATHER CONDITIONS
 THE FOLLOWING WEATHER WAS RECORDED TODAY.
  THUNDERSTORM
  LIGHT RAIN


RELATIVE HUMIDITY (PERCENT)
 HIGHEST    84          1200 AM
 LOWEST     58           300 PM
 AVERAGE    71

..........................................................


THE JOPLIN MO CLIMATE NORMALS FOR TOMORROW
                         NORMAL    RECORD    YEAR
 MAXIMUM TEMPERATURE (F)   80        94      1953
 MINIMUM TEMPERATURE (F)   59        41      1988


SUNRISE AND SUNSET
MAY 25 2018...........SUNRISE   603 AM CDT   SUNSET   828 PM CDT
MAY 26 2018...........SUNRISE   602 AM CDT   SUNSET   828 PM CDT


-  INDICATES NEGATIVE NUMBERS.
R  INDICATES RECORD WAS SET OR TIED.
MM INDICATES DATA IS MISSING.
T  INDICATES TRACE AMOUNT.




$$
