000
CDUS43 KSGF 200645
CLIJLN


CLIMATE REPORT
NATIONAL WEATHER SERVICE SPRINGFIELD MO
145 AM CDT FRI APR 20 2018


...................................

...THE JOPLIN MO CLIMATE SUMMARY FOR APRIL 19 2018...

CLIMATE NORMAL PERIOD 1981 TO 2010
CLIMATE RECORD PERIOD 1902 TO 2018


WEATHER ITEM   OBSERVED TIME   RECORD YEAR NORMAL DEPARTURE LAST
                VALUE   (LST)  VALUE       VALUE  FROM      YEAR
                                                  NORMAL
..................................................................
TEMPERATURE (F)
 YESTERDAY
  MAXIMUM         57    509 PM  93    1987  71    -14       80
  MINIMUM         32    508 AM  31    1953  48    -16       63
                                      1988
  AVERAGE         45                        60    -15       72

PRECIPITATION (IN)
  YESTERDAY        0.00          1.31 1976   0.15  -0.15     0.00
  MONTH TO DATE    0.42                      2.54  -2.12     2.54
  SINCE MAR 1      2.72                      5.96  -3.24     5.24
  SINCE JAN 1      8.13                     10.31  -2.18     9.23

DEGREE DAYS
 HEATING
  YESTERDAY       20                         7     13        0
  MONTH TO DATE  327                       179    148       85
  SINCE MAR 1    819                       687    132      465
  SINCE JUL 1   4007                      3941     66     3017

 COOLING
  YESTERDAY        0                         2     -2        7
  MONTH TO DATE   12                        22    -10       43
  SINCE MAR 1     12                        31    -19       60
  SINCE JAN 1     12                        32    -20       70
..................................................................


WIND (MPH)
  HIGHEST WIND SPEED    20   HIGHEST WIND DIRECTION     N (360)
  HIGHEST GUST SPEED    27   HIGHEST GUST DIRECTION     N (360)
  AVERAGE WIND SPEED     7.7


SKY COVER
  AVERAGE SKY COVER 0.1


WEATHER CONDITIONS
 THE FOLLOWING WEATHER WAS RECORDED YESTERDAY.
  NO SIGNIFICANT WEATHER WAS OBSERVED.


RELATIVE HUMIDITY (PERCENT)
 HIGHEST    78           500 AM
 LOWEST     43           300 PM
 AVERAGE    61

..........................................................


THE JOPLIN MO CLIMATE NORMALS FOR TODAY
                         NORMAL    RECORD    YEAR
 MAXIMUM TEMPERATURE (F)   72        92      1987
 MINIMUM TEMPERATURE (F)   48        29      1953


SUNRISE AND SUNSET
APRIL 20 2018.........SUNRISE   637 AM CDT   SUNSET   758 PM CDT
APRIL 21 2018.........SUNRISE   636 AM CDT   SUNSET   758 PM CDT


-  INDICATES NEGATIVE NUMBERS.
R  INDICATES RECORD WAS SET OR TIED.
MM INDICATES DATA IS MISSING.
T  INDICATES TRACE AMOUNT.




$$
