000
CDUS43 KSGF 090628
CLIJLN


CLIMATE REPORT
NATIONAL WEATHER SERVICE SPRINGFIELD MO
128 AM CDT MON APR 9 2018


...................................

...THE JOPLIN MO CLIMATE SUMMARY FOR APRIL 8 2018...

CLIMATE NORMAL PERIOD 1981 TO 2010
CLIMATE RECORD PERIOD 1902 TO 2018


WEATHER ITEM   OBSERVED TIME   RECORD YEAR NORMAL DEPARTURE LAST
                VALUE   (LST)  VALUE       VALUE  FROM      YEAR
                                                  NORMAL
..................................................................
TEMPERATURE (F)
 YESTERDAY
  MAXIMUM         49    110 PM  86    2011  68    -19       81
                                      2001
  MINIMUM         27    234 AM  19    2007  44    -17       53
  AVERAGE         38                        56    -18       67

PRECIPITATION (IN)
  YESTERDAY        T             0.93 2008   0.13  -0.13     0.00
  MONTH TO DATE    0.37                      0.98  -0.61     1.45
  SINCE MAR 1      2.67                      4.40  -1.73     4.15
  SINCE JAN 1      8.08                      8.75  -0.67     8.14

DEGREE DAYS
 HEATING
  YESTERDAY       27                        10     17        0
  MONTH TO DATE  186                        87     99       67
  SINCE MAR 1    678                       595     83      447
  SINCE JUL 1   3866                      3849     17     2999

 COOLING
  YESTERDAY        0                         1     -1        2
  MONTH TO DATE    0                         8     -8        2
  SINCE MAR 1      0                        17    -17       19
  SINCE JAN 1      0                        18    -18       29
..................................................................


WIND (MPH)
  HIGHEST WIND SPEED    16   HIGHEST WIND DIRECTION     S (160)
  HIGHEST GUST SPEED    21   HIGHEST GUST DIRECTION    SE (120)
  AVERAGE WIND SPEED     7.3


SKY COVER
  AVERAGE SKY COVER 0.6


WEATHER CONDITIONS
 THE FOLLOWING WEATHER WAS RECORDED YESTERDAY.
  LIGHT RAIN
  LIGHT SNOW


RELATIVE HUMIDITY (PERCENT)
 HIGHEST    70          1000 PM
 LOWEST     38           200 PM
 AVERAGE    54

..........................................................


THE JOPLIN MO CLIMATE NORMALS FOR TODAY
                         NORMAL    RECORD    YEAR
 MAXIMUM TEMPERATURE (F)   68        88      2011
 MINIMUM TEMPERATURE (F)   45        29      1997


SUNRISE AND SUNSET
APRIL  9 2018.........SUNRISE   652 AM CDT   SUNSET   748 PM CDT
APRIL 10 2018.........SUNRISE   651 AM CDT   SUNSET   749 PM CDT


-  INDICATES NEGATIVE NUMBERS.
R  INDICATES RECORD WAS SET OR TIED.
MM INDICATES DATA IS MISSING.
T  INDICATES TRACE AMOUNT.




$$
