000
CDUS43 KSGF 182232
CLIJLN


CLIMATE REPORT
NATIONAL WEATHER SERVICE SPRINGFIELD MO
532 PM CDT FRI MAY 18 2018


...................................

...THE JOPLIN MO CLIMATE SUMMARY FOR MAY 18 2018...
VALID TODAY AS OF 0500 PM LOCAL TIME.

CLIMATE NORMAL PERIOD 1981 TO 2010
CLIMATE RECORD PERIOD 1902 TO 2018


WEATHER ITEM   OBSERVED TIME   RECORD YEAR NORMAL DEPARTURE LAST
                VALUE   (LST)  VALUE       VALUE  FROM      YEAR
                                                  NORMAL
..................................................................
TEMPERATURE (F)
 TODAY
  MAXIMUM         85    326 PM  90    1987  78      7       87
  MINIMUM         60    551 AM  39    2002  57      3       64
  AVERAGE         73                        67      6       76

PRECIPITATION (IN)
  TODAY            0.00          1.47 1978   0.18  -0.18     0.41
  MONTH TO DATE    1.74                      3.40  -1.66     4.00
  SINCE MAR 1      6.15                     11.29  -5.14    17.94
  SINCE JAN 1     11.56                     15.64  -4.08    21.93

DEGREE DAYS
 HEATING
  TODAY            0                         2     -2        0
  MONTH TO DATE    3                        51    -48       44
  SINCE MAR 1    899                       800     99      599
  SINCE JUL 1   4087                      4054     33     3151

 COOLING
  TODAY            8                         4      4       11
  MONTH TO DATE  134                        56     78       79
  SINCE MAR 1    150                       109     41      143
  SINCE JAN 1    150                       110     40      153
..................................................................


WIND (MPH)
  HIGHEST WIND SPEED    10   HIGHEST WIND DIRECTION    SE (150)
  HIGHEST GUST SPEED    16   HIGHEST GUST DIRECTION     S (160)


SKY COVER
  AVERAGE SKY COVER 0.2


WEATHER CONDITIONS
 THE FOLLOWING WEATHER WAS RECORDED TODAY.
  FOG
  FOG W/VISIBILITY <= 1/4 MILE


RELATIVE HUMIDITY (PERCENT)
 HIGHEST   100           500 AM
 LOWEST     51           200 PM
 AVERAGE    76

..........................................................


THE JOPLIN MO CLIMATE NORMALS FOR TOMORROW
                         NORMAL    RECORD    YEAR
 MAXIMUM TEMPERATURE (F)   78        91      1987
                                             2006
 MINIMUM TEMPERATURE (F)   57        43      1993
                                             2002


SUNRISE AND SUNSET
MAY 18 2018...........SUNRISE   607 AM CDT   SUNSET   822 PM CDT
MAY 19 2018...........SUNRISE   606 AM CDT   SUNSET   823 PM CDT


-  INDICATES NEGATIVE NUMBERS.
R  INDICATES RECORD WAS SET OR TIED.
MM INDICATES DATA IS MISSING.
T  INDICATES TRACE AMOUNT.




$$
