000
CDUS43 KSGF 102226
CLIJLN


CLIMATE REPORT
NATIONAL WEATHER SERVICE SPRINGFIELD MO
526 PM CDT THU MAY 10 2018


...................................

...THE JOPLIN MO CLIMATE SUMMARY FOR MAY 10 2018...
VALID TODAY AS OF 0500 PM LOCAL TIME.

CLIMATE NORMAL PERIOD 1981 TO 2010
CLIMATE RECORD PERIOD 1902 TO 2018


WEATHER ITEM   OBSERVED TIME   RECORD YEAR NORMAL DEPARTURE LAST
                VALUE   (LST)  VALUE       VALUE  FROM      YEAR
                                                  NORMAL
..................................................................
TEMPERATURE (F)
 TODAY
  MAXIMUM         84    359 PM  91    1963  76      8       84
  MINIMUM         65    402 AM  38    1989  55     10       67
                                      1997
  AVERAGE         75                        65     10       76

PRECIPITATION (IN)
  TODAY            0.08          1.52 1996   0.18  -0.10     0.65
  MONTH TO DATE    0.66                      1.92  -1.26     2.50
  SINCE MAR 1      5.07                      9.81  -4.74    16.44
  SINCE JAN 1     10.48                     14.16  -3.68    20.43

DEGREE DAYS
 HEATING
  TODAY            0                         3     -3        0
  MONTH TO DATE    3                        34    -31       44
  SINCE MAR 1    899                       783    116      599
  SINCE JUL 1   4087                      4037     50     3151

 COOLING
  TODAY           10                         3      7       11
  MONTH TO DATE   61                        26     35       31
  SINCE MAR 1     77                        79     -2       95
  SINCE JAN 1     77                        80     -3      105
..................................................................


WIND (MPH)
  HIGHEST WIND SPEED    21   HIGHEST WIND DIRECTION    NW (310)
  HIGHEST GUST SPEED    29   HIGHEST GUST DIRECTION    NW (310)


SKY COVER
  AVERAGE SKY COVER 0.2


WEATHER CONDITIONS
 THE FOLLOWING WEATHER WAS RECORDED TODAY.
  THUNDERSTORM
  RAIN
  LIGHT RAIN


RELATIVE HUMIDITY (PERCENT)
 HIGHEST    93           400 AM
 LOWEST     47           200 PM
 AVERAGE    70

..........................................................


THE JOPLIN MO CLIMATE NORMALS FOR TOMORROW
                         NORMAL    RECORD    YEAR
 MAXIMUM TEMPERATURE (F)   77        90      1963
                                             1980
                                             2005
 MINIMUM TEMPERATURE (F)   55        36      1981


SUNRISE AND SUNSET
MAY 10 2018...........SUNRISE   614 AM CDT   SUNSET   815 PM CDT
MAY 11 2018...........SUNRISE   613 AM CDT   SUNSET   816 PM CDT


-  INDICATES NEGATIVE NUMBERS.
R  INDICATES RECORD WAS SET OR TIED.
MM INDICATES DATA IS MISSING.
T  INDICATES TRACE AMOUNT.




$$
