000
CDUS43 KSGF 050627
CLIJLN


CLIMATE REPORT
NATIONAL WEATHER SERVICE SPRINGFIELD MO
126 AM CDT THU APR 5 2018


...................................

...THE JOPLIN MO CLIMATE SUMMARY FOR APRIL 4 2018...

CLIMATE NORMAL PERIOD 1981 TO 2010
CLIMATE RECORD PERIOD 1902 TO 2018


WEATHER ITEM   OBSERVED TIME   RECORD YEAR NORMAL DEPARTURE LAST
                VALUE   (LST)  VALUE       VALUE  FROM      YEAR
                                                  NORMAL
..................................................................
TEMPERATURE (F)
 YESTERDAY
  MAXIMUM         49    528 PM  84    1988  67    -18       68
  MINIMUM         25    629 AM  24    1987  43    -18       51
  AVERAGE         37                        55    -18       60

PRECIPITATION (IN)
  YESTERDAY        0.00          1.55 1964   0.12  -0.12     0.81
  MONTH TO DATE    0.29                      0.48  -0.19     1.41
  SINCE MAR 1      2.59                      3.90  -1.31     4.11
  SINCE JAN 1      8.00                      8.25  -0.25     8.10

DEGREE DAYS
 HEATING
  YESTERDAY       28                        11     17        5
  MONTH TO DATE   92                        46     46       22
  SINCE MAR 1    584                       554     30      402
  SINCE JUL 1   3772                      3808    -36     2954

 COOLING
  YESTERDAY        0                         1     -1        0
  MONTH TO DATE    0                         4     -4        0
  SINCE MAR 1      0                        13    -13       17
  SINCE JAN 1      0                        14    -14       27
..................................................................


WIND (MPH)
  HIGHEST WIND SPEED    16   HIGHEST WIND DIRECTION     N (340)
  HIGHEST GUST SPEED    21   HIGHEST GUST DIRECTION    NW (330)
  AVERAGE WIND SPEED     6.4


SKY COVER
  AVERAGE SKY COVER 0.0


WEATHER CONDITIONS
 THE FOLLOWING WEATHER WAS RECORDED YESTERDAY.
  NO SIGNIFICANT WEATHER WAS OBSERVED.


RELATIVE HUMIDITY (PERCENT)
 HIGHEST    81           400 AM
 LOWEST     34           400 PM
 AVERAGE    58

..........................................................


THE JOPLIN MO CLIMATE NORMALS FOR TODAY
                         NORMAL    RECORD    YEAR
 MAXIMUM TEMPERATURE (F)   67        84      2000
                                             1967
 MINIMUM TEMPERATURE (F)   44        26      1987


SUNRISE AND SUNSET
APRIL  5 2018.........SUNRISE   658 AM CDT   SUNSET   744 PM CDT
APRIL  6 2018.........SUNRISE   656 AM CDT   SUNSET   745 PM CDT


-  INDICATES NEGATIVE NUMBERS.
R  INDICATES RECORD WAS SET OR TIED.
MM INDICATES DATA IS MISSING.
T  INDICATES TRACE AMOUNT.




$$
