000
CXHW50 PHFO 011250
CF6JRF
PRELIMINARY LOCAL CLIMATOLOGICAL DATA (WS FORM: F-6)
STATION: KALAELOA ARPT/OAHU HI
MONTH: MARCH
YEAR: 2022
LATITUDE: 21 19 N
LONGITUDE: 158 4 W
TEMPERATURE IN F: :PCPN: SNOW: WIND :SUNSHINE: SKY :PK WND
================================================================================
1 2 3 4 5 6A 6B 7 8 9 10 11 12 13 14 15 16 17 18
12Z AVG MX 2MIN
DY MAX MIN AVG DEP HDD CDD WTR SNW DPTH SPD SPD DIR MIN PSBL S-S WX SPD DR
================================================================================
1 85 66 76 3 0 11 0.00 M M 5.6 12 150 M M 3 13 200
2 85 65 75 2 0 10 0.00 M M 7.4 17 280 M M 0 20 260
3 86 67 77 4 0 12 0.00 M M 9.2 23 280 M M 1 27 300
4 84 64 74 1 0 9 0.00 M M 6.7 12 30 M M 3 17 40
5 83 65 74 1 0 9 0.00 M M 5.8 13 150 M M 0 17 170
6 84 62 73 0 0 8 0.00 M M 6.5 13 150 M M 0 15 150
7 84 63 74 1 0 9 0.00 M M 6.9 13 280 M M 2 16 280
8 86 70 78 5 0 13 T M M 5.5 15 130 M M 2 19 20
9 85 63 74 1 0 9 0.00 M M 5.3 13 210 M M 1 18 220
10 86 66 76 3 0 11 0.00 M M 5.1 12 160 M M 2 18 15 210
11 90 71 81 8 0 16 0.00 M M 7.4 20 130 M M 0 24 130
12 88 68 78 4 0 13 0.00 M M 6.1 15 30 M M 2 23 50
13 86 68 77 3 0 12 0.00 M M 8.3 20 140 M M 2 22 310
14 86 69 78 4 0 13 0.00 M M 8.1 21 120 M M 1 25 120
15 85 65 75 1 0 10 0.00 M M 5.9 14 150 M M 0 16 150
16 87 69 78 4 0 13 T M M 6.7 20 140 M M 5 23 140
17 87 70 79 5 0 14 0.00 M M 7.4 18 130 M M 2 23 130
18 89 69 79 5 0 14 0.00 M M 6.9 15 130 M M 3 22 50
19 87 70 79 5 0 14 0.00 M M 7.4 18 120 M M 3 23 140
20 84 67 76 2 0 11 0.02 M M 5.4 14 210 M M 6 16 210
21 86 68 77 3 0 12 T M M 6.8 16 290 M M 2 22 290
22 88 71 80 6 0 15 T M M 6.9 16 40 M M 1 23 70
23 88 74 81 7 0 16 T M M 8.5 17 40 M M 3 27 70
24 88 72 80 6 0 15 0.01 M M 7.2 17 30 M M 7 31 90
25 85 72 79 5 0 14 0.03 M M 6.4 16 30 M M 6 18 23 80
26 87 71 79 5 0 14 0.00 M M 7.3 15 30 M M 1 22 60
27 83 65 74 0 0 9 T M M 5.4 12 150 M M 5 15 30
28 84 65 75 1 0 10 0.00 M M 5.8 15 160 M M 2 19 140
29 85 69 77 2 0 12 0.00 M M 7.5 18 140 M M 1 22 140
30 89 69 79 4 0 14 0.00 M M 7.5 20 120 M M 3 25 120
31 87 71 79 4 0 14 0.09 M M 8.0 17 50 M M 5 1 25 50
================================================================================
SM 2667 2104 0 376 0.15 M 210.9 M 74
================================================================================
AV 86.0 67.9 6.8 FASTST M M 2 MAX(MPH)
MISC ----> 23 280 31 90
================================================================================
NOTES:
# LAST OF SEVERAL OCCURRENCES
COLUMN 17 PEAK WIND IN M.P.H.
PRELIMINARY LOCAL CLIMATOLOGICAL DATA (WS FORM: F-6) , PAGE 2
STATION: KALAELOA ARPT/OAHU HI
MONTH: MARCH
YEAR: 2022
LATITUDE: 21 19 N
LONGITUDE: 158 4 W
[TEMPERATURE DATA] [PRECIPITATION DATA] SYMBOLS USED IN COLUMN 16
AVERAGE MONTHLY: 77.0 TOTAL FOR MONTH: 0.15 1 = FOG OR MIST
DPTR FM NORMAL: 3.2 DPTR FM NORMAL: -1.80 2 = FOG REDUCING VISIBILITY
HIGHEST: 90 ON 11 GRTST 24HR 0.09 ON 31-31 TO 1/4 MILE OR LESS
LOWEST: 62 ON 6 3 = THUNDER
SNOW, ICE PELLETS, HAIL 4 = ICE PELLETS
TOTAL MONTH: M 5 = HAIL
GRTST 24HR M ON M 6 = FREEZING RAIN OR DRIZZLE
GRTST DEPTH: M ON M 7 = DUSTSTORM OR SANDSTORM:
VSBY 1/2 MILE OR LESS
8 = SMOKE OR HAZE
[NO. OF DAYS WITH] [WEATHER - DAYS WITH] 9 = BLOWING SNOW
X = TORNADO
MAX 32 OR BELOW: 0 0.01 INCH OR MORE: 4
MAX 90 OR ABOVE: 1 0.10 INCH OR MORE: 0
MIN 32 OR BELOW: 0 0.50 INCH OR MORE: 0
MIN 0 OR BELOW: 0 1.00 INCH OR MORE: 0
[HDD (BASE 65) ]
TOTAL THIS MO. 0 CLEAR (SCALE 0-3) 23
DPTR FM NORMAL 0 PTCLDY (SCALE 4-7) 8
TOTAL FM JUL 1 0 CLOUDY (SCALE 8-10) 0
DPTR FM NORMAL 0
[CDD (BASE 65) ]
TOTAL THIS MO. 376
DPTR FM NORMAL 103 [PRESSURE DATA]
TOTAL FM JAN 1 957 HIGHEST SLP 30.22 ON 12
DPTR FM NORMAL 218 LOWEST SLP 29.92 ON 4
[REMARKS]
#FINAL-03-22#