000
CXHW50 PHFO 011250
CF6JRF
PRELIMINARY LOCAL CLIMATOLOGICAL DATA (WS FORM: F-6)
STATION: KALAELOA ARPT/OAHU HI
MONTH: JANUARY
YEAR: 2024
LATITUDE: 21 19 N
LONGITUDE: 158 4 W
TEMPERATURE IN F: :PCPN: SNOW: WIND :SUNSHINE: SKY :PK WND
================================================================================
1 2 3 4 5 6A 6B 7 8 9 10 11 12 13 14 15 16 17 18
12Z AVG MX 2MIN
DY MAX MIN AVG DEP HDD CDD WTR SNW DPTH SPD SPD DIR MIN PSBL S-S WX SPD DR
================================================================================
1 84 63 74 1 0 9 T M M 6.3 16 60 M M 3 18 31 50
2 83 67 75 2 0 10 0.00 M M 6.7 18 120 M M 1 32 110
3 83 66 75 2 0 10 0.00 M M 6.2 17 130 M M 1 26 130
4 81 63 72 -1 0 7 0.00 M M 5.9 21 300 M M 1 24 290
5 83 67 75 2 0 10 0.00 M M 5.3 10 230 M M 1 14 200
6 83 62 73 0 0 8 0.00 M M 6.3 15 150 M M 4 19 150
7 82 66 74 1 0 9 0.08 M M 7.7 17 170 M M 2 8 23 190
8 77 69 73 0 0 8 2.23 M M 16.6 26 260 M M 9 12 37 230
9 82 72 77 4 0 12 0.02 M M 13.0 22 260 M M 5 1 27 270
10 81 65 73 0 0 8 0.00 M M 9.6 21 280 M M 3 27 280
11 81 63 72 -1 0 7 0.10 M M 12.7 32 290 M M 6 1 39 290
12 78 58 68 -5 0 3 0.01 M M 4.7 16 30 M M 5 29 30
13 78 57 68 -5 0 3 0.00 M M 5.6 17 340 M M 2 27 20
14 78 56 67 -6 0 2 0.00 M M 7.1 20 290 M M 0 25 300
15 79 60 70 -3 0 5 0.00 M M 7.1 14 220 M M 5 19 230
16 82 73 78 5 0 13 0.00 M M 15.0 24 280 M M 8 35 240
17 81 65 73 0 0 8 0.00 M M 9.1 17 280 M M 3 23 290
18 80 61 71 -2 0 6 0.00 M M 4.7 9 220 M M 0 13 210
19 81 64 73 0 0 8 0.00 M M 6.1 13 170 M M 5 17 160
20 81 66 74 1 0 9 T M M 4.8 9 170 M M 3 15 160
21 80 65 73 0 0 8 0.00 M M 4.4 13 180 M M 8 17 180
22 82 67 75 2 0 10 T M M 10.0 16 170 M M 5 21 180
23 82 75 79 6 0 14 0.00 M M 10.8 17 160 M M 2 23 150
24 81 71 76 3 0 11 0.25 M M 14.1 22 270 M M 8 18 29 200
25 81 66 74 1 0 9 0.03 M M 5.2 14 300 M M 6 8 19 290
26 81 63 72 -1 0 7 0.05 M M 6.3 21 260 M M 5 1 26 250
27 83 74 79 6 0 14 0.01 M M 13.4 21 220 M M 4 26 210
28 82 73 78 5 0 13 0.14 M M 16.1 23 260 M M 8 1 31 270
29 82 73 78 5 0 13 0.23 M M 16.0 26 270 M M 7 1 36 270
30 82 68 75 2 0 10 0.08 M M 7.2 15 300 M M 7 1 19 280
31 82 64 73 0 0 8 0.00 M M 3.9 9 70 M M 8 14 70
================================================================================
SM 2516 2042 0 272 3.23 M 267.9 M 135
================================================================================
AV 81.2 65.9 8.6 FASTST M M 4 MAX(MPH)
MISC ----> 32 290 39 290
================================================================================
NOTES:
# LAST OF SEVERAL OCCURRENCES
COLUMN 17 PEAK WIND IN M.P.H.
PRELIMINARY LOCAL CLIMATOLOGICAL DATA (WS FORM: F-6) , PAGE 2
STATION: KALAELOA ARPT/OAHU HI
MONTH: JANUARY
YEAR: 2024
LATITUDE: 21 19 N
LONGITUDE: 158 4 W
[TEMPERATURE DATA] [PRECIPITATION DATA] SYMBOLS USED IN COLUMN 16
AVERAGE MONTHLY: 73.5 TOTAL FOR MONTH: 3.23 1 = FOG OR MIST
DPTR FM NORMAL: 0.7 DPTR FM NORMAL: 1.87 2 = FOG REDUCING VISIBILITY
HIGHEST: 84 ON 1 GRTST 24HR 2.23 ON 8- 8 TO 1/4 MILE OR LESS
LOWEST: 56 ON 14 3 = THUNDER
SNOW, ICE PELLETS, HAIL 4 = ICE PELLETS
TOTAL MONTH: M 5 = HAIL
GRTST 24HR M ON M 6 = FREEZING RAIN OR DRIZZLE
GRTST DEPTH: M ON M 7 = DUSTSTORM OR SANDSTORM:
VSBY 1/2 MILE OR LESS
8 = SMOKE OR HAZE
[NO. OF DAYS WITH] [WEATHER - DAYS WITH] 9 = BLOWING SNOW
X = TORNADO
MAX 32 OR BELOW: 0 0.01 INCH OR MORE: 12
MAX 90 OR ABOVE: 0 0.10 INCH OR MORE: 5
MIN 32 OR BELOW: 0 0.50 INCH OR MORE: 1
MIN 0 OR BELOW: 0 1.00 INCH OR MORE: 1
[HDD (BASE 65) ]
TOTAL THIS MO. 0 CLEAR (SCALE 0-3) 9
DPTR FM NORMAL 0 PTCLDY (SCALE 4-7) 19
TOTAL FM JUL 1 0 CLOUDY (SCALE 8-10) 3
DPTR FM NORMAL 0
[CDD (BASE 65) ]
TOTAL THIS MO. 272
DPTR FM NORMAL 30 [PRESSURE DATA]
TOTAL FM JAN 1 272 HIGHEST SLP 30.22 ON 2
DPTR FM NORMAL 30 LOWEST SLP 29.70 ON 16
[REMARKS]
#FINAL-01-24#