000
CXHW50 PHFO 011250
CF6JRF
PRELIMINARY LOCAL CLIMATOLOGICAL DATA (WS FORM: F-6)
STATION: KALAELOA ARPT/OAHU HI
MONTH: SEPTEMBER
YEAR: 2020
LATITUDE: 21 19 N
LONGITUDE: 158 4 W
TEMPERATURE IN F: :PCPN: SNOW: WIND :SUNSHINE: SKY :PK WND
================================================================================
1 2 3 4 5 6A 6B 7 8 9 10 11 12 13 14 15 16 17 18
12Z AVG MX 2MIN
DY MAX MIN AVG DEP HDD CDD WTR SNW DPTH SPD SPD DIR MIN PSBL S-S WX SPD DR
================================================================================
1 91 75 83 3 0 18 M 0.0 M 7.5 16 80 M M M 25 60
2 91 72 82 2 0 17 M 0.0 M 6.5 14 120 M M M 22 130
3 89 71 80 0 0 15 M 0.0 M 6.5 17 120 M M M 26 120
4 88 75 82 2 0 17 M 0.0 M 6.0 15 130 M M M 24 150
5 91 73 82 2 0 17 M 0.0 M 6.7 16 110 M M M 23 120
6 90 71 81 1 0 16 M 0.0 M 5.9 13 60 M M M 21 70
7 88 74 81 1 0 16 M 0.0 M 6.4 16 120 M M M 23 120
8 91 76 84 4 0 19 M 0.0 M 6.3 14 50 M M M 23 90
9 91 75 83 3 0 18 M 0.0 M 6.1 14 80 M M M 22 30
10 92 73 83 3 0 18 M 0.0 M 6.5 14 70 M M M 23 50
11 93 73 83 3 0 18 0.00 0.0 M 6.3 14 90 M M M 22 80
12 M M M M M M M M M M M M M M M M M
13 87 72 80 0 0 15 0.00 0.0 M 6.5 16 150 M M M 19 130
14 88 68 78 -2 0 13 0.00 0.0 M 6.0 16 120 M M M 21 120
15 88 72 80 0 0 15 T 0.0 M 6.5 18 310 M M M 23 310
16 88 72 80 0 0 15 0.00 0.0 M 6.2 17 120 M M M 24 110
17 90 70 80 0 0 15 0.00 0.0 M 6.0 17 120 M M M 26 120
18 92 69 81 1 0 16 0.00 0.0 M 6.7 14 80 M M M 23 80
19 90 77 84 4 0 19 0.00 0.0 M 7.1 16 70 M M M 28 80
20 90 74 82 2 0 17 T 0.0 M 6.1 14 80 M M M 20 60
21 90 73 82 2 0 17 T 0.0 M 6.5 14 60 M M M 1 23 30
22 91 74 83 3 0 18 0.00 0.0 M 5.9 13 70 M M M 21 80
23 91 71 81 1 0 16 T 0.0 M 6.9 14 50 M M M 22 60
24 92 77 85 5 0 20 T 0.0 M 7.3 15 50 M M M 26 40
25 91 71 81 1 0 16 T 0.0 M 6.0 14 60 M M M 22 100
26 89 71 80 0 0 15 T 0.0 M 5.8 15 120 M M M 24 150
27 89 70 80 0 0 15 0.00 0.0 M 6.0 16 130 M M M 22 120
28 88 73 81 1 0 16 T 0.0 M 6.1 15 150 M M M 18 150
29 88 71 80 0 0 15 0.00 0.0 M 5.9 15 160 M M M 17 150
30 87 67 77 -3 0 12 0.00 0.0 M 5.4 12 220 M M M 14 220
================================================================================
SM 2604 2100 0 474 T 0.0 183.6 M M
================================================================================
AV 89.8 72.4 6.3 FASTST M M 0 MAX(MPH)
MISC ----> # 18 310 # 28 80
================================================================================
NOTES:
# LAST OF SEVERAL OCCURRENCES
COLUMN 17 PEAK WIND IN M.P.H.
PRELIMINARY LOCAL CLIMATOLOGICAL DATA (WS FORM: F-6) , PAGE 2
STATION: KALAELOA ARPT/OAHU HI
MONTH: SEPTEMBER
YEAR: 2020
LATITUDE: 21 19 N
LONGITUDE: 158 4 W
[TEMPERATURE DATA] [PRECIPITATION DATA] SYMBOLS USED IN COLUMN 16
AVERAGE MONTHLY: 81.1 TOTAL FOR MONTH: T 1 = FOG OR MIST
DPTR FM NORMAL: 1.0 DPTR FM NORMAL: -0.79 2 = FOG REDUCING VISIBILITY
HIGHEST: 93 ON 11 GRTST 24HR T ON 28-28 TO 1/4 MILE OR LESS
LOWEST: 67 ON 30 3 = THUNDER
SNOW, ICE PELLETS, HAIL 4 = ICE PELLETS
TOTAL MONTH: 0.0 INCH 5 = HAIL
GRTST 24HR 0.0 6 = FREEZING RAIN OR DRIZZLE
GRTST DEPTH: M ON M 7 = DUSTSTORM OR SANDSTORM:
VSBY 1/2 MILE OR LESS
8 = SMOKE OR HAZE
[NO. OF DAYS WITH] [WEATHER - DAYS WITH] 9 = BLOWING SNOW
X = TORNADO
MAX 32 OR BELOW: 0 0.01 INCH OR MORE: 0
MAX 90 OR ABOVE: 17 0.10 INCH OR MORE: 0
MIN 32 OR BELOW: 0 0.50 INCH OR MORE: 0
MIN 0 OR BELOW: 0 1.00 INCH OR MORE: 0
[HDD (BASE 65) ]
TOTAL THIS MO. 0 CLEAR (SCALE 0-3) 0
DPTR FM NORMAL 0 PTCLDY (SCALE 4-7) 0
TOTAL FM JUL 1 0 CLOUDY (SCALE 8-10) 0
DPTR FM NORMAL 0
[CDD (BASE 65) ]
TOTAL THIS MO. 474
DPTR FM NORMAL 22 [PRESSURE DATA]
TOTAL FM JAN 1 1749 HIGHEST SLP M ON M
DPTR FM NORMAL -1455 LOWEST SLP 29.88 ON 29
[REMARKS]
#FINAL-09-20#