000
CXUS54 KFWD 010730
CF6JWY
PRELIMINARY LOCAL CLIMATOLOGICAL DATA (WS FORM: F-6)
STATION: WAXAHACHIE
MONTH: SEPTEMBER
YEAR: 2020
LATITUDE: 32 27 N
LONGITUDE: 96 54 W
TEMPERATURE IN F: :PCPN: SNOW: WIND :SUNSHINE: SKY :PK WND
================================================================================
1 2 3 4 5 6A 6B 7 8 9 10 11 12 13 14 15 16 17 18
12Z AVG MX 2MIN
DY MAX MIN AVG DEP HDD CDD WTR SNW DPTH SPD SPD DIR MIN PSBL S-S WX SPD DR
================================================================================
1 98 71 85 4 0 20 1.47 0.0 0 12.0 21 190 M M 8 32 330
2 75 70 73 -8 0 8 0.65 0.0 0 3.8 13 200 M M 7 M M
3 82 71 77 -4 0 12 0.08 0.0 0 2.8 9 150 M M 6 1 M M
4 83 71 77 -4 0 12 0.03 0.0 0 0.6 6 170 M M 6 M M
5 89 71 80 0 0 15 0.01 0.0 0 1.7 13 170 M M 3 1 21 170
6 90 70 80 0 0 15 0.00 0.0 0 2.3 6 160 M M 4 12 M M
7 93 71 82 2 0 17 0.00 0.0 0 6.2 14 190 M M 1 21 200
8 92 73 83 4 0 18 0.00 0.0 0 7.7 14 150 M M 3 1 21 150
9 85 57 71 -8 0 6 1.57 0.0 0 4.0 13 290 M M 8 18 290
10 67 55 61 -18 4 0 0.02 0.0 0 9.5 15 310 M M 10 21 300
11 78 64 71 -7 0 6 0.00 0.0 0 4.8 9 330 M M 7 M M
12 87 66 77 -1 0 12 0.00 0.0 0 1.7 7 350 M M 2 M M
13 88 69 79 1 0 14 0.00 0.0 0 5.1 10 360 M M 1 17 20
14 88 69 79 2 0 14 0.00 0.0 0 5.8 8 20 M M 5 24 350
15 88 72 80 3 0 15 0.00 0.0 0 4.4 8 10 M M 6 M M
16 88 69 79 2 0 14 0.00 0.0 0 3.1 10 350 M M 2 17 350
17 87 70 79 3 0 14 0.23 0.0 0 3.6 9 350 M M 5 M M
18 85 64 75 -1 0 10 0.00 0.0 0 4.6 9 30 M M 3 M M
19 80 61 71 -5 0 6 0.00 0.0 0 4.5 10 50 M M 0 M M
20 81 58 70 -5 0 5 0.00 0.0 0 5.5 10 20 M M 2 9 50
21 72 65 69 -6 0 4 0.31 0.0 0 7.1 10 60 M M 10 M M
22 69 65 67 -7 0 2 0.16 0.0 0 5.3 7 50 M M 10 1 M M
23 73 64 69 -5 0 4 0.00 0.0 0 6.5 13 350 M M 10 1 17 350
24 75 59 67 -7 0 2 0.00 0.0 0 3.9 10 10 M M 6 M M
25 83 56 70 -3 0 5 0.00 0.0 0 2.8 10 200 M M 1 1 M M
26 87 61 74 1 0 9 0.00 0.0 0 6.8 14 180 M M 3 12 21 190
27 89 65 77 4 0 12 0.00 0.0 0 11.0 20 190 M M 7 30 180
28 77 54 66 -6 0 1 0.00 0.0 0 12.4 28 350 M M 4 38 350
29 81 50 66 -6 0 1 0.00 0.0 0 6.0 13 290 M M 0 24 320
30 90 55 73 1 0 8 0.00 0.0 0 4.0 10 220 M M 0 M M
================================================================================
SM 2500 1936 4 281 4.53 0.0 159.5 M 140
================================================================================
AV 83.3 64.5 5.3 FASTST M M 5 MAX(MPH)
MISC ----> # 28 350 # 38 350
================================================================================
NOTES:
# LAST OF SEVERAL OCCURRENCES
COLUMN 17 PEAK WIND IN M.P.H.
PRELIMINARY LOCAL CLIMATOLOGICAL DATA (WS FORM: F-6) , PAGE 2
STATION: WAXAHACHIE
MONTH: SEPTEMBER
YEAR: 2020
LATITUDE: 32 27 N
LONGITUDE: 96 54 W
[TEMPERATURE DATA] [PRECIPITATION DATA] SYMBOLS USED IN COLUMN 16
AVERAGE MONTHLY: 73.9 TOTAL FOR MONTH: 4.53 1 = FOG OR MIST
DPTR FM NORMAL: -2.8 DPTR FM NORMAL: 1.48 2 = FOG REDUCING VISIBILITY
HIGHEST: 98 ON 1 GRTST 24HR 1.57 ON 9- 9 TO 1/4 MILE OR LESS
LOWEST: 50 ON 29 3 = THUNDER
SNOW, ICE PELLETS, HAIL 4 = ICE PELLETS
TOTAL MONTH: 0.0 INCH 5 = HAIL
GRTST 24HR 0.0 6 = FREEZING RAIN OR DRIZZLE
GRTST DEPTH: 0 7 = DUSTSTORM OR SANDSTORM:
VSBY 1/2 MILE OR LESS
8 = SMOKE OR HAZE
[NO. OF DAYS WITH] [WEATHER - DAYS WITH] 9 = BLOWING SNOW
X = TORNADO
MAX 32 OR BELOW: 0 0.01 INCH OR MORE: 10
MAX 90 OR ABOVE: 5 0.10 INCH OR MORE: 6
MIN 32 OR BELOW: 0 0.50 INCH OR MORE: 3
MIN 0 OR BELOW: 0 1.00 INCH OR MORE: 2
[HDD (BASE 65) ]
TOTAL THIS MO. 4 CLEAR (SCALE 0-3) 13
DPTR FM NORMAL -3 PTCLDY (SCALE 4-7) 13
TOTAL FM JUL 1 4 CLOUDY (SCALE 8-10) 4
DPTR FM NORMAL -3
[CDD (BASE 65) ]
TOTAL THIS MO. 281
DPTR FM NORMAL -77 [PRESSURE DATA]
TOTAL FM JAN 1 2350 HIGHEST SLP M ON M
DPTR FM NORMAL 55 LOWEST SLP M ON M
[REMARKS]
#FINAL-09-20#