000
CXHW53 PHFO 011250
CF6KOA
PRELIMINARY LOCAL CLIMATOLOGICAL DATA (WS FORM: F-6)
STATION: KONA HI
MONTH: SEPTEMBER
YEAR: 2020
LATITUDE: 19 38 N
LONGITUDE: 156 0 W
TEMPERATURE IN F: :PCPN: SNOW: WIND :SUNSHINE: SKY :PK WND
================================================================================
1 2 3 4 5 6A 6B 7 8 9 10 11 12 13 14 15 16 17 18
12Z AVG MX 2MIN
DY MAX MIN AVG DEP HDD CDD WTR SNW DPTH SPD SPD DIR MIN PSBL S-S WX SPD DR
================================================================================
1 90 80 85 4 0 20 0.00 0.0 M 8.3 21 50 M M M 28 60
2 89 76 83 2 0 18 0.03 0.0 M 10.1 20 60 M M M 24 60
3 88 74 81 0 0 16 T 0.0 M 8.1 15 50 M M M 18 40
4 89 77 83 2 0 18 0.00 0.0 M 7.3 13 230 M M M 18 200
5 89 78 84 3 0 19 0.03 0.0 M 11.1 20 200 M M M 22 210
6 89 79 84 3 0 19 0.00 0.0 M 6.6 15 200 M M M 19 170
7 89 77 83 2 0 18 0.00 0.0 M 6.9 14 200 M M M 18 190
8 90 80 85 4 0 20 0.00 0.0 M 7.5 14 210 M M M 17 210
9 90 78 84 3 0 19 T 0.0 M 8.1 20 10 M M M 25 340
10 90 80 85 4 0 20 0.00 0.0 M 9.7 22 20 M M M 26 20
11 91 79 85 4 0 20 0.00 0.0 M 9.1 21 30 M M M 27 30
12 M M M M M M M M M M M M M M M M M
13 87 75 81 0 0 16 0.03 0.0 M 7.6 17 180 M M M 20 180
14 89 77 83 2 0 18 0.00 0.0 M 6.3 12 210 M M M 15 130
15 91 79 85 4 0 20 T 0.0 M 7.5 15 210 M M M 18 210
16 89 78 84 3 0 19 0.00 0.0 M 7.2 15 190 M M M 18 180
17 89 76 83 2 0 18 0.00 0.0 M 6.9 16 190 M M M 20 180
18 90 79 85 4 0 20 0.00 0.0 M 10.9 24 40 M M M 30 40
19 89 78 84 3 0 19 0.00 0.0 M 7.0 14 210 M M M 17 210
20 89 77 83 2 0 18 0.00 0.0 M 6.3 15 190 M M M 19 170
21 89 78 84 3 0 19 0.01 0.0 M 8.3 17 30 M M M 21 30
22 90 76 83 2 0 18 0.00 0.0 M 7.8 14 160 M M M 17 160
23 89 78 84 3 0 19 T 0.0 M 6.8 16 200 M M M 19 170
24 89 79 84 3 0 19 0.00 0.0 M 9.0 20 120 M M M 24 130
25 89 78 84 3 0 19 0.00 0.0 M 8.3 15 140 M M M 21 130
26 90 76 83 2 0 18 0.32 0.0 M 6.7 15 210 M M M 19 190
27 87 76 82 2 0 17 0.00 0.0 M 5.9 12 250 M M M 14 230
28 88 76 82 2 0 17 0.00 0.0 M 6.1 13 240 M M M 15 240
29 92 75 84 4 0 19 0.00 0.0 M 10.4 26 350 M M M 32 350
30 89 78 84 4 0 19 0.00 0.0 M 8.9 16 320 M M M 20 10
================================================================================
SM 2589 2247 0 539 0.42 0.0 230.7 M M
================================================================================
AV 89.3 77.5 8.0 FASTST M M 0 MAX(MPH)
MISC ----> # 26 350 # 32 350
================================================================================
NOTES:
# LAST OF SEVERAL OCCURRENCES
COLUMN 17 PEAK WIND IN M.P.H.
PRELIMINARY LOCAL CLIMATOLOGICAL DATA (WS FORM: F-6) , PAGE 2
STATION: KONA HI
MONTH: SEPTEMBER
YEAR: 2020
LATITUDE: 19 38 N
LONGITUDE: 156 0 W
[TEMPERATURE DATA] [PRECIPITATION DATA] SYMBOLS USED IN COLUMN 16
AVERAGE MONTHLY: 83.4 TOTAL FOR MONTH: 0.42 1 = FOG OR MIST
DPTR FM NORMAL: 2.7 DPTR FM NORMAL: -0.42 2 = FOG REDUCING VISIBILITY
HIGHEST: 92 ON 29 GRTST 24HR 0.32 ON 26-26 TO 1/4 MILE OR LESS
LOWEST: 74 ON 3 3 = THUNDER
SNOW, ICE PELLETS, HAIL 4 = ICE PELLETS
TOTAL MONTH: 0.0 INCH 5 = HAIL
GRTST 24HR 0.0 6 = FREEZING RAIN OR DRIZZLE
GRTST DEPTH: M ON M 7 = DUSTSTORM OR SANDSTORM:
VSBY 1/2 MILE OR LESS
8 = SMOKE OR HAZE
[NO. OF DAYS WITH] [WEATHER - DAYS WITH] 9 = BLOWING SNOW
X = TORNADO
MAX 32 OR BELOW: 0 0.01 INCH OR MORE: 5
MAX 90 OR ABOVE: 10 0.10 INCH OR MORE: 1
MIN 32 OR BELOW: 0 0.50 INCH OR MORE: 0
MIN 0 OR BELOW: 0 1.00 INCH OR MORE: 0
[HDD (BASE 65) ]
TOTAL THIS MO. 0 CLEAR (SCALE 0-3) 0
DPTR FM NORMAL 0 PTCLDY (SCALE 4-7) 0
TOTAL FM JUL 1 0 CLOUDY (SCALE 8-10) 0
DPTR FM NORMAL 0
[CDD (BASE 65) ]
TOTAL THIS MO. 539
DPTR FM NORMAL 68 [PRESSURE DATA]
TOTAL FM JAN 1 3742 HIGHEST SLP 30.06 ON 24
DPTR FM NORMAL 216 LOWEST SLP 29.81 ON 29
[REMARKS]
#FINAL-09-20#