000
CXHW53 PHFO 011250
CF6KOA
PRELIMINARY LOCAL CLIMATOLOGICAL DATA (WS FORM: F-6)
STATION: KONA HI
MONTH: AUGUST
YEAR: 2023
LATITUDE: 19 38 N
LONGITUDE: 156 0 W
TEMPERATURE IN F: :PCPN: SNOW: WIND :SUNSHINE: SKY :PK WND
================================================================================
1 2 3 4 5 6A 6B 7 8 9 10 11 12 13 14 15 16 17 18
12Z AVG MX 2MIN
DY MAX MIN AVG DEP HDD CDD WTR SNW DPTH SPD SPD DIR MIN PSBL S-S WX SPD DR
================================================================================
1 87 79 83 2 0 18 0.00 M M 7.9 13 190 M M 6 18 220
2 86 75 81 0 0 16 0.01 M M 7.6 15 190 M M 5 19 200
3 86 76 81 0 0 16 0.00 M M 8.1 22 60 M M 5 28 50
4 87 73 80 -1 0 15 0.00 M M 9.4 24 50 M M 2 31 40
5 87 75 81 0 0 16 0.00 M M 8.3 15 150 M M 4 21 140
6 86 76 81 -1 0 16 0.00 M M 7.7 18 80 M M 3 25 80
7 88 76 82 0 0 17 0.00 M M 8.3 15 170 M M 1 19 180
8 90 78 84 2 0 19 0.00 M M 10.5 18 180 M M 3 8 22 180
9 88 76 82 0 0 17 0.00 M M 8.4 17 200 M M 5 21 190
10 85 76 81 -1 0 16 T M M 8.0 15 110 M M 6 18 120
11 87 75 81 -1 0 16 T M M 8.0 15 210 M M 5 20 190
12 87 75 81 -1 0 16 0.00 M M 9.2 17 50 M M 6 21 50
13 87 73 80 -2 0 15 0.00 M M 9.5 18 160 M M 2 23 150
14 87 74 81 -1 0 16 0.00 M M 8.1 16 200 M M 3 20 190
15 87 75 81 -1 0 16 0.00 M M 7.7 14 130 M M 5 18 110
16 87 76 82 0 0 17 0.00 M M 7.8 18 40 M M 3 22 40
17 88 76 82 0 0 17 0.00 M M 7.8 18 10 M M 3 22 40
18 89 78 84 2 0 19 0.00 M M 11.3 21 40 M M 3 27 10
19 87 77 82 0 0 17 0.00 M M 9.9 18 20 M M 3 22 50
20 89 77 83 1 0 18 0.00 M M 8.4 15 10 M M 5 20 20
21 87 75 81 -1 0 16 T M M 7.2 14 310 M M 4 16 240
22 88 77 83 1 0 18 0.01 M M 9.6 22 40 M M 5 25 40
23 88 76 82 0 0 17 0.00 M M 9.5 23 30 M M 3 28 30
24 87 76 82 0 0 17 T M M 8.8 16 160 M M 4 20 120
25 85 73 79 -3 0 14 0.00 M M 7.3 15 150 M M 3 20 210
26 85 74 80 -2 0 15 T M M 6.8 14 200 M M 6 17 200
27 85 74 80 -2 0 15 T M M 9.2 17 150 M M 6 20 150
28 87 72 80 -1 0 15 0.00 M M 8.2 16 300 M M 5 19 300
29 88 77 83 2 0 18 T M M 7.0 15 210 M M 7 20 340
30 88 75 82 1 0 17 0.00 M M 7.8 20 30 M M 2 25 60
31 88 75 82 1 0 17 0.00 M M 8.7 18 360 M M 5 21 360
================================================================================
SM 2701 2340 0 512 0.02 M 262.0 M 128
================================================================================
AV 87.1 75.5 8.5 FASTST M M 4 MAX(MPH)
MISC ----> 24 50 31 40
================================================================================
NOTES:
# LAST OF SEVERAL OCCURRENCES
COLUMN 17 PEAK WIND IN M.P.H.
PRELIMINARY LOCAL CLIMATOLOGICAL DATA (WS FORM: F-6) , PAGE 2
STATION: KONA HI
MONTH: AUGUST
YEAR: 2023
LATITUDE: 19 38 N
LONGITUDE: 156 0 W
[TEMPERATURE DATA] [PRECIPITATION DATA] SYMBOLS USED IN COLUMN 16
AVERAGE MONTHLY: 81.3 TOTAL FOR MONTH: 0.02 1 = FOG OR MIST
DPTR FM NORMAL: -0.2 DPTR FM NORMAL: -0.52 2 = FOG REDUCING VISIBILITY
HIGHEST: 90 ON 8 GRTST 24HR 0.01 ON 2- 2 TO 1/4 MILE OR LESS
LOWEST: 72 ON 28 3 = THUNDER
SNOW, ICE PELLETS, HAIL 4 = ICE PELLETS
TOTAL MONTH: M 5 = HAIL
GRTST 24HR M ON M 6 = FREEZING RAIN OR DRIZZLE
GRTST DEPTH: M ON M 7 = DUSTSTORM OR SANDSTORM:
VSBY 1/2 MILE OR LESS
8 = SMOKE OR HAZE
[NO. OF DAYS WITH] [WEATHER - DAYS WITH] 9 = BLOWING SNOW
X = TORNADO
MAX 32 OR BELOW: 0 0.01 INCH OR MORE: 2
MAX 90 OR ABOVE: 1 0.10 INCH OR MORE: 0
MIN 32 OR BELOW: 0 0.50 INCH OR MORE: 0
MIN 0 OR BELOW: 0 1.00 INCH OR MORE: 0
[HDD (BASE 65) ]
TOTAL THIS MO. 0 CLEAR (SCALE 0-3) 6
DPTR FM NORMAL 0 PTCLDY (SCALE 4-7) 25
TOTAL FM JUL 1 0 CLOUDY (SCALE 8-10) 0
DPTR FM NORMAL 0
[CDD (BASE 65) ]
TOTAL THIS MO. 512
DPTR FM NORMAL 0 [PRESSURE DATA]
TOTAL FM JAN 1 3324 HIGHEST SLP 30.11 ON 1
DPTR FM NORMAL 189 LOWEST SLP 29.85 ON 27
[REMARKS]
#FINAL-08-23#