000
CXUS55 KPUB 011210
CF6LAA
PRELIMINARY LOCAL CLIMATOLOGICAL DATA (WS FORM: F-6)
STATION: LAMAR CO
MONTH: MARCH
YEAR: 2022
LATITUDE: 38 4 N
LONGITUDE: 102 41 W
TEMPERATURE IN F: :PCPN: SNOW: WIND :SUNSHINE: SKY :PK WND
================================================================================
1 2 3 4 5 6A 6B 7 8 9 10 11 12 13 14 15 16 17 18
12Z AVG MX 2MIN
DY MAX MIN AVG DEP HDD CDD WTR SNW DPTH SPD SPD DIR MIN PSBL S-S WX SPD DR
================================================================================
1 74 16 45 7 20 0 0.00 M M 6.3 16 150 M M 0 18 150
2 79 21 50 11 15 0 0.00 M M 7.1 18 270 M M 0 23 250
3 83 22 53 14 12 0 0.00 M M 8.7 24 190 M M 0 33 170
4 75 31 53 13 12 0 T M M 5.9 28 270 M M 2 36 310
5 50 21 36 -4 29 0 0.00 M M 11.6 22 20 M M 1 29 360
6 30 12 21 -20 44 0 T M M 7.8 18 360 M M 6 18 24 340
7 35 5 20 -21 45 0 0.00 M M 4.2 12 340 M M 2 15 340
8 46 10 28 -13 37 0 T M M 4.2 18 360 M M 4 1 27 350
9 29 10 20 -22 45 0 0.04 M M 14.3 25 40 M M 8 1 34 50
10 18 5 12 -30 53 0 0.03 M M 6.6 13 30 M M 9 18 17 40
11 36 1 19 -24 46 0 0.00 M M 4.8 12 270 M M 1 17 270
12 64 11 38 -5 27 0 0.00 M M 7.2 16 190 M M 0 19 270
13 75 24 50 6 15 0 0.00 M M 8.8 32 360 M M 0 47 340
14 60 23 42 -2 23 0 T M M 18.4 35 350 M M 3 48 360
15 75 17 46 2 19 0 0.00 M M 7.9 23 170 M M 0 32 170
16 68 34 51 6 14 0 0.00 M M 9.0 18 10 M M 0 24 360
17 44 31 38 -7 27 0 0.14 M M 12.6 36 20 M M 7 12 49 10
18 56 25 41 -4 24 0 0.00 M M 9.2 20 350 M M 2 35 310
19 65 23 44 -2 21 0 0.00 M M 8.6 18 230 M M 0 30 240
20 78 32 55 9 10 0 0.00 M M 12.9 33 210 M M 1 8 44 210
21 64 33 49 3 16 0 0.39 M M 18.8 39 190 M M 9 1238 54 200
22 48 29 39 -8 26 0 0.00 M M 17.0 29 340 M M 3 37 350
23 51 28 40 -7 25 0 0.00 M M 16.1 36 10 M M 1 51 10
24 72 23 48 0 17 0 0.00 M M 9.7 25 10 M M 0 36 360
25 59 34 47 -1 18 0 0.00 M M 7.7 20 40 M M 0 28 60
26 84 30 57 9 8 0 0.00 M M 7.7 16 100 M M 0 24 230
27 63 36 50 2 15 0 0.00 M M 11.0 20 120 M M 0 25 80
28 83 29 56 7 9 0 0.00 M M 7.0 22 120 M M 0 30 130
29 70 32 51 2 14 0 0.06 M M 16.1 36 360 M M 4 1 52 360
30 52 30 41 -8 24 0 T M M 17.6 30 360 M M 6 44 10
31 65 22 44 -5 21 0 0.00 M M 7.7 17 160 M M 0 24 160
================================================================================
SM 1851 700 731 0 0.66 M 312.5 M 69
================================================================================
AV 59.7 22.6 10.1 FASTST M M 2 MAX(MPH)
MISC ----> 39 190 54 200
================================================================================
NOTES:
# LAST OF SEVERAL OCCURRENCES
COLUMN 17 PEAK WIND IN M.P.H.
PRELIMINARY LOCAL CLIMATOLOGICAL DATA (WS FORM: F-6) , PAGE 2
STATION: LAMAR CO
MONTH: MARCH
YEAR: 2022
LATITUDE: 38 4 N
LONGITUDE: 102 41 W
[TEMPERATURE DATA] [PRECIPITATION DATA] SYMBOLS USED IN COLUMN 16
AVERAGE MONTHLY: 41.1 TOTAL FOR MONTH: 0.66 1 = FOG OR MIST
DPTR FM NORMAL: -3.3 DPTR FM NORMAL: 0.07 2 = FOG REDUCING VISIBILITY
HIGHEST: 84 ON 26 GRTST 24HR 0.39 ON 21-21 TO 1/4 MILE OR LESS
LOWEST: 1 ON 11 3 = THUNDER
SNOW, ICE PELLETS, HAIL 4 = ICE PELLETS
TOTAL MONTH: M 5 = HAIL
GRTST 24HR M ON M 6 = FREEZING RAIN OR DRIZZLE
GRTST DEPTH: M ON M 7 = DUSTSTORM OR SANDSTORM:
VSBY 1/2 MILE OR LESS
8 = SMOKE OR HAZE
[NO. OF DAYS WITH] [WEATHER - DAYS WITH] 9 = BLOWING SNOW
X = TORNADO
MAX 32 OR BELOW: 3 0.01 INCH OR MORE: 5
MAX 90 OR ABOVE: 0 0.10 INCH OR MORE: 2
MIN 32 OR BELOW: 27 0.50 INCH OR MORE: 0
MIN 0 OR BELOW: 0 1.00 INCH OR MORE: 0
[HDD (BASE 65) ]
TOTAL THIS MO. 731 CLEAR (SCALE 0-3) 23
DPTR FM NORMAL 92 PTCLDY (SCALE 4-7) 6
TOTAL FM JUL 1 4478 CLOUDY (SCALE 8-10) 2
DPTR FM NORMAL -283
[CDD (BASE 65) ]
TOTAL THIS MO. 0
DPTR FM NORMAL -1 [PRESSURE DATA]
TOTAL FM JAN 1 0 HIGHEST SLP 30.45 ON 7
DPTR FM NORMAL -1 LOWEST SLP 29.29 ON 29
[REMARKS]
#FINAL-03-22#