000
CXUS52 KTBW 011136
CF6LAL
PRELIMINARY LOCAL CLIMATOLOGICAL DATA (WS FORM: F-6)
STATION: Lakeland Linder
MONTH: JUNE
YEAR: 2020
LATITUDE: 28 0 N
LONGITUDE: 82 3 W
TEMPERATURE IN F: :PCPN: SNOW: WIND :SUNSHINE: SKY :PK WND
================================================================================
1 2 3 4 5 6A 6B 7 8 9 10 11 12 13 14 15 16 17 18
12Z AVG MX 2MIN
DY MAX MIN AVG DEP HDD CDD WTR SNW DPTH SPD SPD DIR MIN PSBL S-S WX SPD DR
================================================================================
1 94 75 85 4 0 20 0.02 0.0 0 8.4 16 90 M M 2 25 70
2 90 75 83 2 0 18 0.00 0.0 0 11.0 20 100 M M 7 29 90
3 85 76 81 -1 0 16 0.00 0.0 0 5.3 12 80 M M 9 M M
4 82 73 78 -4 0 13 1.53 0.0 0 3.5 18 230 M M 8 3 22 230
5 88 72 80 -2 0 15 0.08 0.0 0 4.2 17 150 M M 5 35 150
6 86 72 79 -3 0 14 1.00 0.0 0 7.0 21 240 M M 8 3 32 240
7 89 73 81 -1 0 16 0.64 0.0 0 8.8 16 210 M M 8 23 220
8 91 78 85 3 0 20 0.53 0.0 0 5.5 12 200 M M 6 13 18 200
9 91 74 83 1 0 18 1.97 0.0 0 2.3 12 350 M M 3 1 22 350
10 93 75 84 2 0 19 0.02 0.0 0 4.8 17 270 M M 2 27 270
11 93 72 83 1 0 18 0.15 0.0 0 3.9 14 70 M M 2 M M
12 90 72 81 -1 0 16 0.08 0.0 0 5.7 13 100 M M 3 3 20 100
13 88 75 82 0 0 17 0.07 0.0 0 5.3 22 60 M M 4 29 60
14 90 72 81 -1 0 16 0.03 0.0 0 5.5 18 90 M M 3 M 99
15 90 73 82 -1 0 17 0.00 0.0 0 7.1 12 360 M M 2 17 30
16 90 68 79 -4 0 14 0.00 0.0 0 3.9 12 120 M M 4 M M
17 89 70 80 -3 0 15 0.00 0.0 0 4.2 8 300 M M 3 M M
18 91 73 82 -1 0 17 0.00 0.0 0 2.2 17 130 M M 4 M M
19 91 75 83 0 0 18 0.00 0.0 0 3.6 14 140 M M 4 23 140
20 94 74 84 1 0 19 0.00 0.0 0 2.6 10 250 M M 3 8 17 250
21 96 73 85 2 0 20 0.00 0.0 0 3.0 9 230 M M 2 M M
22 96 73 85 2 0 20 0.00 0.0 0 2.4 12 240 M M 3 3 M M
23 97 74 86 3 0 21 0.00 0.0 0 3.9 12 360 M M 2 3 M M
24 97 76 87 4 0 22 0.00 0.0 0 3.2 8 250 M M 2 M M
25 97 77 87 4 0 22 0.00 0.0 0 2.3 24 20 M M 3 38 20
26 95 73 84 1 0 19 0.70 0.0 0 3.8 8 110 M M 1 3 M M
27 96 76 86 3 0 21 0.00 0.0 0 2.7 8 90 M M 1 M M
28 96 77 87 4 0 22 0.00 0.0 0 1.7 5 250 M M 2 M M
29 96 76 86 3 0 21 0.00 0.0 0 3.2 10 150 M M 3 3 22 150
30 96 77 87 4 0 22 0.00 0.0 0 5.5 14 280 M M 3 21 290
================================================================================
SM 2757 2219 0 546 6.82 0.0 136.5 M 112
================================================================================
AV 91.9 74.0 4.5 FASTST M M 4 MAX(MPH)
MISC ----> # 24 20 # 38 20
================================================================================
NOTES:
# LAST OF SEVERAL OCCURRENCES
COLUMN 17 PEAK WIND IN M.P.H.
PRELIMINARY LOCAL CLIMATOLOGICAL DATA (WS FORM: F-6) , PAGE 2
STATION: Lakeland Linder
MONTH: JUNE
YEAR: 2020
LATITUDE: 28 0 N
LONGITUDE: 82 3 W
[TEMPERATURE DATA] [PRECIPITATION DATA] SYMBOLS USED IN COLUMN 16
AVERAGE MONTHLY: 82.9 TOTAL FOR MONTH: 6.82 1 = FOG OR MIST
DPTR FM NORMAL: 2.1 DPTR FM NORMAL: -1.20 2 = FOG REDUCING VISIBILITY
HIGHEST: 97 ON 25,24 GRTST 24HR 1.97 ON 9- 9 TO 1/4 MILE OR LESS
LOWEST: 68 ON 16 3 = THUNDER
SNOW, ICE PELLETS, HAIL 4 = ICE PELLETS
TOTAL MONTH: 0.0 INCH 5 = HAIL
GRTST 24HR 0.0 6 = FREEZING RAIN OR DRIZZLE
GRTST DEPTH: 0 7 = DUSTSTORM OR SANDSTORM:
VSBY 1/2 MILE OR LESS
8 = SMOKE OR HAZE
[NO. OF DAYS WITH] [WEATHER - DAYS WITH] 9 = BLOWING SNOW
X = TORNADO
MAX 32 OR BELOW: 0 0.01 INCH OR MORE: 13
MAX 90 OR ABOVE: 23 0.10 INCH OR MORE: 7
MIN 32 OR BELOW: 0 0.50 INCH OR MORE: 6
MIN 0 OR BELOW: 0 1.00 INCH OR MORE: 3
[HDD (BASE 65) ]
TOTAL THIS MO. 0 CLEAR (SCALE 0-3) 15
DPTR FM NORMAL 0 PTCLDY (SCALE 4-7) 13
TOTAL FM JUL 1 290 CLOUDY (SCALE 8-10) 2
DPTR FM NORMAL -155
[CDD (BASE 65) ]
TOTAL THIS MO. 546
DPTR FM NORMAL 23 [PRESSURE DATA]
TOTAL FM JAN 1 1858 HIGHEST SLP M ON M
DPTR FM NORMAL 391 LOWEST SLP M ON M
[REMARKS]
#FINAL-06-20#