000
CXUS55 KCYS 021641
CF6LAR
PRELIMINARY LOCAL CLIMATOLOGICAL DATA (WS FORM: F-6)
STATION: LARAMIE WYOMING AIRPORT
MONTH: JANUARY
YEAR: 2024
LATITUDE: 41 18 N
LONGITUDE: 105 40 W
TEMPERATURE IN F: :PCPN: SNOW: WIND :SUNSHINE: SKY :PK WND
================================================================================
1 2 3 4 5 6A 6B 7 8 9 10 11 12 13 14 15 16 17 18
12Z AVG MX 2MIN
DY MAX MIN AVG DEP HDD CDD WTR SNW DPTH SPD SPD DIR MIN PSBL S-S WX SPD DR
================================================================================
1 45 15 30 9 35 0 0.00 M M 6.2 10 150 M M 3 12 350
2 45 4 25 4 40 0 0.00 M M 7.1 16 230 M M 0 23 230
3 41 12 27 6 38 0 0.00 M M 11.1 17 160 M M 0 23 160
4 36 14 25 4 40 0 0.00 M M 6.3 14 320 M M 4 20 340
5 32 10 21 0 44 0 0.01 M M 9.0 29 320 M M 8 8 39 330
6 29 5 17 -4 48 0 0.01 M M 13.4 31 230 M M 2 8 39 230
7 30 16 23 2 42 0 T M M 5.7 24 240 M M 8 8 32 250
8 19 -2 9 -13 56 0 T M M 8.7 20 330 M M 4 8 23 330
9 29 2 16 -6 49 0 T M M 19.0 43 250 M M 2 52 250
10 24 12 18 -4 47 0 T M M 19.6 37 260 M M 3 48 250
11 19 -3 8 -14 57 0 0.03 M M 8.2 24 260 M M 7 8 32 260
12 22 -1 11 -11 54 0 T M M 21.8 38 290 M M 7 8 54 280
13 0 -16 -8 -30 73 0 0.06 M M 7.8 18 330 M M 7 8 25 350
14 26 -1 13 -9 52 0 0.15 M M 12.0 30 150 M M 8 8 38 160
15 25 -28 -1 -23 66 0 0.07 M M 7.4 20 350 M M 6 26 350
16 26 -30 -2 -24 67 0 0.00 M M 13.2 32 240 M M 1 39 230
17 35 21 28 6 37 0 0.00 M M 20.4 41 250 M M 4 8 50 240
18 36 5 21 -1 44 0 T M M 13.4 33 250 M M 6 8 45 260
19 31 2 17 -5 48 0 0.00 M M 4.6 12 150 M M 5 8 12 150
20 49 19 34 12 31 0 0.00 M M 8.2 24 240 M M 2 31 240
21 43 27 35 13 30 0 0.00 M M 11.7 26 260 M M 3 39 250
22 45 25 35 13 30 0 0.00 M M 6.8 16 240 M M 7 19 240
23 46 20 33 11 32 0 0.00 M M 5.9 15 140 M M 5 19 150
24 42 22 32 10 33 0 T M M 5.1 12 230 M M 6 17 240
25 42 16 29 7 36 0 0.00 M M 5.1 14 230 M M 2 18 230
26 36 19 28 6 37 0 0.01 M M 3.2 8 230 M M 7 8 10 340
27 44 14 29 7 36 0 0.00 M M 6.5 18 270 M M 0 23 260
28 51 20 36 14 29 0 0.00 M M 6.0 20 220 M M 0 25 230
29 50 24 37 15 28 0 0.00 M M 3.9 12 360 M M 0 15 360
30 52 18 35 13 30 0 0.00 M M 5.6 13 160 M M 0 16 350
31 56 20 38 16 27 0 0.00 M M 7.8 22 230 M M 0 28 220
================================================================================
SM 1106 281 1316 0 0.34 M 290.7 M 117
================================================================================
AV 35.7 9.1 9.4 FASTST M M 4 MAX(MPH)
MISC ----> 43 250 54 280
================================================================================
NOTES:
# LAST OF SEVERAL OCCURRENCES
COLUMN 17 PEAK WIND IN M.P.H.
PRELIMINARY LOCAL CLIMATOLOGICAL DATA (WS FORM: F-6) , PAGE 2
STATION: LARAMIE WYOMING AIRPORT
MONTH: JANUARY
YEAR: 2024
LATITUDE: 41 18 N
LONGITUDE: 105 40 W
[TEMPERATURE DATA] [PRECIPITATION DATA] SYMBOLS USED IN COLUMN 16
AVERAGE MONTHLY: 22.4 TOTAL FOR MONTH: 0.34 1 = FOG OR MIST
DPTR FM NORMAL: 0.5 DPTR FM NORMAL: 0.06 2 = FOG REDUCING VISIBILITY
HIGHEST: 56 ON 31 GRTST 24HR 0.17 ON 11-11 TO 1/4 MILE OR LESS
LOWEST: -30 ON 16 3 = THUNDER
SNOW, ICE PELLETS, HAIL 4 = ICE PELLETS
TOTAL MONTH: M 5 = HAIL
GRTST 24HR M ON M 6 = FREEZING RAIN OR DRIZZLE
GRTST DEPTH: M ON M 7 = DUSTSTORM OR SANDSTORM:
VSBY 1/2 MILE OR LESS
8 = SMOKE OR HAZE
[NO. OF DAYS WITH] [WEATHER - DAYS WITH] 9 = BLOWING SNOW
X = TORNADO
MAX 32 OR BELOW: 13 0.01 INCH OR MORE: 7
MAX 90 OR ABOVE: 0 0.10 INCH OR MORE: 1
MIN 32 OR BELOW: 31 0.50 INCH OR MORE: 0
MIN 0 OR BELOW: 7 1.00 INCH OR MORE: 0
[HDD (BASE 65) ]
TOTAL THIS MO. 1316 CLEAR (SCALE 0-3) 15
DPTR FM NORMAL -22 PTCLDY (SCALE 4-7) 14
TOTAL FM JUL 1 4274 CLOUDY (SCALE 8-10) 2
DPTR FM NORMAL -646
[CDD (BASE 65) ]
TOTAL THIS MO. 0
DPTR FM NORMAL 0 [PRESSURE DATA]
TOTAL FM JAN 1 0 HIGHEST SLP 30.52 ON 15
DPTR FM NORMAL 0 LOWEST SLP 29.39 ON 11
[REMARKS]
#FINAL-01-24#
PRECIPITATION VALUES ARE FROM COOP BACKUP STATION (LARAMIE 2NW)
JANUARY 13... RECORD LOW MAXIMUM TEMPERATURE TIED: 0F (PREVIOUS IN 2007 AND 2013)
JANUARY 15... RECORD LOW TEMPERATURE: -28F (PREVIOUS: -27F IN 2007)
JANUARY 16... RECORD LOW TEMPERATURE: -30F (PREVIOUS: -28F IN 1957)
JANUARY 28... RECORD HIGH TEMPERATURE TIED: 51F (PREVIOUS IN 1986)
JANUARY 31... RECORD HIGH TEMPEATURE: 56F (PREVIOUS : 55F IN 1954)