000
CXUS55 KVEF 191041
CF6LAS
PRELIMINARY LOCAL CLIMATOLOGICAL DATA (WS FORM: F-6)
STATION: LAS VEGAS NV
MONTH: MAY
YEAR: 2021
LATITUDE: 36 4 N
LONGITUDE: 115 10 W
TEMPERATURE IN F: :PCPN: SNOW: WIND :SUNSHINE: SKY :PK WND
================================================================================
1 2 3 4 5 6A 6B 7 8 9 10 11 12 13 14 15 16 17 18
12Z AVG MX 2MIN
DY MAX MIN AVG DEP HDD CDD WTR SNW DPTH SPD SPD DIR MIN PSBL S-S WX SPD DR
================================================================================
1 93 74 84 12 0 19 0.00 0.0 0 14.0 28 240 M M 5 43 230
2 88 67 78 6 0 13 0.00 0.0 0 15.8 30 330 M M 3 42 320
3 83 66 75 2 0 10 0.00 0.0 0 11.4 24 340 M M 1 34 350
4 90 62 76 3 0 11 0.00 0.0 M 4.1 13 110 M M 1 8 18 110
5 94 67 81 8 0 16 0.00 0.0 M 4.8 15 60 M M 1 25 50
6 98 69 84 10 0 19 0.00 0.0 M 7.1 20 90 M M 1 29 210
7 91 72 82 8 0 17 0.00 0.0 0 11.7 23 240 M M 1 34 180
8 89 67 78 4 0 13 0.00 0.0 M 9.5 25 330 M M 0 33 20
9 89 64 77 2 0 12 0.00 0.0 0 6.9 17 280 M M 2 24 290
10 88 67 78 3 0 13 0.00 0.0 0 6.9 20 40 M M 0 27 50
11 87 68 78 2 0 13 0.00 0.0 0 8.1 24 20 M M 0 8 28 10
12 95 68 82 6 0 17 0.00 0.0 0 4.7 15 80 M M 0 26 120
13 98 72 85 9 0 20 0.00 0.0 0 6.0 16 240 M M 1 23 110
14 98 73 86 9 0 21 0.00 0.0 0 7.8 21 240 M M 1 29 240
15 93 71 82 5 0 17 0.00 0.0 0 13.9 25 240 M M 3 42 240
16 83 63 73 -4 0 8 0.01 0.0 0 8.4 23 190 M M 3 3 32 190
17 88 61 75 -3 0 10 0.00 0.0 0 5.8 24 290 M M 4 31 280
18 96 69 83 5 0 18 0.00 0.0 0 6.9 17 260 M M 1 27 320
19 94 74 84 6 0 19 0.00 0.0 0 13.1 29 240 M M 3 43 240
20 85 61 73 -6 0 8 0.00 0.0 0 19.0 36 240 M M 2 54 210
21 67 55 61 -18 4 0 0.00 0.0 0 12.9 32 240 M M 3 49 240
22 70 55 63 -17 2 0 0.00 0.0 0 7.9 28 350 M M 5 36 350
23 80 55 68 -12 0 3 0.00 0.0 0 5.3 15 190 M M 1 23 220
24 86 64 75 -5 0 10 0.00 0.0 0 7.2 20 30 M M 0 24 30
25 95 66 81 0 0 16 0.00 0.0 0 7.9 21 240 M M 4 33 250
26 93 75 84 3 0 19 0.00 0.0 0 8.9 22 250 M M 6 31 250
27 96 70 83 2 0 18 0.00 0.0 0 4.7 13 140 M M 2 19 90
28 98 74 86 4 0 21 0.00 0.0 0 5.5 16 240 M M 1 24 150
29 94 73 84 2 0 19 0.00 0.0 0 4.3 16 50 M M 5 23 40
30 98 72 85 3 0 20 0.00 0.0 0 4.2 16 340 M M 3 21 330
31 100 74 87 4 0 22 0.00 0.0 0 4.8 13 290 M M 3 17 310
================================================================================
SM 2797 2088 6 442 0.01 0.0 259.5 M 66
================================================================================
AV 90.2 67.4 8.4 FASTST M M 2 MAX(MPH)
MISC ----> 36 240 54 210
================================================================================
NOTES:
# LAST OF SEVERAL OCCURRENCES
COLUMN 17 PEAK WIND IN M.P.H.
PRELIMINARY LOCAL CLIMATOLOGICAL DATA (WS FORM: F-6) , PAGE 2
STATION: LAS VEGAS NV
MONTH: MAY
YEAR: 2021
LATITUDE: 36 4 N
LONGITUDE: 115 10 W
[TEMPERATURE DATA] [PRECIPITATION DATA] SYMBOLS USED IN COLUMN 16
AVERAGE MONTHLY: 78.8 TOTAL FOR MONTH: 0.01 1 = FOG OR MIST
DPTR FM NORMAL: 1.5 DPTR FM NORMAL: -0.06 2 = FOG REDUCING VISIBILITY
HIGHEST: 100 ON 31 GRTST 24HR 0.01 ON 16-16 TO 1/4 MILE OR LESS
LOWEST: 55 ON 23,22 3 = THUNDER
SNOW, ICE PELLETS, HAIL 4 = ICE PELLETS
TOTAL MONTH: 0.0 INCH 5 = HAIL
GRTST 24HR 0.0 6 = FREEZING RAIN OR DRIZZLE
GRTST DEPTH: 0 7 = DUSTSTORM OR SANDSTORM:
VSBY 1/2 MILE OR LESS
8 = SMOKE OR HAZE
[NO. OF DAYS WITH] [WEATHER - DAYS WITH] 9 = BLOWING SNOW
X = TORNADO
MAX 32 OR BELOW: 0 0.01 INCH OR MORE: 1
MAX 90 OR ABOVE: 18 0.10 INCH OR MORE: 0
MIN 32 OR BELOW: 0 0.50 INCH OR MORE: 0
MIN 0 OR BELOW: 0 1.00 INCH OR MORE: 0
[HDD (BASE 65) ]
TOTAL THIS MO. 6 CLEAR (SCALE 0-3) 23
DPTR FM NORMAL -2 PTCLDY (SCALE 4-7) 8
TOTAL FM JUL 1 1777 CLOUDY (SCALE 8-10) 0
DPTR FM NORMAL -52
[CDD (BASE 65) ]
TOTAL THIS MO. 442
DPTR FM NORMAL 52 [PRESSURE DATA]
TOTAL FM JAN 1 655 HIGHEST SLP 30.11 ON 24
DPTR FM NORMAL 92 LOWEST SLP 29.44 ON 20
[REMARKS]
#FINAL-05-21#