000
CXUS55 KVEF 010910
CF6LAS
PRELIMINARY LOCAL CLIMATOLOGICAL DATA (WS FORM: F-6)
STATION: LAS VEGAS NV
MONTH: SEPTEMBER
YEAR: 2023
LATITUDE: 36 4 N
LONGITUDE: 115 10 W
TEMPERATURE IN F: :PCPN: SNOW: WIND :SUNSHINE: SKY :PK WND
================================================================================
1 2 3 4 5 6A 6B 7 8 9 10 11 12 13 14 15 16 17 18
12Z AVG MX 2MIN
DY MAX MIN AVG DEP HDD CDD WTR SNW DPTH SPD SPD DIR MIN PSBL S-S WX SPD DR
================================================================================
1 90 66 78 -11 0 13 0.88 0.0 0 11.2 28 170 M M 9 13 48 160
2 81 68 75 -14 0 10 0.30 0.0 0 5.8 30 270 M M 7 13 40 300
3 92 69 81 -7 0 16 T 0.0 0 8.4 21 230 M M 3 35 180
4 88 68 78 -10 0 13 0.00 0.0 0 3.7 17 220 M M 1 22 230
5 92 69 81 -7 0 16 0.00 0.0 0 4.2 15 50 M M 0 20 40
6 96 72 84 -3 0 19 0.00 0.0 0 4.9 14 150 M M 0 20 150
7 100 72 86 -1 0 21 0.00 0.0 0 4.9 14 240 M M 0 19 250
8 102 79 91 4 0 26 0.00 0.0 0 6.3 14 230 M M 2 19 220
9 103 79 91 5 0 26 0.00 0.0 0 4.4 12 30 M M 3 15 270
10 88 77 83 -3 0 18 0.00 0.0 0 7.3 16 20 M M 7 21 20
11 95 72 84 -2 0 19 0.00 0.0 0 3.5 10 250 M M 4 18 290
12 94 80 87 2 0 22 0.00 0.0 0 4.9 14 180 M M 6 22 170
13 93 76 85 0 0 20 T 0.0 0 4.5 15 40 M M 5 24 70
14 87 75 81 -3 0 16 T 0.0 0 4.4 17 50 M M 6 29 30
15 93 71 82 -2 0 17 0.00 0.0 0 6.1 18 30 M M 1 25 20
16 96 72 84 0 0 19 0.00 0.0 0 4.7 16 30 M M 1 22 20
17 97 73 85 2 0 20 0.00 0.0 0 5.0 13 40 M M 2 18 40
18 94 72 83 0 0 18 0.00 0.0 0 5.8 15 220 M M 0 21 220
19 94 71 83 1 0 18 0.00 0.0 0 4.9 15 70 M M 0 22 170
20 89 70 80 -2 0 15 0.33 0.0 0 4.9 20 130 M M 4 3 29 150
21 86 68 77 -5 0 12 0.00 0.0 0 12.7 26 240 M M 1 39 240
22 88 65 77 -4 0 12 0.00 0.0 0 7.4 16 230 M M 4 23 240
23 84 70 77 -4 0 12 0.00 0.0 0 5.8 16 30 M M 4 21 30
24 88 65 77 -3 0 12 0.00 0.0 0 4.5 12 80 M M 0 17 80
25 92 68 80 0 0 15 0.00 0.0 0 4.9 14 90 M M 1 21 100
26 94 69 82 3 0 17 0.00 0.0 0 3.4 12 80 M M 0 16 70
27 94 68 81 2 0 16 0.00 0.0 0 5.1 10 190 M M 3 17 200
28 95 68 82 4 0 17 0.00 0.0 0 6.9 16 230 M M 0 25 210
29 94 68 81 3 0 16 0.00 0.0 0 6.9 21 180 M M 0 32 190
30 74 62 68 -10 0 3 0.00 0.0 0 13.1 25 240 M M 5 35 240
================================================================================
SM 2753 2122 0 494 1.51 0.0 180.5 M 79
================================================================================
AV 91.8 70.7 6.0 FASTST M M 3 MAX(MPH)
MISC ----> 30 270 48 160
================================================================================
NOTES:
# LAST OF SEVERAL OCCURRENCES
COLUMN 17 PEAK WIND IN M.P.H.
PRELIMINARY LOCAL CLIMATOLOGICAL DATA (WS FORM: F-6) , PAGE 2
STATION: LAS VEGAS NV
MONTH: SEPTEMBER
YEAR: 2023
LATITUDE: 36 4 N
LONGITUDE: 115 10 W
[TEMPERATURE DATA] [PRECIPITATION DATA] SYMBOLS USED IN COLUMN 16
AVERAGE MONTHLY: 81.3 TOTAL FOR MONTH: 1.51 1 = FOG OR MIST
DPTR FM NORMAL: -2.3 DPTR FM NORMAL: 1.19 2 = FOG REDUCING VISIBILITY
HIGHEST: 103 ON 9 GRTST 24HR 0.88 ON 1- 1 TO 1/4 MILE OR LESS
LOWEST: 62 ON 30 3 = THUNDER
SNOW, ICE PELLETS, HAIL 4 = ICE PELLETS
TOTAL MONTH: 0.0 INCH 5 = HAIL
GRTST 24HR 0.0 6 = FREEZING RAIN OR DRIZZLE
GRTST DEPTH: 0 7 = DUSTSTORM OR SANDSTORM:
VSBY 1/2 MILE OR LESS
8 = SMOKE OR HAZE
[NO. OF DAYS WITH] [WEATHER - DAYS WITH] 9 = BLOWING SNOW
X = TORNADO
MAX 32 OR BELOW: 0 0.01 INCH OR MORE: 3
MAX 90 OR ABOVE: 20 0.10 INCH OR MORE: 3
MIN 32 OR BELOW: 0 0.50 INCH OR MORE: 1
MIN 0 OR BELOW: 0 1.00 INCH OR MORE: 0
[HDD (BASE 65) ]
TOTAL THIS MO. 0 CLEAR (SCALE 0-3) 19
DPTR FM NORMAL 0 PTCLDY (SCALE 4-7) 10
TOTAL FM JUL 1 0 CLOUDY (SCALE 8-10) 1
DPTR FM NORMAL 0
[CDD (BASE 65) ]
TOTAL THIS MO. 494
DPTR FM NORMAL -66 [PRESSURE DATA]
TOTAL FM JAN 1 3401 HIGHEST SLP M ON M
DPTR FM NORMAL -105 LOWEST SLP 29.58 ON 30
[REMARKS]
#FINAL-09-23#