000
CXUS54 KLCH 031646
CF6LCH
PRELIMINARY LOCAL CLIMATOLOGICAL DATA (WS FORM: F-6)
STATION: LAKE CHARLES
MONTH: JANUARY
YEAR: 2021
LATITUDE: 30 7 N
LONGITUDE: 93 13 W
TEMPERATURE IN F: :PCPN: SNOW: WIND :SUNSHINE: SKY :PK WND
================================================================================
1 2 3 4 5 6A 6B 7 8 9 10 11 12 13 14 15 16 17 18
12Z AVG MX 2MIN
DY MAX MIN AVG DEP HDD CDD WTR SNW DPTH SPD SPD DIR MIN PSBL S-S WX SPD DR
================================================================================
1 52 41 47 -5 18 0 0.00 0.0 M 9.3 22 230 M M 1 34 240
2 54 37 46 -6 19 0 0.00 0.0 M 6.0 14 310 M M 5 1 19 320
3 60 34 47 -5 18 0 0.00 0.0 M 5.9 14 210 M M 0 1 19 220
4 72 44 58 6 7 0 0.00 0.0 M 5.6 17 260 M M 2 12 25 260
5 68 41 55 3 10 0 0.00 0.0 M 3.8 14 70 M M 0 1 17 70
6 66 43 55 3 10 0 0.60 0.0 M 12.2 26 300 M M 8 13 42 230
7 51 45 48 -4 17 0 0.00 0.0 M 13.9 24 340 M M 8 34 340
8 53 37 45 -7 20 0 0.00 0.0 M 11.2 20 10 M M 5 28 10
9 52 31 42 -10 23 0 0.00 0.0 M 5.2 14 30 M M 0 1 18 350
10 45 35 40 -12 25 0 1.13 0.0 M 13.1 25 50 M M 8 14 32 50
11 42 32 37 -15 28 0 0.08 0.0 M 12.4 20 20 M M 8 1 28 360
12 51 28 40 -12 25 0 0.00 0.0 M 2.4 12 10 M M 2 18 15 360
13 55 33 44 -8 21 0 0.00 0.0 M 4.1 14 240 M M 2 1 20 220
14 68 35 52 0 13 0 0.00 0.0 M 9.9 25 240 M M 0 1 37 250
15 57 40 49 -3 16 0 0.00 0.0 M 12.1 26 320 M M 0 37 330
16 57 35 46 -6 19 0 0.00 0.0 M 6.7 17 320 M M 0 24 300
17 65 32 49 -3 16 0 0.00 0.0 M 3.8 15 290 M M 1 23 290
18 65 35 50 -2 15 0 0.00 0.0 M 8.9 17 140 M M 2 23 140
19 72 51 62 10 3 0 M 0.0 M 8.0 20 160 M M 3 1 27 160
20 66 53 60 8 5 0 0.00 0.0 M 7.1 14 70 M M 8 1 18 60
21 69 60 65 13 0 0 0.19 0.0 M 7.7 13 220 M M 9 1 18 230
22 66 60 63 11 2 0 0.32 0.0 M 7.2 13 60 M M 10 1 17 60
23 62 55 59 7 6 0 0.00 0.0 M 9.2 15 40 M M 10 1 20 70
24 71 59 65 13 0 0 0.06 0.0 M 11.2 17 160 M M 10 12 28 180
25 73 63 68 16 0 3 T 0.0 M 10.6 20 200 M M 10 1 31 200
26 75 57 66 14 0 1 0.00 0.0 M 6.3 16 80 M M 9 8 21 60
27 68 49 59 7 6 0 0.00 0.0 M 13.6 26 360 M M 3 37 10
28 58 39 49 -3 16 0 0.00 0.0 M 10.1 20 40 M M 0 25 40
29 59 35 47 -5 18 0 0.00 0.0 M 6.5 13 140 M M 0 1 18 210
30 72 47 60 8 5 0 0.00 0.0 M 11.5 26 190 M M 8 1 39 180
31 70 49 60 7 5 0 T M M 14.5 25 330 M M 2 1 32 330
================================================================================
SM 1914 1335 386 4 2.38 0.0 270.0 M 134
================================================================================
AV 61.7 43.1 8.7 FASTST M M 4 MAX(MPH)
MISC ----> # 26 190 42 230
================================================================================
NOTES:
# LAST OF SEVERAL OCCURRENCES
COLUMN 17 PEAK WIND IN M.P.H.
PRELIMINARY LOCAL CLIMATOLOGICAL DATA (WS FORM: F-6) , PAGE 2
STATION: LAKE CHARLES
MONTH: JANUARY
YEAR: 2021
LATITUDE: 30 7 N
LONGITUDE: 93 13 W
[TEMPERATURE DATA] [PRECIPITATION DATA] SYMBOLS USED IN COLUMN 16
AVERAGE MONTHLY: 52.4 TOTAL FOR MONTH: 2.38 1 = FOG OR MIST
DPTR FM NORMAL: 0.6 DPTR FM NORMAL: -2.85 2 = FOG REDUCING VISIBILITY
HIGHEST: 75 ON 26 GRTST 24HR 1.40 ON 10-11 TO 1/4 MILE OR LESS
LOWEST: 28 ON 12 3 = THUNDER
SNOW, ICE PELLETS, HAIL 4 = ICE PELLETS
TOTAL MONTH: 0.0 INCH 5 = HAIL
GRTST 24HR 0.0 6 = FREEZING RAIN OR DRIZZLE
GRTST DEPTH: M ON M 7 = DUSTSTORM OR SANDSTORM:
VSBY 1/2 MILE OR LESS
8 = SMOKE OR HAZE
[NO. OF DAYS WITH] [WEATHER - DAYS WITH] 9 = BLOWING SNOW
X = TORNADO
MAX 32 OR BELOW: 0 0.01 INCH OR MORE: 6
MAX 90 OR ABOVE: 0 0.10 INCH OR MORE: 4
MIN 32 OR BELOW: 4 0.50 INCH OR MORE: 2
MIN 0 OR BELOW: 0 1.00 INCH OR MORE: 1
[HDD (BASE 65) ]
TOTAL THIS MO. 386 CLEAR (SCALE 0-3) 16
DPTR FM NORMAL -31 PTCLDY (SCALE 4-7) 7
TOTAL FM JUL 1 867 CLOUDY (SCALE 8-10) 8
DPTR FM NORMAL -130
[CDD (BASE 65) ]
TOTAL THIS MO. 4
DPTR FM NORMAL -6 [PRESSURE DATA]
TOTAL FM JAN 1 4 HIGHEST SLP 30.60 ON 28
DPTR FM NORMAL -6 LOWEST SLP 29.73 ON 25
[REMARKS]
#FINAL-01-21#