000
CXUS52 KMLB 010624
CF6LEE
PRELIMINARY LOCAL CLIMATOLOGICAL DATA (WS FORM: F-6)
STATION: LEESBURG
MONTH: AUGUST
YEAR: 2023
LATITUDE: 28 49 N
LONGITUDE: 81 49 W
TEMPERATURE IN F: :PCPN: SNOW: WIND :SUNSHINE: SKY :PK WND
================================================================================
1 2 3 4 5 6A 6B 7 8 9 10 11 12 13 14 15 16 17 18
12Z AVG MX 2MIN
DY MAX MIN AVG DEP HDD CDD WTR SNW DPTH SPD SPD DIR MIN PSBL S-S WX SPD DR
================================================================================
1 91 73 82 -1 0 17 0.35 0.0 0 5.2 17 360 M M 2 13 25 220
2 91 76 84 1 0 19 0.00 0.0 0 5.0 16 170 M M 5 25 140
3 94 76 85 1 0 20 0.00 0.0 0 6.9 16 120 M M 1 23 100
4 95 78 87 3 0 22 0.05 0.0 0 5.9 16 40 M M 1 3 23 60
5 92 74 83 -1 0 18 1.34 0.0 0 3.3 18 260 M M 2 123 30 250
6 90 76 83 -1 0 18 0.00 0.0 0 3.1 12 230 M M 1 38 22 240
7 95 78 87 3 0 22 0.00 0.0 0 4.9 12 210 M M 2 18 220
8 96 79 88 4 0 23 0.00 0.0 0 5.4 13 280 M M 1 19 260
9 97 78 88 4 0 23 0.00 0.0 0 4.1 12 210 M M 1 18 260
10 96 78 87 3 0 22 0.00 0.0 0 5.3 13 280 M M 1 21 290
11 96 78 87 3 0 22 T 0.0 0 4.2 22 40 M M 1 3 28 350
12 98 78 88 4 0 23 0.00 0.0 0 4.4 14 150 M M 1 3 21 140
13 98 78 88 4 0 23 0.00 0.0 0 5.8 14 100 M M 0 3 19 100
14 96 79 88 4 0 23 T 0.0 0 6.9 23 180 M M 1 3 32 180
15 94 78 86 2 0 21 T 0.0 0 5.4 12 270 M M 1 3 19 220
16 93 75 84 0 0 19 1.05 0.0 0 5.3 18 180 M M 2 13 30 160
17 92 74 83 -1 0 18 0.67 0.0 0 6.1 21 300 M M 2 123 35 280
18 92 76 84 1 0 19 0.04 0.0 0 6.3 18 190 M M 2 13 25 190
19 94 75 85 2 0 20 0.00 0.0 0 5.8 16 110 M M 1 13 23 110
20 91 78 85 2 0 20 0.05 0.0 0 7.3 18 110 M M 1 13 28 150
21 95 78 87 4 0 22 0.00 0.0 0 9.6 16 100 M M 0 23 60
22 95 75 85 2 0 20 0.00 0.0 0 6.4 14 70 M M 1 20 80
23 95 75 85 2 0 20 0.00 0.0 0 5.7 15 60 M M 1 23 50
24 95 75 85 2 0 20 0.00 0.0 0 8.1 17 50 M M 1 25 50
25 94 73 84 1 0 19 0.00 0.0 0 6.7 14 80 M M 1 21 80
26 96 75 86 3 0 21 0.00 0.0 0 6.4 14 60 M M 1 19 50
27 96 74 85 2 0 20 T 0.0 0 5.6 20 90 M M 2 3 26 100
28 95 77 86 3 0 21 T 0.0 0 7.0 14 160 M M 1 3 22 130
29 92 77 85 2 0 20 0.06 0.0 0 7.0 18 200 M M 2 138 25 110
30 85 77 81 -2 0 16 0.37 0.0 0 15.0 26 170 M M 6 13 46 150
31 93 76 85 2 0 20 0.71 0.0 0 4.6 28 330 M M 4 138 39 330
================================================================================
SM 2912 2367 0 631 4.69 0.0 188.7 M 49
================================================================================
AV 93.9 76.4 6.1 FASTST M M 2 MAX(MPH)
MISC ----> 28 330 46 150
================================================================================
NOTES:
# LAST OF SEVERAL OCCURRENCES
COLUMN 17 PEAK WIND IN M.P.H.
PRELIMINARY LOCAL CLIMATOLOGICAL DATA (WS FORM: F-6) , PAGE 2
STATION: LEESBURG
MONTH: AUGUST
YEAR: 2023
LATITUDE: 28 49 N
LONGITUDE: 81 49 W
[TEMPERATURE DATA] [PRECIPITATION DATA] SYMBOLS USED IN COLUMN 16
AVERAGE MONTHLY: 85.1 TOTAL FOR MONTH: 4.69 1 = FOG OR MIST
DPTR FM NORMAL: 1.8 DPTR FM NORMAL: -1.94 2 = FOG REDUCING VISIBILITY
HIGHEST: 98 ON 13,12 GRTST 24HR 1.71 ON 16-17 TO 1/4 MILE OR LESS
LOWEST: 73 ON 25, 1 3 = THUNDER
SNOW, ICE PELLETS, HAIL 4 = ICE PELLETS
TOTAL MONTH: 0.0 INCH 5 = HAIL
GRTST 24HR 0.0 6 = FREEZING RAIN OR DRIZZLE
GRTST DEPTH: 0 7 = DUSTSTORM OR SANDSTORM:
VSBY 1/2 MILE OR LESS
8 = SMOKE OR HAZE
[NO. OF DAYS WITH] [WEATHER - DAYS WITH] 9 = BLOWING SNOW
X = TORNADO
MAX 32 OR BELOW: 0 0.01 INCH OR MORE: 10
MAX 90 OR ABOVE: 30 0.10 INCH OR MORE: 6
MIN 32 OR BELOW: 0 0.50 INCH OR MORE: 4
MIN 0 OR BELOW: 0 1.00 INCH OR MORE: 2
[HDD (BASE 65) ]
TOTAL THIS MO. 0 CLEAR (SCALE 0-3) 28
DPTR FM NORMAL 0 PTCLDY (SCALE 4-7) 3
TOTAL FM JUL 1 0 CLOUDY (SCALE 8-10) 0
DPTR FM NORMAL 0
[CDD (BASE 65) ]
TOTAL THIS MO. 631
DPTR FM NORMAL 62 [PRESSURE DATA]
TOTAL FM JAN 1 2862 HIGHEST SLP M ON M
DPTR FM NORMAL 386 LOWEST SLP 29.58 ON 30
[REMARKS]
#FINAL-08-23#