000
CXUS54 KSHV 221300
CF6LFK
PRELIMINARY LOCAL CLIMATOLOGICAL DATA (WS FORM: F-6)
STATION: LUFKIN
MONTH: APRIL
YEAR: 2024
LATITUDE: 31 14 N
LONGITUDE: 94 45 W
TEMPERATURE IN F: :PCPN: SNOW: WIND :SUNSHINE: SKY :PK WND
================================================================================
1 2 3 4 5 6A 6B 7 8 9 10 11 12 13 14 15 16 17 18
12Z AVG MX 2MIN
DY MAX MIN AVG DEP HDD CDD WTR SNW DPTH SPD SPD DIR MIN PSBL S-S WX SPD DR
================================================================================
1 81 70 76 13 0 11 0.00 0.0 0 10.8 21 180 M M 8 32 160
2 80 55 68 5 0 3 0.06 0.0 0 8.1 21 290 M M 4 13 32 320
3 77 45 61 -2 4 0 0.00 0.0 0 5.7 20 290 M M 0 34 310
4 82 42 62 -2 3 0 0.00 0.0 0 2.6 13 250 M M 0 20 280
5 85 50 68 4 0 3 0.00 0.0 0 4.8 13 210 M M 0 19 220
6 84 53 69 5 0 4 0.00 0.0 0 10.6 30 150 M M 4 12 44 150
7 82 66 74 10 0 9 0.00 0.0 0 5.8 14 160 M M 7 20 280
8 81 66 74 10 0 9 1.13 0.0 0 8.8 23 130 M M 8 123 30 130
9 76 64 70 6 0 5 0.70 0.0 0 9.1 21 110 M M 8 13 28 70
10 72 59 66 1 0 1 0.66 0.0 0 9.8 21 300 M M 9 13 35 280
11 78 51 65 0 0 0 0.00 0.0 0 8.1 20 310 M M 0 30 350
12 82 46 64 -1 1 0 0.00 0.0 0 2.5 9 190 M M 0 16 130
13 83 50 67 2 0 2 0.00 0.0 0 6.9 21 190 M M 0 31 190
14 82 57 70 4 0 5 0.00 0.0 0 8.6 18 200 M M 4 12 29 190
15 80 66 73 7 0 8 0.00 0.0 0 9.9 21 130 M M 9 31 130
16 84 69 77 11 0 12 T 0.0 0 9.4 20 150 M M 6 1 29 150
17 80 71 76 10 0 11 T 0.0 0 6.9 14 150 M M 7 1 17 160
18 86 70 78 12 0 13 0.09 0.0 0 7.0 18 140 M M 6 13 24 140
19 86 69 78 11 0 13 T 0.0 0 2.4 9 30 M M 7 1 16 60
20 71 51 61 -6 4 0 1.74 0.0 0 9.4 18 140 M M 10 13 32 60
21 69 50 60 -7 5 0 0.07 0.0 0 6.9 20 10 M M 5 1 35 360
================================================================================
SM 1681 1220 17 109 4.45 0.0 154.1 M 102
================================================================================
AV 80.0 58.1 7.3 FASTST M M 5 MAX(MPH)
MISC ----> 30 150 44 150
================================================================================
NOTES:
# LAST OF SEVERAL OCCURRENCES
COLUMN 17 PEAK WIND IN M.P.H.
PRELIMINARY LOCAL CLIMATOLOGICAL DATA (WS FORM: F-6) , PAGE 2
STATION: LUFKIN
MONTH: APRIL
YEAR: 2024
LATITUDE: 31 14 N
LONGITUDE: 94 45 W
[TEMPERATURE DATA] [PRECIPITATION DATA] SYMBOLS USED IN COLUMN 16
AVERAGE MONTHLY: 69.1 TOTAL FOR MONTH: 4.45 1 = FOG OR MIST
DPTR FM NORMAL: 4.1 DPTR FM NORMAL: 1.86 2 = FOG REDUCING VISIBILITY
HIGHEST: 86 ON 19,18 GRTST 24HR 1.81 ON 20-21 TO 1/4 MILE OR LESS
LOWEST: 42 ON 4 3 = THUNDER
SNOW, ICE PELLETS, HAIL 4 = ICE PELLETS
TOTAL MONTH: 0.0 INCH 5 = HAIL
GRTST 24HR 0.0 6 = FREEZING RAIN OR DRIZZLE
GRTST DEPTH: 0 7 = DUSTSTORM OR SANDSTORM:
VSBY 1/2 MILE OR LESS
8 = SMOKE OR HAZE
[NO. OF DAYS WITH] [WEATHER - DAYS WITH] 9 = BLOWING SNOW
X = TORNADO
MAX 32 OR BELOW: 0 0.01 INCH OR MORE: 7
MAX 90 OR ABOVE: 0 0.10 INCH OR MORE: 4
MIN 32 OR BELOW: 0 0.50 INCH OR MORE: 4
MIN 0 OR BELOW: 0 1.00 INCH OR MORE: 2
[HDD (BASE 65) ]
TOTAL THIS MO. 17 CLEAR (SCALE 0-3) 6
DPTR FM NORMAL -48 PTCLDY (SCALE 4-7) 10
TOTAL FM JUL 1 1482 CLOUDY (SCALE 8-10) 5
DPTR FM NORMAL -471
[CDD (BASE 65) ]
TOTAL THIS MO. 109
DPTR FM NORMAL 46 [PRESSURE DATA]
TOTAL FM JAN 1 220 HIGHEST SLP M ON M
DPTR FM NORMAL 100 LOWEST SLP 29.56 ON 10
[REMARKS]