000
CXUS54 KSHV 011300
CF6LFK
PRELIMINARY LOCAL CLIMATOLOGICAL DATA (WS FORM: F-6)
STATION: LUFKIN
MONTH: OCTOBER
YEAR: 2021
LATITUDE: 31 14 N
LONGITUDE: 94 45 W
TEMPERATURE IN F: :PCPN: SNOW: WIND :SUNSHINE: SKY :PK WND
================================================================================
1 2 3 4 5 6A 6B 7 8 9 10 11 12 13 14 15 16 17 18
12Z AVG MX 2MIN
DY MAX MIN AVG DEP HDD CDD WTR SNW DPTH SPD SPD DIR MIN PSBL S-S WX SPD DR
================================================================================
1 76 72 74 1 0 9 0.60 0.0 0 4.5 13 160 M M 8 13 16 150
2 87 73 80 8 0 15 T 0.0 0 3.5 16 170 M M 7 1 22 170
3 91 67 79 7 0 14 0.00 0.0 0 3.1 13 320 M M 4 12 17 320
4 88 63 76 4 0 11 0.00 0.0 0 3.5 13 360 M M 1 19 320
5 89 60 75 3 0 10 T 0.0 0 3.6 13 70 M M 1 17 60
6 89 59 74 3 0 9 0.00 0.0 0 2.0 5 90 M M 1 M M
7 91 58 75 4 0 10 0.00 0.0 0 2.3 9 250 M M 0 12 180
8 91 60 76 6 0 11 0.00 0.0 0 3.3 10 120 M M 0 1 15 190
9 90 61 76 6 0 11 0.00 0.0 0 6.1 17 150 M M 0 1 23 130
10 90 66 78 8 0 13 T 0.0 0 11.7 23 160 M M 7 33 170
11 86 65 76 7 0 11 0.57 0.0 0 3.4 21 280 M M 3 13 31 290
12 91 65 78 9 0 13 0.01 0.0 0 8.0 18 160 M M 4 1 24 180
13 91 73 82 14 0 17 0.00 0.0 0 9.8 18 200 M M 3 26 180
14 82 73 78 10 0 13 0.15 0.0 0 5.9 24 170 M M 5 1 31 160
15 92 65 79 11 0 14 0.00 0.0 0 8.3 16 340 M M 5 1 27 330
16 77 48 63 -4 2 0 0.00 0.0 0 6.4 17 30 M M 0 26 50
17 77 43 60 -7 5 0 0.00 0.0 0 2.6 12 100 M M 0 15 90
18 77 47 62 -5 3 0 0.00 0.0 0 3.2 14 140 M M 0 17 140
19 83 46 65 -1 0 0 0.00 0.0 0 4.8 13 160 M M 0 18 160
20 89 57 73 7 0 8 0.00 0.0 0 3.0 12 110 M M 1 17 180
21 92 65 79 13 0 14 0.00 0.0 0 2.2 8 60 M M 4 12 13 30
22 89 67 78 13 0 13 0.00 0.0 0 4.9 14 80 M M 4 17 80
23 87 65 76 11 0 11 0.05 0.0 0 5.8 23 160 M M 5 123 32 160
24 88 63 76 12 0 11 0.00 0.0 0 7.0 20 140 M M 2 23 160
25 92 71 82 18 0 17 0.00 0.0 0 3.2 12 140 M M 6 1 13 140
26 87 69 78 14 0 13 T 0.0 0 7.4 17 160 M M 6 12 22 160
27 78 59 69 6 0 4 0.66 0.0 0 9.4 38 240 M M 5 1 64 250
28 75 55 65 2 0 0 0.00 0.0 0 13.3 30 300 M M 0 47 300
29 71 47 59 -4 6 0 0.00 0.0 0 7.2 21 310 M M 0 31 290
30 76 40 58 -4 7 0 0.00 0.0 0 3.2 13 290 M M 0 18 330
31 83 41 62 0 3 0 0.00 0.0 0 1.5 8 90 M M 0 11 80
================================================================================
SM 2645 1863 26 272 2.04 0.0 164.1 M 82
================================================================================
AV 85.3 60.1 5.3 FASTST M M 3 MAX(MPH)
MISC ----> 38 240 64 250
================================================================================
NOTES:
# LAST OF SEVERAL OCCURRENCES
COLUMN 17 PEAK WIND IN M.P.H.
PRELIMINARY LOCAL CLIMATOLOGICAL DATA (WS FORM: F-6) , PAGE 2
STATION: LUFKIN
MONTH: OCTOBER
YEAR: 2021
LATITUDE: 31 14 N
LONGITUDE: 94 45 W
[TEMPERATURE DATA] [PRECIPITATION DATA] SYMBOLS USED IN COLUMN 16
AVERAGE MONTHLY: 72.7 TOTAL FOR MONTH: 2.04 1 = FOG OR MIST
DPTR FM NORMAL: 5.3 DPTR FM NORMAL: -2.69 2 = FOG REDUCING VISIBILITY
HIGHEST: 92 ON 25,21 GRTST 24HR 0.92 ON 30- 1 TO 1/4 MILE OR LESS
LOWEST: 40 ON 30 3 = THUNDER
SNOW, ICE PELLETS, HAIL 4 = ICE PELLETS
TOTAL MONTH: 0.0 INCH 5 = HAIL
GRTST 24HR 0.0 6 = FREEZING RAIN OR DRIZZLE
GRTST DEPTH: 0 7 = DUSTSTORM OR SANDSTORM:
VSBY 1/2 MILE OR LESS
8 = SMOKE OR HAZE
[NO. OF DAYS WITH] [WEATHER - DAYS WITH] 9 = BLOWING SNOW
X = TORNADO
MAX 32 OR BELOW: 0 0.01 INCH OR MORE: 6
MAX 90 OR ABOVE: 10 0.10 INCH OR MORE: 4
MIN 32 OR BELOW: 0 0.50 INCH OR MORE: 3
MIN 0 OR BELOW: 0 1.00 INCH OR MORE: 0
[HDD (BASE 65) ]
TOTAL THIS MO. 26 CLEAR (SCALE 0-3) 18
DPTR FM NORMAL -42 PTCLDY (SCALE 4-7) 12
TOTAL FM JUL 1 26 CLOUDY (SCALE 8-10) 1
DPTR FM NORMAL -43
[CDD (BASE 65) ]
TOTAL THIS MO. 272
DPTR FM NORMAL 130 [PRESSURE DATA]
TOTAL FM JAN 1 2849 HIGHEST SLP 30.33 ON 17
DPTR FM NORMAL 367 LOWEST SLP 29.54 ON 27
[REMARKS]
#FINAL-10-21#