000
CXUS51 KOKX 010702
CF6LGA
PRELIMINARY LOCAL CLIMATOLOGICAL DATA (WS FORM: F-6)
STATION: LAGUARDIA NY
MONTH: JULY
YEAR: 2020
LATITUDE: 40 46 N
LONGITUDE: 73 54 W
TEMPERATURE IN F: :PCPN: SNOW: WIND :SUNSHINE: SKY :PK WND
================================================================================
1 2 3 4 5 6A 6B 7 8 9 10 11 12 13 14 15 16 17 18
12Z AVG MX 2MIN
DY MAX MIN AVG DEP HDD CDD WTR SNW DPTH SPD SPD DIR MIN PSBL S-S WX SPD DR
================================================================================
1 84 68 76 0 0 11 T 0.0 0 6.6 23 60 M M 7 13 25 60
2 95 69 82 6 0 17 0.00 0.0 0 5.8 20 360 M M 4 24 350
3 94 72 83 7 0 18 0.36 0.0 0 8.0 17 70 M M 7 3 23 20
4 88 70 79 2 0 14 T 0.0 0 8.7 14 160 M M 6 8 16 120
5 96 74 85 8 0 20 0.00 0.0 0 7.4 17 130 M M 5 8 20 150
6 96 74 85 8 0 20 0.05 0.0 0 7.7 25 170 M M 5 3 34 220
7 81 72 77 0 0 12 0.00 0.0 0 10.1 16 120 M M 8 22 40
8 89 77 83 6 0 18 0.01 0.0 0 9.0 18 180 M M 8 3 23 190
9 91 78 85 8 0 20 0.00 0.0 0 8.1 16 170 M M 4 20 160
10 79 74 77 0 0 12 2.45 0.0 0 16.1 35 110 M M 9 138 43 110
11 88 75 82 5 0 17 0.06 0.0 0 10.9 22 250 M M 7 13 31 230
12 93 76 85 8 0 20 0.05 0.0 0 11.3 24 250 M M 4 30 250
13 91 76 84 6 0 19 T 0.0 0 8.9 21 300 M M 6 26 310
14 89 74 82 4 0 17 0.00 0.0 0 9.3 21 60 M M 3 23 50
15 82 72 77 -1 0 12 0.00 0.0 0 9.9 16 160 M M 6 21 150
16 80 71 76 -2 0 11 0.00 0.0 0 10.4 17 160 M M 7 24 130
17 86 71 79 1 0 14 0.04 0.0 0 8.4 15 170 M M 9 21 180
18 95 74 85 7 0 20 0.00 0.0 0 6.3 14 150 M M 5 1 16 130
19 97 80 89 11 0 24 0.00 0.0 0 10.4 22 170 M M 6 26 190
20 97 84 91 13 0 26 0.00 0.0 0 8.6 18 300 M M 6 23 300
21 95 79 87 9 0 22 0.00 0.0 0 7.8 18 170 M M 4 24 170
22 95 74 85 7 0 20 0.84 0.0 0 7.9 36 250 M M 8 3 44 260
23 92 76 84 6 0 19 0.03 0.0 0 9.4 17 230 M M 8 22 250
24 81 74 78 0 0 13 0.28 0.0 0 6.7 17 240 M M 9 3 22 220
25 92 74 83 5 0 18 0.00 0.0 0 6.4 17 180 M M 6 24 190
26 95 80 88 10 0 23 0.00 0.0 0 9.4 22 270 M M 6 29 280
27 97 81 89 11 0 24 0.00 0.0 0 11.3 22 270 M M 6 29 270
28 97 83 90 12 0 25 T 0.0 0 10.2 24 300 M M 4 27 310
29 90 78 84 6 0 19 0.00 0.0 0 8.5 21 170 M M 4 26 150
30 96 80 88 10 0 23 0.01 0.0 0 6.9 18 220 M M 8 3 26 200
31 84 72 78 0 0 13 0.56 0.0 0 5.6 30 220 M M 8 13 35 220
================================================================================
SM 2805 2332 0 561 4.74 0.0 272.0 M 193
================================================================================
AV 90.5 75.2 8.8 FASTST M M 6 MAX(MPH)
MISC ----> # 36 250 # 44 260
================================================================================
NOTES:
# LAST OF SEVERAL OCCURRENCES
COLUMN 17 PEAK WIND IN M.P.H.
PRELIMINARY LOCAL CLIMATOLOGICAL DATA (WS FORM: F-6) , PAGE 2
STATION: LAGUARDIA NY
MONTH: JULY
YEAR: 2020
LATITUDE: 40 46 N
LONGITUDE: 73 54 W
[TEMPERATURE DATA] [PRECIPITATION DATA] SYMBOLS USED IN COLUMN 16
AVERAGE MONTHLY: 82.9 TOTAL FOR MONTH: 4.74 1 = FOG OR MIST
DPTR FM NORMAL: 5.5 DPTR FM NORMAL: 0.24 2 = FOG REDUCING VISIBILITY
HIGHEST: 97 ON 28,27 GRTST 24HR 2.45 ON 10-10 TO 1/4 MILE OR LESS
LOWEST: 68 ON 1 3 = THUNDER
SNOW, ICE PELLETS, HAIL 4 = ICE PELLETS
TOTAL MONTH: 0.0 INCH 5 = HAIL
GRTST 24HR 0.0 6 = FREEZING RAIN OR DRIZZLE
GRTST DEPTH: 0 7 = DUSTSTORM OR SANDSTORM:
VSBY 1/2 MILE OR LESS
8 = SMOKE OR HAZE
[NO. OF DAYS WITH] [WEATHER - DAYS WITH] 9 = BLOWING SNOW
X = TORNADO
MAX 32 OR BELOW: 0 0.01 INCH OR MORE: 12
MAX 90 OR ABOVE: 19 0.10 INCH OR MORE: 5
MIN 32 OR BELOW: 0 0.50 INCH OR MORE: 3
MIN 0 OR BELOW: 0 1.00 INCH OR MORE: 1
[HDD (BASE 65) ]
TOTAL THIS MO. 0 CLEAR (SCALE 0-3) 0
DPTR FM NORMAL 0 PTCLDY (SCALE 4-7) 28
TOTAL FM JUL 1 0 CLOUDY (SCALE 8-10) 3
DPTR FM NORMAL 0
[CDD (BASE 65) ]
TOTAL THIS MO. 561
DPTR FM NORMAL 176 [PRESSURE DATA]
TOTAL FM JAN 1 946 HIGHEST SLP M ON M
DPTR FM NORMAL 264 LOWEST SLP 29.59 ON 10
[REMARKS]
#FINAL-07-20#