000
CXUS56 KLOX 011255
CF6LGB
PRELIMINARY LOCAL CLIMATOLOGICAL DATA (WS FORM: F-6)
STATION: LONG BEACH AIRPORT CA
MONTH: FEBRUARY
YEAR: 2024
LATITUDE: 33 49 N
LONGITUDE: 118 9 W
TEMPERATURE IN F: :PCPN: SNOW: WIND :SUNSHINE: SKY :PK WND
================================================================================
1 2 3 4 5 6A 6B 7 8 9 10 11 12 13 14 15 16 17 18
12Z AVG MX 2MIN
DY MAX MIN AVG DEP HDD CDD WTR SNW DPTH SPD SPD DIR MIN PSBL S-S WX SPD DR
================================================================================
1 61 52 57 0 8 0 2.45 M M 6.2 18 70 M M 7 13 27 90
2 63 49 56 -1 9 0 T M M 6.9 21 280 M M 4 29 280
3 62 47 55 -2 10 0 0.07 M M 3.8 14 70 M M 3 19 80
4 61 53 57 0 8 0 1.50 M M 11.7 23 140 M M 7 1 38 140
5 61 54 58 1 7 0 2.57 M M 7.1 21 160 M M 10 1 39 150
6 56 49 53 -4 12 0 3.16 M M 4.8 14 10 M M 9 1 18 10
7 61 44 53 -4 12 0 0.30 M M 6.9 18 290 M M 7 12 30 290
8 61 47 54 -3 11 0 T M M 8.0 18 290 M M 6 27 280
9 61 48 55 -2 10 0 T M M 4.2 12 200 M M 3 16 190
10 64 44 54 -3 11 0 0.00 M M 3.8 12 170 M M 0 17 200
11 65 43 54 -3 11 0 0.00 M M 2.9 12 300 M M 0 15 190
12 70 45 58 1 7 0 0.00 M M 3.3 14 300 M M 0 18 300
13 65 47 56 -1 9 0 0.00 M M 3.3 13 220 M M 0 20 220
14 65 52 59 2 6 0 0.00 M M 3.4 12 200 M M 5 18 16 190
15 69 50 60 2 5 0 0.00 M M 4.2 16 290 M M 2 22 280
16 68 56 62 4 3 0 0.00 M M 4.2 13 300 M M 5 8 17 300
17 65 55 60 2 5 0 T M M 2.7 16 290 M M 6 18 20 290
18 65 57 61 3 4 0 0.01 M M 3.6 10 200 M M 9 1 15 190
19 61 58 60 2 5 0 0.57 M M 8.5 16 140 M M 10 18 23 140
20 61 58 60 2 5 0 0.90 M M 6.5 22 110 M M 10 18 27 110
21 67 55 61 3 4 0 0.40 M M 4.5 15 290 M M 5 1 21 300
22 70 53 62 4 3 0 0.00 M M 3.6 14 290 M M 3 18 19 310
23 81 54 68 10 0 3 0.00 M M 3.9 17 110 M M 0 23 130
24 78 58 68 10 0 3 0.00 M M 2.8 12 300 M M 0 16 300
25 69 56 63 5 2 0 0.00 M M 2.6 12 290 M M 0 18 15 310
26 66 56 61 3 4 0 0.02 M M 3.5 13 220 M M 6 18 17 230
27 66 56 61 3 4 0 T M M 2.7 10 200 M M 8 18 15 200
28 72 51 62 4 3 0 0.00 M M 3.5 16 310 M M 0 18 24 300
29 67 59 63 5 2 0 0.00 M M 4.6 13 200 M M 9 18 200
================================================================================
SM 1901 1506 180 6 11.95 M 137.7 M 134
================================================================================
AV 65.6 51.9 4.7 FASTST M M 5 MAX(MPH)
MISC ----> 23 140 39 150
================================================================================
NOTES:
# LAST OF SEVERAL OCCURRENCES
COLUMN 17 PEAK WIND IN M.P.H.
PRELIMINARY LOCAL CLIMATOLOGICAL DATA (WS FORM: F-6) , PAGE 2
STATION: LONG BEACH AIRPORT CA
MONTH: FEBRUARY
YEAR: 2024
LATITUDE: 33 49 N
LONGITUDE: 118 9 W
[TEMPERATURE DATA] [PRECIPITATION DATA] SYMBOLS USED IN COLUMN 16
AVERAGE MONTHLY: 58.7 TOTAL FOR MONTH: 11.95 1 = FOG OR MIST
DPTR FM NORMAL: 1.1 DPTR FM NORMAL: 8.93 2 = FOG REDUCING VISIBILITY
HIGHEST: 81 ON 23 GRTST 24HR 3.73 ON 4- 5 TO 1/4 MILE OR LESS
LOWEST: 43 ON 11 3 = THUNDER
SNOW, ICE PELLETS, HAIL 4 = ICE PELLETS
TOTAL MONTH: M 5 = HAIL
GRTST 24HR M ON M 6 = FREEZING RAIN OR DRIZZLE
GRTST DEPTH: M ON M 7 = DUSTSTORM OR SANDSTORM:
VSBY 1/2 MILE OR LESS
8 = SMOKE OR HAZE
[NO. OF DAYS WITH] [WEATHER - DAYS WITH] 9 = BLOWING SNOW
X = TORNADO
MAX 32 OR BELOW: 0 0.01 INCH OR MORE: 11
MAX 90 OR ABOVE: 0 0.10 INCH OR MORE: 8
MIN 32 OR BELOW: 0 0.50 INCH OR MORE: 6
MIN 0 OR BELOW: 0 1.00 INCH OR MORE: 4
[HDD (BASE 65) ]
TOTAL THIS MO. 180 CLEAR (SCALE 0-3) 9
DPTR FM NORMAL -33 PTCLDY (SCALE 4-7) 14
TOTAL FM JUL 1 502 CLOUDY (SCALE 8-10) 6
DPTR FM NORMAL -373
[CDD (BASE 65) ]
TOTAL THIS MO. 6
DPTR FM NORMAL 0 [PRESSURE DATA]
TOTAL FM JAN 1 12 HIGHEST SLP 30.25 ON 22
DPTR FM NORMAL 2 LOWEST SLP 29.64 ON 6
[REMARKS]
#FINAL-02-24#