000
CXUS55 KPUB 011310
CF6LHX
PRELIMINARY LOCAL CLIMATOLOGICAL DATA (WS FORM: F-6)
STATION: LA JUNTA CO
MONTH: NOVEMBER
YEAR: 2023
LATITUDE: 38 2 N
LONGITUDE: 103 31 W
TEMPERATURE IN F: :PCPN: SNOW: WIND :SUNSHINE: SKY :PK WND
================================================================================
1 2 3 4 5 6A 6B 7 8 9 10 11 12 13 14 15 16 17 18
12Z AVG MX 2MIN
DY MAX MIN AVG DEP HDD CDD WTR SNW DPTH SPD SPD DIR MIN PSBL S-S WX SPD DR
================================================================================
1 69 20 45 -3 20 0 0.00 M M 6.3 14 290 M M 0 17 250
2 73 28 51 4 14 0 0.00 M M 7.6 17 240 M M 0 21 240
3 77 37 57 10 8 0 0.00 M M 8.6 17 250 M M 0 22 240
4 71 31 51 4 14 0 0.00 M M 8.0 14 100 M M 0 18 100
5 81 30 56 10 9 0 0.00 M M 6.8 22 240 M M 0 29 240
6 77 39 58 12 7 0 0.00 M M 8.8 21 140 M M 0 27 140
7 84 37 61 16 4 0 0.00 M M 13.3 29 220 M M 0 39 240
8 61 37 49 4 16 0 0.00 M M 11.7 24 20 M M 4 33 360
9 52 38 45 0 20 0 0.00 M M 5.4 14 170 M M 7 19 210
10 61 25 43 -1 22 0 0.00 M M 5.4 17 240 M M 0 23 250
11 63 24 44 0 21 0 0.00 M M 6.3 14 260 M M 0 18 260
12 66 20 43 0 22 0 0.00 M M 8.0 16 90 M M 0 21 90
13 69 24 47 4 18 0 0.00 M M 7.8 23 160 M M 0 32 150
14 74 24 49 7 16 0 0.00 M M 7.2 15 270 M M 0 17 260
15 68 28 48 6 17 0 0.00 M M 8.0 17 280 M M 0 22 280
16 80 32 56 14 9 0 0.00 M M 9.0 24 310 M M 0 33 310
17 64 25 45 4 20 0 0.00 M M 5.6 12 280 M M 0 15 70
18 64 27 46 5 19 0 0.00 M M 5.8 14 230 M M 2 17 230
19 62 34 48 8 17 0 T M M 8.8 16 270 M M 2 20 260
20 52 39 46 6 19 0 0.00 M M 21.6 36 340 M M 8 48 350
21 57 30 44 4 21 0 0.00 M M 11.9 26 350 M M 2 40 360
22 71 26 49 10 16 0 0.00 M M 7.2 15 260 M M 0 18 260
23 47 27 37 -2 28 0 0.00 M M 14.0 23 70 M M 4 31 70
24 27 19 23 -15 42 0 T M M 11.2 18 80 M M 10 1 24 90
25 28 17 23 -15 42 0 T M M 9.6 17 100 M M 9 1 21 90
26 44 14 29 -9 36 0 0.00 M M 9.4 18 270 M M 0 24 260
27 45 12 29 -8 36 0 0.00 M M 5.7 14 270 M M 0 18 270
28 60 15 38 1 27 0 0.00 M M 7.3 15 260 M M 0 20 260
29 63 15 39 3 26 0 0.00 M M 6.8 14 270 M M 0 16 270
30 47 17 32 -4 33 0 0.00 M M 9.0 16 10 M M 0 22 20
================================================================================
SM 1857 791 619 0 T M 262.1 M 48
================================================================================
AV 61.9 26.4 8.7 FASTST M M 2 MAX(MPH)
MISC ----> 36 340 48 350
================================================================================
NOTES:
# LAST OF SEVERAL OCCURRENCES
COLUMN 17 PEAK WIND IN M.P.H.
PRELIMINARY LOCAL CLIMATOLOGICAL DATA (WS FORM: F-6) , PAGE 2
STATION: LA JUNTA CO
MONTH: NOVEMBER
YEAR: 2023
LATITUDE: 38 2 N
LONGITUDE: 103 31 W
[TEMPERATURE DATA] [PRECIPITATION DATA] SYMBOLS USED IN COLUMN 16
AVERAGE MONTHLY: 44.1 TOTAL FOR MONTH: T 1 = FOG OR MIST
DPTR FM NORMAL: 2.3 DPTR FM NORMAL: -0.37 2 = FOG REDUCING VISIBILITY
HIGHEST: 84 ON 7 GRTST 24HR T ON 19-19 TO 1/4 MILE OR LESS
LOWEST: 12 ON 27 3 = THUNDER
SNOW, ICE PELLETS, HAIL 4 = ICE PELLETS
TOTAL MONTH: M 5 = HAIL
GRTST 24HR M ON M 6 = FREEZING RAIN OR DRIZZLE
GRTST DEPTH: M ON M 7 = DUSTSTORM OR SANDSTORM:
VSBY 1/2 MILE OR LESS
8 = SMOKE OR HAZE
[NO. OF DAYS WITH] [WEATHER - DAYS WITH] 9 = BLOWING SNOW
X = TORNADO
MAX 32 OR BELOW: 2 0.01 INCH OR MORE: 0
MAX 90 OR ABOVE: 0 0.10 INCH OR MORE: 0
MIN 32 OR BELOW: 23 0.50 INCH OR MORE: 0
MIN 0 OR BELOW: 0 1.00 INCH OR MORE: 0
[HDD (BASE 65) ]
TOTAL THIS MO. 619 CLEAR (SCALE 0-3) 24
DPTR FM NORMAL -76 PTCLDY (SCALE 4-7) 4
TOTAL FM JUL 1 960 CLOUDY (SCALE 8-10) 2
DPTR FM NORMAL -128
[CDD (BASE 65) ]
TOTAL THIS MO. 0
DPTR FM NORMAL 0 [PRESSURE DATA]
TOTAL FM JAN 1 1126 HIGHEST SLP 30.51 ON 21
DPTR FM NORMAL -230 LOWEST SLP 29.56 ON 7
[REMARKS]
#FINAL-11-23#