000
CXUS55 KBOU 010900
CF6LIC
PRELIMINARY LOCAL CLIMATOLOGICAL DATA (WS FORM: F-6)
STATION: LIMON CO
MONTH: MAY
YEAR: 2023
LATITUDE: 39 10 N
LONGITUDE: 103 42 W
TEMPERATURE IN F: :PCPN: SNOW: WIND :SUNSHINE: SKY :PK WND
================================================================================
1 2 3 4 5 6A 6B 7 8 9 10 11 12 13 14 15 16 17 18
12Z AVG MX 2MIN
DY MAX MIN AVG DEP HDD CDD WTR SNW DPTH SPD SPD DIR MIN PSBL S-S WX SPD DR
================================================================================
1 74 32 53 5 12 0 0.00 M M 5.4 17 110 M M 0 23 130
2 69 34 52 4 13 0 0.00 M M 11.7 28 150 M M 0 48 130
3 57 37 47 -2 18 0 0.00 M M 4.2 8 150 M M 1 M M
4 76 42 59 10 6 0 0.06 M M 8.1 26 40 M M 4 3 33 30
5 78 41 60 10 5 0 0.00 M M 9.9 26 190 M M 1 34 180
6 76 33 55 5 10 0 0.00 M M 7.9 22 200 M M 0 30 210
7 75 42 59 9 6 0 0.00 M M 7.6 24 40 M M 2 30 40
8 76 34 55 4 10 0 T M M 11.4 26 170 M M 2 42 170
9 81 42 62 11 3 0 0.00 M M 12.7 31 110 M M 1 46 90
10 80 53 67 15 0 2 0.16 M M 12.5 40 170 M M 9 18 55 170
11 56 45 51 -1 14 0 1.89 M M 13.1 31 310 M M 8 13 38 320
12 59 46 53 1 12 0 0.19 M M 27.6 43 320 M M 7 18 55 320
13 61 47 54 1 11 0 0.06 M M 17.6 32 330 M M 8 1 41 340
14 62 49 56 3 9 0 0.28 M M 13.2 22 10 M M 10 18 29 360
15 59 43 51 -3 14 0 0.00 M M 9.8 17 360 M M 8 1 25 330
16 77 40 59 5 6 0 0.00 M M 9.5 24 10 M M 1 31 360
17 80 46 63 9 2 0 0.00 M M 6.4 20 290 M M 2 28 290
18 71 50 61 6 4 0 0.63 M M 10.0 30 10 M M 7 13 39 20
19 60 51 56 1 9 0 0.00 M M 7.7 15 350 M M 9 18 19 340
20 70 48 59 3 6 0 0.00 M M 9.7 18 180 M M 5 18 28 190
21 73 45 59 3 6 0 0.00 M M 5.9 15 340 M M 0 1 20 360
22 74 47 61 5 4 0 0.00 M M 7.9 18 130 M M 1 138 23 140
23 74 54 64 7 1 0 0.00 M M 11.3 23 150 M M 5 28 150
24 72 46 59 2 6 0 0.59 M M 12.0 25 150 M M 7 1 33 150
25 72 49 61 3 4 0 T M M 14.1 26 140 M M 5 13 33 130
26 74 52 63 5 2 0 0.13 M M 14.8 32 190 M M 6 13 42 180
27 77 52 65 7 0 0 0.00 M M 17.5 35 130 M M 5 3 48 140
28 76 46 61 2 4 0 T M M 7.2 22 160 M M 2 3 30 150
29 80 47 64 5 1 0 T M M 8.2 21 210 M M 1 3 28 200
30 79 49 64 5 1 0 0.00 M M 9.9 38 260 M M 1 53 270
31 80 44 62 2 3 0 0.11 M M 9.8 33 130 M M 1 3 45 140
================================================================================
SM 2228 1386 202 2 4.10 M 334.6 M 119
================================================================================
AV 71.9 44.7 10.8 FASTST M M 4 MAX(MPH)
MISC ----> 43 320 # 55 320
================================================================================
NOTES:
# LAST OF SEVERAL OCCURRENCES
COLUMN 17 PEAK WIND IN M.P.H.
PRELIMINARY LOCAL CLIMATOLOGICAL DATA (WS FORM: F-6) , PAGE 2
STATION: LIMON CO
MONTH: MAY
YEAR: 2023
LATITUDE: 39 10 N
LONGITUDE: 103 42 W
[TEMPERATURE DATA] [PRECIPITATION DATA] SYMBOLS USED IN COLUMN 16
AVERAGE MONTHLY: 58.3 TOTAL FOR MONTH: 4.10 1 = FOG OR MIST
DPTR FM NORMAL: 4.4 DPTR FM NORMAL: 1.89 2 = FOG REDUCING VISIBILITY
HIGHEST: 81 ON 9 GRTST 24HR 1.93 ON 10-11 TO 1/4 MILE OR LESS
LOWEST: 32 ON 1 3 = THUNDER
SNOW, ICE PELLETS, HAIL 4 = ICE PELLETS
TOTAL MONTH: M 5 = HAIL
GRTST 24HR M ON M 6 = FREEZING RAIN OR DRIZZLE
GRTST DEPTH: M ON M 7 = DUSTSTORM OR SANDSTORM:
VSBY 1/2 MILE OR LESS
8 = SMOKE OR HAZE
[NO. OF DAYS WITH] [WEATHER - DAYS WITH] 9 = BLOWING SNOW
X = TORNADO
MAX 32 OR BELOW: 0 0.01 INCH OR MORE: 10
MAX 90 OR ABOVE: 0 0.10 INCH OR MORE: 8
MIN 32 OR BELOW: 1 0.50 INCH OR MORE: 3
MIN 0 OR BELOW: 0 1.00 INCH OR MORE: 1
[HDD (BASE 65) ]
TOTAL THIS MO. 202 CLEAR (SCALE 0-3) 16
DPTR FM NORMAL -147 PTCLDY (SCALE 4-7) 12
TOTAL FM JUL 1 6939 CLOUDY (SCALE 8-10) 3
DPTR FM NORMAL -3
[CDD (BASE 65) ]
TOTAL THIS MO. 2
DPTR FM NORMAL -3 [PRESSURE DATA]
TOTAL FM JAN 1 2 HIGHEST SLP M ON M
DPTR FM NORMAL -3 LOWEST SLP 29.57 ON 10
[REMARKS]
#FINAL-05-23#