000
CXHW51 PHFO 030138
CF6LIH
PRELIMINARY LOCAL CLIMATOLOGICAL DATA (WS FORM: F-6)
STATION: LIHUE HI
MONTH: DECEMBER
YEAR: 2020
LATITUDE: 21 58 N
LONGITUDE: 159 21 W
TEMPERATURE IN F: :PCPN: SNOW: WIND :SUNSHINE: SKY :PK WND
================================================================================
1 2 3 4 5 6A 6B 7 8 9 10 11 12 13 14 15 16 17 18
12Z AVG MX 2MIN
DY MAX MIN AVG DEP HDD CDD WTR SNW DPTH SPD SPD DIR MIN PSBL S-S WX SPD DR
================================================================================
1 82 66 74 0 0 9 T M M 6.3 10 270 M M 4 18 290
2 82 67 75 1 0 10 T M M 5.6 10 120 M M 3 14 140
3 83 65 74 0 0 9 T M M 8.9 13 20 M M 1 16 290
4 83 73 78 4 0 13 0.01 M M 14.9 25 60 M M 6 31 60
5 83 72 78 4 0 13 T M M 6.4 16 70 M M 4 18 70
6 84 67 76 2 0 11 T M M 5.7 12 40 M M 2 14 120
7 84 68 76 2 0 11 T M M 10.4 17 70 M M 5 21 70
8 83 71 77 3 0 12 0.00 M M 9.2 20 80 M M 4 24 80
9 86 70 78 4 0 13 0.12 M M 6.6 16 40 M M 7 1 23 30
10 83 72 78 4 0 13 0.17 M M 6.3 10 50 M M 7 1 18 80
11 83 70 77 3 0 12 0.02 M M 8.5 20 30 M M 4 1 23 30
12 84 76 80 6 0 15 0.00 M M 13.2 18 40 M M 4 22 40
13 84 67 76 3 0 11 T M M 6.9 14 30 M M 2 17 40
14 83 70 77 4 0 12 T M M 9.3 17 70 M M 5 21 70
15 83 76 80 7 0 15 0.01 M M 12.4 17 80 M M 5 21 80
16 82 74 78 5 0 13 0.03 M M 13.6 16 80 M M 7 25 80
17 82 73 78 5 0 13 0.10 M M 13.8 22 40 M M 4 18 26 20
18 82 75 79 6 0 14 T M M 17.3 23 50 M M 6 28 80
19 82 72 77 4 0 12 1.01 M M 16.8 28 70 M M 6 18 34 70
20 82 73 78 5 0 13 0.14 M M 17.2 25 50 M M 6 1 29 50
21 82 75 79 6 0 14 0.01 M M 13.5 18 40 M M 5 23 30
22 81 67 74 1 0 9 T M M 6.2 10 280 M M 3 15 300
23 81 66 74 1 0 9 T M M 7.8 15 20 M M 1 19 280
24 81 67 74 1 0 9 0.03 M M 13.0 23 40 M M 5 1 28 40
25 80 71 76 3 0 11 0.28 M M 20.8 30 30 M M 9 1 38 30
26 78 69 74 2 0 9 0.12 M M 19.7 36 70 M M 9 18 43 80
27 81 70 76 4 0 11 0.00 M M 15.1 21 80 M M 7 26 70
28 82 67 75 3 0 10 0.00 M M 5.9 13 90 M M 2 16 280
29 81 66 74 2 0 9 T M M 6.1 14 100 M M 3 16 110
30 81 67 74 2 0 9 T M M 11.5 20 60 M M 3 23 50
31 M M M M M M M M M M M M M M M M M
================================================================================
SM 2468 2102 0 344 2.05 M 328.9 M 139
================================================================================
AV 82.3 70.1 11.0 FASTST M M 5 MAX(MPH)
MISC ----> 36 70 43 80
================================================================================
NOTES:
# LAST OF SEVERAL OCCURRENCES
COLUMN 17 PEAK WIND IN M.P.H.
PRELIMINARY LOCAL CLIMATOLOGICAL DATA (WS FORM: F-6) , PAGE 2
STATION: LIHUE HI
MONTH: DECEMBER
YEAR: 2020
LATITUDE: 21 58 N
LONGITUDE: 159 21 W
[TEMPERATURE DATA] [PRECIPITATION DATA] SYMBOLS USED IN COLUMN 16
AVERAGE MONTHLY: 76.2 TOTAL FOR MONTH: 2.05 1 = FOG OR MIST
DPTR FM NORMAL: 3.0 DPTR FM NORMAL: -3.15 2 = FOG REDUCING VISIBILITY
HIGHEST: 86 ON 9 GRTST 24HR 1.12 ON 19-20 TO 1/4 MILE OR LESS
LOWEST: 65 ON 3 3 = THUNDER
SNOW, ICE PELLETS, HAIL 4 = ICE PELLETS
TOTAL MONTH: M 5 = HAIL
GRTST 24HR M ON M 6 = FREEZING RAIN OR DRIZZLE
GRTST DEPTH: M ON M 7 = DUSTSTORM OR SANDSTORM:
VSBY 1/2 MILE OR LESS
8 = SMOKE OR HAZE
[NO. OF DAYS WITH] [WEATHER - DAYS WITH] 9 = BLOWING SNOW
X = TORNADO
MAX 32 OR BELOW: 0 0.01 INCH OR MORE: 13
MAX 90 OR ABOVE: 0 0.10 INCH OR MORE: 7
MIN 32 OR BELOW: 0 0.50 INCH OR MORE: 1
MIN 0 OR BELOW: 0 1.00 INCH OR MORE: 1
[HDD (BASE 65) ]
TOTAL THIS MO. 0 CLEAR (SCALE 0-3) 8
DPTR FM NORMAL 0 PTCLDY (SCALE 4-7) 20
TOTAL FM JUL 1 60 CLOUDY (SCALE 8-10) 2
DPTR FM NORMAL 60
[CDD (BASE 65) ]
TOTAL THIS MO. 344
DPTR FM NORMAL 90 [PRESSURE DATA]
TOTAL FM JAN 1 4343 HIGHEST SLP 30.21 ON 25
DPTR FM NORMAL 398 LOWEST SLP 29.93 ON 9
[REMARKS]
#FINAL-12-20#