000
CXUS55 KPIH 011200
CF6LLJ
PRELIMINARY LOCAL CLIMATOLOGICAL DATA (WS FORM: F-6)
STATION: CHALLIS
MONTH: DECEMBER
YEAR: 2022
LATITUDE: 44 31 N
LONGITUDE: 114 13 W
TEMPERATURE IN F: :PCPN: SNOW: WIND :SUNSHINE: SKY :PK WND
================================================================================
1 2 3 4 5 6A 6B 7 8 9 10 11 12 13 14 15 16 17 18
12Z AVG MX 2MIN
DY MAX MIN AVG DEP HDD CDD WTR SNW DPTH SPD SPD DIR MIN PSBL S-S WX SPD DR
================================================================================
1 38 20 29 5 36 0 T M M 7.8 24 260 M M 9 8 33 260
2 27 5 16 -7 49 0 0.00 M M 2.6 12 180 M M 3 14 180
3 19 -3 8 -15 57 0 0.00 M M 1.5 7 340 M M 0 9 190
4 18 -1 9 -13 56 0 0.10 M M 1.3 7 200 M M 7 18 8 180
5 27 6 17 -5 48 0 0.05 M M 0.9 8 270 M M 9 1 10 280
6 36 10 23 1 42 0 0.00 M M 3.0 13 220 M M 6 17 190
7 24 -2 11 -10 54 0 0.00 M M 0.7 6 210 M M 0 7 160
8 18 -7 6 -15 59 0 0.00 M M 0.3 6 240 M M 1 8 6 240
9 28 5 17 -4 48 0 0.02 M M 1.2 9 180 M M 5 18 12 190
10 34 5 20 0 45 0 0.01 M M 2.3 10 360 M M 8 1 13 360
11 32 24 28 8 37 0 0.05 M M 2.9 9 350 M M 10 12 11 340
12 35 27 31 11 34 0 0.08 M M 5.3 13 30 M M 9 1 18 20
13 30 12 21 1 44 0 0.00 M M 2.7 9 330 M M 8 16 350
14 28 16 22 2 43 0 0.04 M M 1.2 7 170 M M 9 1 8 170
15 24 3 14 -5 51 0 0.00 M M 1.5 6 220 M M 6 128 7 210
16 15 -8 4 -15 61 0 0.00 M M 1.6 7 200 M M 3 8 7 210
17 16 -7 5 -14 60 0 0.00 M M 1.3 6 320 M M 0 8 7 170
18 15 -8 4 -15 61 0 0.00 M M 0.9 6 210 M M 2 8 7 300
19 31 -6 13 -6 52 0 0.00 M M 3.5 15 200 M M 4 20 280
20 37 16 27 8 38 0 0.00 M M 4.6 17 180 M M 9 26 190
21 36 4 20 2 45 0 0.02 M M 11.6 28 280 M M 4 1 41 290
22 6 -16 -5 -23 70 0 0.00 M M 1.5 8 160 M M 1 15 310
23 13 -3 5 -13 60 0 0.01 M M 0.0 5 150 M M 9 6 310
24 27 12 20 2 45 0 0.00 M M 0.8 10 180 M M 6 13 170
25 35 13 24 6 41 0 0.00 M M 2.0 9 210 M M 6 10 210
26 41 25 33 15 32 0 0.00 M M 2.3 7 240 M M 4 9 320
27 47 28 38 20 27 0 0.30 M M 8.1 22 220 M M 8 33 200
28 36 22 29 11 36 0 0.00 M M 4.7 17 200 M M 8 22 200
29 27 12 20 2 45 0 0.00 M M 2.0 8 170 M M 4 11 140
30 31 17 24 6 41 0 0.12 M M 1.6 7 360 M M 7 1 10 340
31 30 19 25 7 40 0 0.07 M M 2.4 7 290 M M 10 12 8 360
================================================================================
SM 861 240 1457 0 0.87 M 84.1 M 175
================================================================================
AV 27.8 7.7 2.7 FASTST M M 6 MAX(MPH)
MISC ----> 28 280 41 290
================================================================================
NOTES:
# LAST OF SEVERAL OCCURRENCES
COLUMN 17 PEAK WIND IN M.P.H.
PRELIMINARY LOCAL CLIMATOLOGICAL DATA (WS FORM: F-6) , PAGE 2
STATION: CHALLIS
MONTH: DECEMBER
YEAR: 2022
LATITUDE: 44 31 N
LONGITUDE: 114 13 W
[TEMPERATURE DATA] [PRECIPITATION DATA] SYMBOLS USED IN COLUMN 16
AVERAGE MONTHLY: 17.8 TOTAL FOR MONTH: 0.87 1 = FOG OR MIST
DPTR FM NORMAL: -2.0 DPTR FM NORMAL: 0.35 2 = FOG REDUCING VISIBILITY
HIGHEST: 47 ON 27 GRTST 24HR 0.30 ON 27-27 TO 1/4 MILE OR LESS
LOWEST: -16 ON 22 3 = THUNDER
SNOW, ICE PELLETS, HAIL 4 = ICE PELLETS
TOTAL MONTH: M 5 = HAIL
GRTST 24HR M ON M 6 = FREEZING RAIN OR DRIZZLE
GRTST DEPTH: M ON M 7 = DUSTSTORM OR SANDSTORM:
VSBY 1/2 MILE OR LESS
8 = SMOKE OR HAZE
[NO. OF DAYS WITH] [WEATHER - DAYS WITH] 9 = BLOWING SNOW
X = TORNADO
MAX 32 OR BELOW: 21 0.01 INCH OR MORE: 12
MAX 90 OR ABOVE: 0 0.10 INCH OR MORE: 3
MIN 32 OR BELOW: 31 0.50 INCH OR MORE: 0
MIN 0 OR BELOW: 10 1.00 INCH OR MORE: 0
[HDD (BASE 65) ]
TOTAL THIS MO. 1457 CLEAR (SCALE 0-3) 8
DPTR FM NORMAL 56 PTCLDY (SCALE 4-7) 14
TOTAL FM JUL 1 3431 CLOUDY (SCALE 8-10) 9
DPTR FM NORMAL 103
[CDD (BASE 65) ]
TOTAL THIS MO. 0
DPTR FM NORMAL 0 [PRESSURE DATA]
TOTAL FM JAN 1 515 HIGHEST SLP 30.67 ON 24
DPTR FM NORMAL 203 LOWEST SLP 29.28 ON 27
[REMARKS]
#FINAL-12-22#