000
CXUS54 KLZK 241230
CF6LLQ
PRELIMINARY LOCAL CLIMATOLOGICAL DATA (WS FORM: F-6)
STATION: MONTICELLO
MONTH: APRIL
YEAR: 2024
LATITUDE: 33 37 N
LONGITUDE: 91 45 W
TEMPERATURE IN F: :PCPN: SNOW: WIND :SUNSHINE: SKY :PK WND
================================================================================
1 2 3 4 5 6A 6B 7 8 9 10 11 12 13 14 15 16 17 18
12Z AVG MX 2MIN
DY MAX MIN AVG DEP HDD CDD WTR SNW DPTH SPD SPD DIR MIN PSBL S-S WX SPD DR
================================================================================
1 81 67 74 14 0 9 0.00 0.0 0 8.3 17 170 M M 5 31 160
2 82 54 68 8 0 3 0.09 0.0 0 12.0 21 310 M M 6 13 39 310
3 67 46 57 -3 8 0 0.00 0.0 0 8.4 21 280 M M 1 40 280
4 75 42 59 -2 6 0 0.00 0.0 0 6.4 17 300 M M 0 28 290
5 74 42 58 -3 7 0 0.00 0.0 0 4.1 12 80 M M 0 15 50
6 74 50 62 1 3 0 0.00 0.0 0 6.6 15 100 M M 0 23 140
7 84 60 72 11 0 7 0.28 0.0 0 9.3 20 210 M M 8 138 31 200
8 78 63 71 9 0 6 0.76 0.0 0 5.9 17 200 M M 9 13 30 190
9 65 59 62 0 3 0 2.99 0.0 0 7.6 21 120 M M 9 13 36 120
10 72 61 67 5 0 2 1.06 0.0 0 5.8 23 140 M M 8 13 37 130
11 73 53 63 1 2 0 0.73 0.0 0 10.9 26 280 M M 4 13 46 280
12 78 46 62 -1 3 0 0.00 0.0 0 4.4 13 330 M M 0 20 330
13 85 52 69 6 0 4 0.00 0.0 0 6.4 15 200 M M 0 21 200
14 84 61 73 10 0 8 0.00 0.0 0 9.2 20 200 M M 1 27 200
15 80 64 72 9 0 7 0.00 0.0 0 5.5 14 210 M M 3 21 180
16 84 64 74 10 0 9 T 0.0 0 8.3 23 200 M M 5 3 33 190
17 85 70 78 14 0 13 T 0.0 0 6.0 13 200 M M 6 8 19 190
18 74 68 71 7 0 6 0.71 0.0 0 6.2 13 170 M M 7 123 19 150
19 71 59 65 1 0 0 0.01 0.0 0 6.1 14 50 M M 9 1 22 30
20 60 50 55 -10 10 0 0.56 0.0 0 6.3 17 60 M M 10 13 24 50
21 65 44 55 -10 10 0 0.01 0.0 0 5.4 18 50 M M 3 32 50
22 70 40 55 -10 10 0 0.00 0.0 0 3.6 12 120 M M 0 17 190
23 78 49 64 -2 1 0 0.00 0.0 0 8.0 16 210 M M 1 26 190
================================================================================
SM 1739 1264 63 74 7.20 0.0 160.7 M 95
================================================================================
AV 75.6 55.0 7.0 FASTST M M 4 MAX(MPH)
MISC ----> 26 280 46 280
================================================================================
NOTES:
# LAST OF SEVERAL OCCURRENCES
COLUMN 17 PEAK WIND IN M.P.H.
PRELIMINARY LOCAL CLIMATOLOGICAL DATA (WS FORM: F-6) , PAGE 2
STATION: MONTICELLO
MONTH: APRIL
YEAR: 2024
LATITUDE: 33 37 N
LONGITUDE: 91 45 W
[TEMPERATURE DATA] [PRECIPITATION DATA] SYMBOLS USED IN COLUMN 16
AVERAGE MONTHLY: 65.3 TOTAL FOR MONTH: 7.20 1 = FOG OR MIST
DPTR FM NORMAL: 2.6 DPTR FM NORMAL: 2.55 2 = FOG REDUCING VISIBILITY
HIGHEST: 85 ON 13,17 GRTST 24HR 3.43 ON 8- 9 TO 1/4 MILE OR LESS
LOWEST: 40 ON 22 3 = THUNDER
SNOW, ICE PELLETS, HAIL 4 = ICE PELLETS
TOTAL MONTH: 0.0 INCH 5 = HAIL
GRTST 24HR 0.0 6 = FREEZING RAIN OR DRIZZLE
GRTST DEPTH: 0 7 = DUSTSTORM OR SANDSTORM:
VSBY 1/2 MILE OR LESS
8 = SMOKE OR HAZE
[NO. OF DAYS WITH] [WEATHER - DAYS WITH] 9 = BLOWING SNOW
X = TORNADO
MAX 32 OR BELOW: 0 0.01 INCH OR MORE: 10
MAX 90 OR ABOVE: 0 0.10 INCH OR MORE: 7
MIN 32 OR BELOW: 0 0.50 INCH OR MORE: 6
MIN 0 OR BELOW: 0 1.00 INCH OR MORE: 2
[HDD (BASE 65) ]
TOTAL THIS MO. 63 CLEAR (SCALE 0-3) 11
DPTR FM NORMAL -43 PTCLDY (SCALE 4-7) 8
TOTAL FM JUL 1 2178 CLOUDY (SCALE 8-10) 4
DPTR FM NORMAL -422
[CDD (BASE 65) ]
TOTAL THIS MO. 74
DPTR FM NORMAL 20 [PRESSURE DATA]
TOTAL FM JAN 1 117 HIGHEST SLP M ON M
DPTR FM NORMAL 33 LOWEST SLP 29.48 ON 10
[REMARKS]