000
CXUS54 KLZK 011230
CF6LLQ
PRELIMINARY LOCAL CLIMATOLOGICAL DATA (WS FORM: F-6)
STATION: MONTICELLO
MONTH: DECEMBER
YEAR: 2021
LATITUDE: 33 37 N
LONGITUDE: 91 45 W
TEMPERATURE IN F: :PCPN: SNOW: WIND :SUNSHINE: SKY :PK WND
================================================================================
1 2 3 4 5 6A 6B 7 8 9 10 11 12 13 14 15 16 17 18
12Z AVG MX 2MIN
DY MAX MIN AVG DEP HDD CDD WTR SNW DPTH SPD SPD DIR MIN PSBL S-S WX SPD DR
================================================================================
1 72 50 61 12 4 0 0.00 0.0 0 6.5 14 250 M M 1 1 21 210
2 76 46 61 12 4 0 0.00 0.0 0 4.0 9 210 M M 1 12 11 220
3 73 59 66 17 0 1 0.00 0.0 0 6.4 13 210 M M 5 1 17 230
4 69 58 64 15 1 0 0.03 0.0 0 3.6 9 190 M M 9 1 14 50
5 76 57 67 19 0 2 T 0.0 0 7.9 16 220 M M 6 1 24 190
6 68 38 53 5 12 0 0.32 0.0 0 8.6 21 50 M M 6 13 31 340
7 47 36 42 -6 23 0 0.00 0.0 0 6.4 15 70 M M 9 19 80
8 58 35 47 -1 18 0 0.00 0.0 0 2.6 9 50 M M 1 15 40
9 69 39 54 7 11 0 0.00 0.0 0 7.0 14 200 M M 8 1 21 170
10 81 69 75 28 0 10 0.00 0.0 M 11.5 23 200 M M 9 1 33 200
11 76 32 54 7 11 0 0.53 0.0 0 7.7 25 260 M M 2 13 36 270
12 55 29 42 -5 23 0 0.00 0.0 0 2.8 14 90 M M 0 16 80
13 65 31 48 1 17 0 0.00 0.0 0 2.5 9 100 M M 3 8 13 110
14 69 51 60 14 5 0 0.14 0.0 0 4.8 10 130 M M 8 1 15 140
15 73 63 68 22 0 3 0.00 0.0 0 7.9 16 170 M M 7 1 24 190
16 77 57 67 21 0 2 0.07 0.0 0 8.8 18 200 M M 10 13 24 210
17 76 57 67 21 0 2 0.00 0.0 0 5.8 15 190 M M 6 12 22 210
18 65 41 53 7 12 0 0.57 0.0 0 7.3 15 50 M M 7 1 24 330
19 41 32 37 -9 28 0 0.00 0.0 0 6.1 15 50 M M 8 25 50
20 45 30 38 -7 27 0 0.07 0.0 0 2.4 8 80 M M 5 1 10 50
21 56 36 46 1 19 0 0.00 0.0 0 3.8 10 300 M M 4 12 14 320
22 57 34 46 1 19 0 0.00 0.0 0 5.3 14 50 M M 0 18 20 50
23 68 39 54 9 11 0 0.00 0.0 0 7.3 16 170 M M 2 21 170
24 76 54 65 20 0 0 0.00 0.0 0 14.0 23 200 M M 2 35 210
25 77 65 71 26 0 6 0.00 0.0 0 11.5 22 210 M M 5 29 220
26 73 62 68 24 0 3 0.00 0.0 0 7.3 16 200 M M 5 12 23 210
27 75 63 69 25 0 4 0.00 0.0 0 8.1 18 220 M M 7 28 210
28 74 65 70 26 0 5 0.01 0.0 0 8.9 17 210 M M 7 1 25 200
29 79 56 68 24 0 3 0.77 0.0 0 5.7 23 200 M M 8 13 30 200
30 72 49 61 17 4 0 0.00 0.0 0 2.3 9 220 M M 5 12 11 200
31 75 62 69 25 0 4 0.00 0.0 0 8.2 17 200 M M 6 1 24 200
================================================================================
SM 2113 1495 249 45 2.51 0.0 203.0 M 162
================================================================================
AV 68.2 48.2 6.5 FASTST M M 5 MAX(MPH)
MISC ----> 25 260 36 270
================================================================================
NOTES:
# LAST OF SEVERAL OCCURRENCES
COLUMN 17 PEAK WIND IN M.P.H.
PRELIMINARY LOCAL CLIMATOLOGICAL DATA (WS FORM: F-6) , PAGE 2
STATION: MONTICELLO
MONTH: DECEMBER
YEAR: 2021
LATITUDE: 33 37 N
LONGITUDE: 91 45 W
[TEMPERATURE DATA] [PRECIPITATION DATA] SYMBOLS USED IN COLUMN 16
AVERAGE MONTHLY: 58.2 TOTAL FOR MONTH: 2.51 1 = FOG OR MIST
DPTR FM NORMAL: 12.0 DPTR FM NORMAL: -3.34 2 = FOG REDUCING VISIBILITY
HIGHEST: 81 ON 10 GRTST 24HR 0.77 ON 29-29 TO 1/4 MILE OR LESS
LOWEST: 29 ON 12 3 = THUNDER
SNOW, ICE PELLETS, HAIL 4 = ICE PELLETS
TOTAL MONTH: 0.0 INCH 5 = HAIL
GRTST 24HR 0.0 6 = FREEZING RAIN OR DRIZZLE
GRTST DEPTH: 0 7 = DUSTSTORM OR SANDSTORM:
VSBY 1/2 MILE OR LESS
8 = SMOKE OR HAZE
[NO. OF DAYS WITH] [WEATHER - DAYS WITH] 9 = BLOWING SNOW
X = TORNADO
MAX 32 OR BELOW: 0 0.01 INCH OR MORE: 9
MAX 90 OR ABOVE: 0 0.10 INCH OR MORE: 5
MIN 32 OR BELOW: 5 0.50 INCH OR MORE: 3
MIN 0 OR BELOW: 0 1.00 INCH OR MORE: 0
[HDD (BASE 65) ]
TOTAL THIS MO. 249 CLEAR (SCALE 0-3) 9
DPTR FM NORMAL -336 PTCLDY (SCALE 4-7) 15
TOTAL FM JUL 1 692 CLOUDY (SCALE 8-10) 7
DPTR FM NORMAL -357
[CDD (BASE 65) ]
TOTAL THIS MO. 45
DPTR FM NORMAL 41 [PRESSURE DATA]
TOTAL FM JAN 1 2305 HIGHEST SLP 30.39 ON 12
DPTR FM NORMAL -17 LOWEST SLP 29.65 ON 28
[REMARKS]
#FINAL-12-21#