000
CXUS55 KRIW 100508
CF6LND
PRELIMINARY LOCAL CLIMATOLOGICAL DATA (WS FORM: F-6)
STATION: LANDER WY
MONTH: MAY
YEAR: 2022
LATITUDE: 42 49 N
LONGITUDE: 108 44 W
TEMPERATURE IN F: :PCPN: SNOW: WIND :SUNSHINE: SKY :PK WND
================================================================================
1 2 3 4 5 6A 6B 7 8 9 10 11 12 13 14 15 16 17 18
12Z AVG MX 2MIN
DY MAX MIN AVG DEP HDD CDD WTR SNW DPTH SPD SPD DIR MIN PSBL S-S WX SPD DR
================================================================================
1 54 37 46 -1 19 0 0.47 0.0 0 8.6 17 330 M M 6 1 23 330
2 60 39 50 2 15 0 0.07 0.0 0 5.7 13 310 M M 9 1 18 110
3 52 34 43 -5 22 0 0.88 0.0 0 6.9 16 20 M M 6 1 24 90
4 56 35 46 -2 19 0 0.68 0.0 0 8.2 14 160 M M 6 1 19 150
5 70 36 53 4 12 0 0.00 0.0 0 6.4 17 310 M M 0 27 330
6 71 47 59 10 6 0 0.00 0.0 0 7.3 24 230 M M 0 45 220
7 62 42 52 3 13 0 T 0.0 0 16.3 32 250 M M 1 48 250
8 55 37 46 -4 19 0 0.00 0.0 0 8.3 26 280 M M 7 35 270
9 48 30 39 -11 26 0 T T 0 11.7 38 230 M M 4 51 230
10 64 29 47 -4 18 0 0.00 0.0 0 6.4 29 190 M M 4 35 190
11 63 40 52 1 13 0 0.04 0.0 0 6.7 21 10 M M 4 1 29 40
12 56 40 48 -3 17 0 0.23 0.0 0 10.6 33 260 M M 7 13 46 270
13 61 33 47 -5 18 0 0.00 0.0 0 9.9 30 280 M M 1 46 260
14 69 39 54 2 11 0 0.00 0.0 0 7.2 36 280 M M 1 46 270
15 71 38 55 3 10 0 0.00 0.0 0 5.0 13 220 M M 0 16 230
16 75 43 59 6 6 0 T 0.0 0 7.8 24 170 M M 0 52 250
17 76 47 62 9 3 0 0.00 0.0 0 6.9 21 280 M M 0 29 290
18 76 42 59 5 6 0 0.00 0.0 0 6.5 22 240 M M 1 31 280
19 65 38 52 -2 13 0 T 0.0 0 15.3 32 300 M M 5 48 270
20 46 30 38 -16 27 0 T T 0 11.6 28 30 M M 8 35 30
21 50 34 42 -13 23 0 T 0.0 0 5.5 25 230 M M 5 32 240
22 57 29 43 -12 22 0 0.01 0.0 0 5.4 20 280 M M 4 25 280
23 57 35 46 -9 19 0 0.34 0.0 0 10.2 23 320 M M 7 1 32 320
24 58 37 48 -8 17 0 0.09 0.0 0 6.5 28 250 M M 4 3 36 260
25 73 35 54 -2 11 0 0.00 0.0 0 4.1 12 250 M M 1 15 130
26 81 48 65 9 0 0 0.00 0.0 0 6.0 31 220 M M 0 41 220
27 79 52 66 9 0 1 0.00 0.0 0 6.6 24 270 M M 1 34 300
28 67 45 56 -1 9 0 T 0.0 0 9.0 32 200 M M 4 47 200
29 65 39 52 -5 13 0 0.00 0.0 0 9.4 30 230 M M 3 40 220
30 47 39 43 -15 22 0 0.47 0.0 0 6.6 15 340 M M 10 1 20 350
31 48 38 43 -15 22 0 0.85 0.0 0 5.3 16 340 M M 10 1 21 340
================================================================================
SM 1932 1187 451 1 4.13 T 247.9 M 119
================================================================================
AV 62.3 38.3 8.0 FASTST M M 4 MAX(MPH)
MISC ----> 38 230 52 250
================================================================================
NOTES:
# LAST OF SEVERAL OCCURRENCES
COLUMN 17 PEAK WIND IN M.P.H.
PRELIMINARY LOCAL CLIMATOLOGICAL DATA (WS FORM: F-6) , PAGE 2
STATION: LANDER WY
MONTH: MAY
YEAR: 2022
LATITUDE: 42 49 N
LONGITUDE: 108 44 W
[TEMPERATURE DATA] [PRECIPITATION DATA] SYMBOLS USED IN COLUMN 16
AVERAGE MONTHLY: 50.3 TOTAL FOR MONTH: 4.13 1 = FOG OR MIST
DPTR FM NORMAL: -2.5 DPTR FM NORMAL: 1.45 2 = FOG REDUCING VISIBILITY
HIGHEST: 81 ON 26 GRTST 24HR 1.56 ON 3- 4 TO 1/4 MILE OR LESS
LOWEST: 29 ON 22,10 3 = THUNDER
SNOW, ICE PELLETS, HAIL 4 = ICE PELLETS
TOTAL MONTH: T 5 = HAIL
GRTST 24HR T ON 9- 9 6 = FREEZING RAIN OR DRIZZLE
GRTST DEPTH: 0 7 = DUSTSTORM OR SANDSTORM:
VSBY 1/2 MILE OR LESS
8 = SMOKE OR HAZE
[NO. OF DAYS WITH] [WEATHER - DAYS WITH] 9 = BLOWING SNOW
X = TORNADO
MAX 32 OR BELOW: 0 0.01 INCH OR MORE: 11
MAX 90 OR ABOVE: 0 0.10 INCH OR MORE: 7
MIN 32 OR BELOW: 4 0.50 INCH OR MORE: 3
MIN 0 OR BELOW: 0 1.00 INCH OR MORE: 0
[HDD (BASE 65) ]
TOTAL THIS MO. 451 CLEAR (SCALE 0-3) 13
DPTR FM NORMAL 66 PTCLDY (SCALE 4-7) 15
TOTAL FM JUL 1 6916 CLOUDY (SCALE 8-10) 3
DPTR FM NORMAL -672
[CDD (BASE 65) ]
TOTAL THIS MO. 1
DPTR FM NORMAL -4 [PRESSURE DATA]
TOTAL FM JAN 1 1 HIGHEST SLP 30.28 ON 31
DPTR FM NORMAL -4 LOWEST SLP 29.32 ON 29
[REMARKS]
#FINAL-05-22#