000
CXUS53 KMKX 010810
CF6LNR
PRELIMINARY LOCAL CLIMATOLOGICAL DATA (WS FORM: F-6)
STATION: LONE ROCK WI
MONTH: JUNE
YEAR: 2023
LATITUDE: 43 12 N
LONGITUDE: 90 11 W
TEMPERATURE IN F: :PCPN: SNOW: WIND :SUNSHINE: SKY :PK WND
================================================================================
1 2 3 4 5 6A 6B 7 8 9 10 11 12 13 14 15 16 17 18
12Z AVG MX 2MIN
DY MAX MIN AVG DEP HDD CDD WTR SNW DPTH SPD SPD DIR MIN PSBL S-S WX SPD DR
================================================================================
1 91 61 76 11 0 11 T M M 5.1 20 150 M M 1 26 160
2 93 61 77 12 0 12 0.09 M M 2.5 21 120 M M 1 13 30 130
3 93 59 76 10 0 11 0.00 M M 3.6 14 60 M M 1 12 19 20
4 87 56 72 6 0 7 0.00 M M 5.4 15 80 M M 1 18 20 110
5 87 52 70 4 0 5 0.00 M M 1.5 7 50 M M 0 18 11 300
6 81 60 71 5 0 6 T M M 5.7 15 50 M M 6 18 19 40
7 79 50 65 -2 0 0 0.00 M M 5.6 14 50 M M 2 21 30
8 79 43 61 -6 4 0 0.00 M M 2.5 15 60 M M 0 19 70
9 82 43 63 -4 2 0 0.00 M M 3.0 14 300 M M 0 19 310
10 84 54 69 1 0 4 0.01 M M 3.2 18 20 M M 3 25 20
11 64 43 54 -14 11 0 0.03 M M 7.9 17 350 M M 8 23 10
12 74 38 56 -12 9 0 T M M 7.1 23 350 M M 6 12 33 360
13 78 53 66 -2 0 1 0.06 M M 7.8 18 310 M M 6 1 26 300
14 87 54 71 3 0 6 0.00 M M 2.8 12 300 M M 1 18 16 300
15 76 47 62 -7 3 0 0.00 M M 7.3 18 40 M M 2 18 26 360
16 77 45 61 -8 4 0 0.00 M M 3.4 13 80 M M 3 1 16 70
17 84 50 67 -2 0 2 M M M 2.9 12 140 M M 1 128 18 190
18 86 57 72 3 0 7 0.01 M M 7.7 17 130 M M 4 138 26 110
19 90 61 76 6 0 11 0.00 M M 5.3 13 100 M M 0 18 20 90
20 90 53 72 2 0 7 0.00 0.0 0 5.9 20 90 M M 0 18 29 60
21 92 54 73 3 0 8 0.00 0.0 0 4.5 13 90 M M 1 18 19 130
22 92 58 75 5 0 10 0.00 M M 3.3 14 70 M M 1 18 22 40
23 92 53 73 3 0 8 0.00 M M 2.1 12 120 M M 0 18 16 130
24 93 56 75 5 0 10 0.38 M M 6.2 24 70 M M 2 138 32 130
25 76 66 71 0 0 6 0.05 M M 9.7 20 290 M M 7 1 27 250
26 77 63 70 -1 0 5 0.00 M M 11.3 20 310 M M 8 8 30 340
27 85 58 72 1 0 7 0.00 M M 3.9 13 350 M M 5 18 19 340
28 86 60 73 2 0 8 0.02 M M 7.8 17 180 M M 8 18 25 180
29 91 62 77 6 0 12 0.00 M M 2.7 12 350 M M 2 18 15 360
30 88 60 74 3 0 9 0.00 M M 2.6 13 270 M M 3 18 17 280
================================================================================
SM 2534 1630 33 173 0.65 0.0 150.3 M 83
================================================================================
AV 84.5 54.3 5.0 FASTST M M 3 MAX(MPH)
MISC ----> 24 70 33 360
================================================================================
NOTES:
# LAST OF SEVERAL OCCURRENCES
COLUMN 17 PEAK WIND IN M.P.H.
PRELIMINARY LOCAL CLIMATOLOGICAL DATA (WS FORM: F-6) , PAGE 2
STATION: LONE ROCK WI
MONTH: JUNE
YEAR: 2023
LATITUDE: 43 12 N
LONGITUDE: 90 11 W
[TEMPERATURE DATA] [PRECIPITATION DATA] SYMBOLS USED IN COLUMN 16
AVERAGE MONTHLY: 69.4 TOTAL FOR MONTH: 0.65 1 = FOG OR MIST
DPTR FM NORMAL: 0.8 DPTR FM NORMAL: -4.63 2 = FOG REDUCING VISIBILITY
HIGHEST: 93 ON 24, 3 GRTST 24HR 0.43 ON 24-25 TO 1/4 MILE OR LESS
LOWEST: 38 ON 12 3 = THUNDER
SNOW, ICE PELLETS, HAIL 4 = ICE PELLETS
TOTAL MONTH: 0.0 INCH 5 = HAIL
GRTST 24HR 0.0 6 = FREEZING RAIN OR DRIZZLE
GRTST DEPTH: 0 7 = DUSTSTORM OR SANDSTORM:
VSBY 1/2 MILE OR LESS
8 = SMOKE OR HAZE
[NO. OF DAYS WITH] [WEATHER - DAYS WITH] 9 = BLOWING SNOW
X = TORNADO
MAX 32 OR BELOW: 0 0.01 INCH OR MORE: 8
MAX 90 OR ABOVE: 10 0.10 INCH OR MORE: 1
MIN 32 OR BELOW: 0 0.50 INCH OR MORE: 0
MIN 0 OR BELOW: 0 1.00 INCH OR MORE: 0
[HDD (BASE 65) ]
TOTAL THIS MO. 33 CLEAR (SCALE 0-3) 19
DPTR FM NORMAL -2 PTCLDY (SCALE 4-7) 11
TOTAL FM JUL 1 6377 CLOUDY (SCALE 8-10) 0
DPTR FM NORMAL -687
[CDD (BASE 65) ]
TOTAL THIS MO. 173
DPTR FM NORMAL 30 [PRESSURE DATA]
TOTAL FM JAN 1 209 HIGHEST SLP M ON M
DPTR FM NORMAL 21 LOWEST SLP 29.53 ON 25
[REMARKS]
#FINAL-06-23#