000
CXUS53 KLMK 010810
CF6LOU
PRELIMINARY LOCAL CLIMATOLOGICAL DATA (WS FORM: F-6)
STATION: LOUISVILLE BOWMAN KY
MONTH: NOVEMBER
YEAR: 2023
LATITUDE: 38 13 N
LONGITUDE: 85 39 W
TEMPERATURE IN F: :PCPN: SNOW: WIND :SUNSHINE: SKY :PK WND
================================================================================
1 2 3 4 5 6A 6B 7 8 9 10 11 12 13 14 15 16 17 18
12Z AVG MX 2MIN
DY MAX MIN AVG DEP HDD CDD WTR SNW DPTH SPD SPD DIR MIN PSBL S-S WX SPD DR
================================================================================
1 47 28 38 -14 27 0 0.00 M M 3.5 17 300 M M 2 28 280
2 56 28 42 -10 23 0 0.00 M M 5.5 15 160 M M 0 23 230
3 63 36 50 -2 15 0 0.00 M M 8.5 18 200 M M 0 28 180
4 69 47 58 7 7 0 0.00 M M 6.7 17 190 M M 0 23 210
5 65 40 53 2 12 0 T M M 2.4 10 10 M M 1 18 15 20
6 75 37 56 6 9 0 0.00 M M 6.6 23 210 M M 2 31 220
7 74 60 67 17 0 2 0.00 M M 3.2 9 210 M M 7 8 14 210
8 81 55 68 18 0 3 0.00 M M 10.9 25 180 M M 4 1 40 150
9 73 54 64 15 1 0 T M M 9.0 17 290 M M 4 27 360
10 63 46 55 6 10 0 0.01 M M 2.7 12 220 M M 3 15 230
11 55 33 44 -5 21 0 0.00 M M 5.5 13 60 M M 0 17 10
12 60 36 48 0 17 0 0.00 M M 3.7 12 50 M M 0 8 16 80
13 67 33 50 2 15 0 0.00 M M 2.6 12 300 M M 0 1 17 290
14 61 31 46 -2 19 0 0.00 M M 3.4 14 100 M M 0 17 110
15 70 35 53 6 12 0 0.00 M M 2.4 15 230 M M 0 20 240
16 69 38 54 7 11 0 0.00 M M 1.9 9 150 M M 4 13 160
17 64 50 57 11 8 0 0.06 M M 9.4 21 200 M M 10 1 32 210
18 54 34 44 -2 21 0 0.00 M M 4.0 12 330 M M 2 20 10
19 59 29 44 -2 21 0 0.00 M M 2.6 8 60 M M 0 1 13 40
20 54 45 50 4 15 0 0.21 M M 7.8 14 70 M M 6 1 18 70
21 57 43 50 5 15 0 0.92 M M 9.5 20 130 M M 10 1 28 130
22 52 33 43 -2 22 0 0.00 M M 6.3 14 280 M M 6 20 290
23 55 31 43 -1 22 0 0.00 M M 4.6 14 230 M M 2 1 23 210
24 49 31 40 -4 25 0 0.00 M M 7.5 17 30 M M 2 24 40
25 49 31 40 -4 25 0 0.00 M M 4.1 13 30 M M 0 18 17 60
26 48 31 40 -4 25 0 0.06 M M 7.0 22 280 M M 6 1 31 280
27 39 31 35 -8 30 0 0.00 M M 10.4 21 280 M M 8 34 300
28 34 21 28 -15 37 0 0.00 M M 7.6 21 280 M M 2 8 30 290
29 50 19 35 -8 30 0 0.00 M M 8.1 18 230 M M 0 24 220
30 62 34 48 6 17 0 0.00 M M 8.2 23 210 M M 2 31 220
================================================================================
SM 1774 1100 512 5 1.26 M 175.6 M 83
================================================================================
AV 59.1 36.7 5.9 FASTST M M 3 MAX(MPH)
MISC ----> 25 180 40 150
================================================================================
NOTES:
# LAST OF SEVERAL OCCURRENCES
COLUMN 17 PEAK WIND IN M.P.H.
PRELIMINARY LOCAL CLIMATOLOGICAL DATA (WS FORM: F-6) , PAGE 2
STATION: LOUISVILLE BOWMAN KY
MONTH: NOVEMBER
YEAR: 2023
LATITUDE: 38 13 N
LONGITUDE: 85 39 W
[TEMPERATURE DATA] [PRECIPITATION DATA] SYMBOLS USED IN COLUMN 16
AVERAGE MONTHLY: 47.9 TOTAL FOR MONTH: 1.26 1 = FOG OR MIST
DPTR FM NORMAL: 0.7 DPTR FM NORMAL: -2.18 2 = FOG REDUCING VISIBILITY
HIGHEST: 81 ON 8 GRTST 24HR 1.13 ON 20-21 TO 1/4 MILE OR LESS
LOWEST: 19 ON 29 3 = THUNDER
SNOW, ICE PELLETS, HAIL 4 = ICE PELLETS
TOTAL MONTH: M 5 = HAIL
GRTST 24HR M ON M 6 = FREEZING RAIN OR DRIZZLE
GRTST DEPTH: M ON M 7 = DUSTSTORM OR SANDSTORM:
VSBY 1/2 MILE OR LESS
8 = SMOKE OR HAZE
[NO. OF DAYS WITH] [WEATHER - DAYS WITH] 9 = BLOWING SNOW
X = TORNADO
MAX 32 OR BELOW: 0 0.01 INCH OR MORE: 5
MAX 90 OR ABOVE: 0 0.10 INCH OR MORE: 2
MIN 32 OR BELOW: 11 0.50 INCH OR MORE: 1
MIN 0 OR BELOW: 0 1.00 INCH OR MORE: 0
[HDD (BASE 65) ]
TOTAL THIS MO. 512 CLEAR (SCALE 0-3) 19
DPTR FM NORMAL -24 PTCLDY (SCALE 4-7) 9
TOTAL FM JUL 1 748 CLOUDY (SCALE 8-10) 2
DPTR FM NORMAL -52
[CDD (BASE 65) ]
TOTAL THIS MO. 5
DPTR FM NORMAL 3 [PRESSURE DATA]
TOTAL FM JAN 1 1260 HIGHEST SLP 30.48 ON 14
DPTR FM NORMAL -283 LOWEST SLP 29.71 ON 8
[REMARKS]
#FINAL-11-23#