000
CXUS55 KLMK 020252
CLMLOU
CLIMATE REPORT
NATIONAL WEATHER SERVICE LOUISVILLE KY
1052 PM EDT TUE AUG 01 2023
...................................
...THE LOUISVILLE BOWMAN KY CLIMATE SUMMARY FOR THE MONTH OF JULY 2023...
CLIMATE NORMAL PERIOD 1991 TO 2020
CLIMATE RECORD PERIOD 9999 TO 9999
WEATHER OBSERVED NORMAL DEPART LAST YEAR`S
VALUE DATE(S) VALUE FROM VALUE DATE(S)
NORMAL
................................................................
TEMPERATURE (F)
RECORD
HIGH MM MM
LOW 59 07/10/2023
HIGHEST 95 07/28 MM MM 98 07/05
07/06
LOWEST 59R 07/10 MM MM 63 07/13
07/30
AVG. MAXIMUM 87.0 87.9 -0.9 89.1
AVG. MINIMUM 69.2 69.3 -0.1 71.2
MEAN 78.1 78.6 -0.5 80.2
DAYS MAX >= 90 8 13.2 -5.2 16
DAYS MAX <= 32 0 0.0 0.0 0
DAYS MIN <= 32 0 0.0 0.0 0
DAYS MIN <= 0 0 0.0 0.0 0
PRECIPITATION (INCHES)
RECORD
MAXIMUM 6.96 2022
TOTALS 3.07R 4.56 -1.49 6.96
DAILY AVG. 0.10 0.15 -0.05 0.22
DAYS >= .01 12 11.4 0.6 12
DAYS >= .10 5 7.5 -2.5 11
DAYS >= .50 4 3.7 0.3 5
DAYS >= 1.00 0 1.4 -1.4 3
GREATEST
24 HR. TOTAL 0.94 07/01 TO 07/02
DEGREE DAYS
HEATING TOTAL 0 0 0 0
SINCE 7/1 0 0 0 MM
COOLING TOTAL 416 422 -6 479
SINCE 1/1 700 918 -218 MM
................................................................
WIND (MPH)
AVERAGE WIND SPEED 5.8
HIGHEST WIND SPEED/DIRECTION 33/230 DATE 07/02
HIGHEST GUST SPEED/DIRECTION 48/220 DATE 07/02
SKY COVER
POSSIBLE SUNSHINE (PERCENT) MM
AVERAGE SKY COVER 0.25
NUMBER OF DAYS FAIR 23
NUMBER OF DAYS PC 7
NUMBER OF DAYS CLOUDY 1
AVERAGE RH (PERCENT) 70
WEATHER CONDITIONS. NUMBER OF DAYS WITH
THUNDERSTORM 12 MIXED PRECIP 0
HEAVY RAIN 4 RAIN 5
LIGHT RAIN 11 FREEZING RAIN 0
LT FREEZING RAIN 0 HAIL 0
HEAVY SNOW 0 SNOW 0
LIGHT SNOW 0 SLEET 0
FOG 14 FOG W/VIS <= 1/4 MILE 0
HAZE 4
- INDICATES NEGATIVE NUMBERS.
R INDICATES RECORD WAS SET OR TIED.
MM INDICATES DATA IS MISSING.
T INDICATES TRACE AMOUNT.
$$