000
CXUS55 KJKL 011310
CF6LOZ
PRELIMINARY LOCAL CLIMATOLOGICAL DATA (WS FORM: F-6)
STATION: LONDON KY
MONTH: JUNE
YEAR: 2022
LATITUDE: 37 4 N
LONGITUDE: 84 5 W
TEMPERATURE IN F: :PCPN: SNOW: WIND :SUNSHINE: SKY :PK WND
================================================================================
1 2 3 4 5 6A 6B 7 8 9 10 11 12 13 14 15 16 17 18
12Z AVG MX 2MIN
DY MAX MIN AVG DEP HDD CDD WTR SNW DPTH SPD SPD DIR MIN PSBL S-S WX SPD DR
================================================================================
1 88 64 76 7 0 11 0.00 M M 3.0 10 210 M M 1 1 16 250
2 80 67 74 4 0 9 0.10 M M 4.9 16 260 M M 5 13 25 290
3 79 60 70 0 0 5 0.00 M M 3.1 14 10 M M 2 1 17 20
4 81 50 66 -4 0 1 0.00 M M 3.6 14 30 M M 0 1 21 50
5 81 56 69 -1 0 4 0.00 M M 2.3 10 170 M M 4 1 17 190
6 84 63 74 3 0 9 0.07 M M 5.1 18 260 M M 6 13 26 250
7 84 66 75 4 0 10 0.56 M M 6.3 15 210 M M 6 1 23 170
8 85 64 75 4 0 10 0.06 M M 6.4 16 220 M M 2 13 23 240
9 77 58 68 -4 0 3 0.00 M M 5.9 15 280 M M 3 21 320
10 77 53 65 -7 0 0 0.05 M M 2.9 17 340 M M 5 1 25 330
11 81 58 70 -2 0 5 0.00 M M 1.6 9 270 M M 3 13 260
12 86 63 75 3 0 10 0.00 M M 3.9 12 200 M M 2 17 160
13 94 71 83 10 0 18 0.00 M M 5.0 17 250 M M 3 8 22 250
14 93 75 84 11 0 19 T M M 6.0 17 230 M M 2 26 250
15 95 72 84 11 0 19 0.00 M M 2.0 9 300 M M 1 1 15 310
16 95 73 84 11 0 19 0.00 M M 5.0 16 240 M M 2 22 230
17 88 69 79 5 0 14 0.02 M M 4.9 28 280 M M 2 3 44 300
18 80 58 69 -5 0 4 0.00 M M 7.4 17 30 M M 1 24 10
19 81 53 67 -7 0 2 0.00 M M 5.2 13 350 M M 0 19 70
20 87 51 69 -5 0 4 0.00 M M 1.7 8 40 M M 0 12 220
21 93 54 74 0 0 9 0.00 M M 2.2 12 260 M M 0 16 250
22 95 61 78 3 0 13 T M M 3.8 23 340 M M 0 35 340
23 90 69 80 5 0 15 0.00 M M 5.7 15 20 M M 2 21 20
24 92 64 78 3 0 13 0.00 M M 3.8 10 50 M M 1 15 20
25 91 68 80 5 0 15 T M M 3.5 17 250 M M 4 3 25 240
26 89 70 80 5 0 15 0.03 M M 5.6 17 350 M M 3 3 25 270
27 84 64 74 -1 0 9 0.00 M M 6.5 15 360 M M 4 22 30
28 84 57 71 -5 0 6 0.00 M M 5.3 13 10 M M 0 19 40
29 91 58 75 -1 0 10 0.00 M M 2.4 10 20 M M 1 17 280
30 92 64 78 2 0 13 0.03 M M 2.8 15 190 M M 3 3 23 180
================================================================================
SM 2597 1873 0 294 0.92 M 127.8 M 68
================================================================================
AV 86.6 62.4 4.3 FASTST M M 2 MAX(MPH)
MISC ----> 28 280 44 300
================================================================================
NOTES:
# LAST OF SEVERAL OCCURRENCES
COLUMN 17 PEAK WIND IN M.P.H.
PRELIMINARY LOCAL CLIMATOLOGICAL DATA (WS FORM: F-6) , PAGE 2
STATION: LONDON KY
MONTH: JUNE
YEAR: 2022
LATITUDE: 37 4 N
LONGITUDE: 84 5 W
[TEMPERATURE DATA] [PRECIPITATION DATA] SYMBOLS USED IN COLUMN 16
AVERAGE MONTHLY: 74.5 TOTAL FOR MONTH: 0.92 1 = FOG OR MIST
DPTR FM NORMAL: 1.6 DPTR FM NORMAL: -4.14 2 = FOG REDUCING VISIBILITY
HIGHEST: 95 ON 22,16 GRTST 24HR 0.63 ON 6- 7 TO 1/4 MILE OR LESS
LOWEST: 50 ON 4 3 = THUNDER
SNOW, ICE PELLETS, HAIL 4 = ICE PELLETS
TOTAL MONTH: M 5 = HAIL
GRTST 24HR M ON M 6 = FREEZING RAIN OR DRIZZLE
GRTST DEPTH: M ON M 7 = DUSTSTORM OR SANDSTORM:
VSBY 1/2 MILE OR LESS
8 = SMOKE OR HAZE
[NO. OF DAYS WITH] [WEATHER - DAYS WITH] 9 = BLOWING SNOW
X = TORNADO
MAX 32 OR BELOW: 0 0.01 INCH OR MORE: 8
MAX 90 OR ABOVE: 11 0.10 INCH OR MORE: 2
MIN 32 OR BELOW: 0 0.50 INCH OR MORE: 1
MIN 0 OR BELOW: 0 1.00 INCH OR MORE: 0
[HDD (BASE 65) ]
TOTAL THIS MO. 0 CLEAR (SCALE 0-3) 22
DPTR FM NORMAL -7 PTCLDY (SCALE 4-7) 8
TOTAL FM JUL 1 3786 CLOUDY (SCALE 8-10) 0
DPTR FM NORMAL -369
[CDD (BASE 65) ]
TOTAL THIS MO. 294
DPTR FM NORMAL 48 [PRESSURE DATA]
TOTAL FM JAN 1 424 HIGHEST SLP 30.27 ON 20
DPTR FM NORMAL 51 LOWEST SLP 29.77 ON 8
[REMARKS]
#FINAL-06-22#