000
CXUS54 KCRP 011458
CLMLRD
CLIMATE REPORT
NATIONAL WEATHER SERVICE CORPUS CHRISTI TX
913 AM CDT FRI SEP 01 2023
...................................
...THE LAREDO CLIMATE SUMMARY FOR THE MONTH OF AUGUST 2023...
CLIMATE NORMAL PERIOD 1991 TO 2020
CLIMATE RECORD PERIOD 1900 TO 2023
WEATHER OBSERVED NORMAL DEPART LAST YEAR`S
VALUE DATE(S) VALUE FROM VALUE DATE(S)
NORMAL
................................................................
TEMPERATURE (F)
RECORD
HIGH 113 08/11/1936
LOW 60 08/13/1918
08/12/1918
08/11/1918
HIGHEST 111 08/07 102 9 107 08/03
08/04
LOWEST 72 08/23 74 -2 72 08/15
AVG. MAXIMUM 105.1 100.9 4.2 99.1
AVG. MINIMUM 79.1 76.8 2.3 77.3
MEAN 92.1 88.9 3.2 88.2
DAYS MAX >= 90 30 30.7 -0.7 29
DAYS MAX <= 32 0 0.0 0.0 0
DAYS MIN <= 32 0 0.0 0.0 0
DAYS MIN <= 0 0 0.0 0.0 0
PRECIPITATION (INCHES)
RECORD
MAXIMUM 10.00 1971
MINIMUM 0.00 1952
1929
1924
TOTALS 3.98 1.68 2.30 8.60
DAILY AVG. 0.13 0.05 0.08 0.28
DAYS >= .01 1 MM MM 8
DAYS >= .10 1 MM MM 5
DAYS >= .50 1 MM MM 3
DAYS >= 1.00 1 MM MM 1
GREATEST
24 HR. TOTAL 3.98 08/22 TO 08/22 6.82 08/15 TO 08/15
STORM TOTAL 3.98 6.82
(MM/DD(HH)) MM
SNOWFALL (INCHES)
RECORDS
TOTAL MM MM
24 HR TOTAL MM
TOTALS 0.0 MM MM 0.0
SINCE 7/1 0.0 MM MM MM
SNOWDEPTH AVG. 0 0
DAYS >= 1.0 0 MM MM
GREATEST
SNOW DEPTH 0 0
24 HR TOTAL 0.0 MM
DEGREE DAYS
HEATING TOTAL 0 0 0 0
SINCE 7/1 0 0 0 MM
COOLING TOTAL 850 739 111 727
SINCE 1/1 3904 3272 632 MM
................................................................
WIND (MPH)
AVERAGE WIND SPEED MM
HIGHEST WIND SPEED/DIRECTION MM DATE MM
HIGHEST GUST SPEED/DIRECTION MM DATE MM
SKY COVER
AVERAGE SKY COVER 0.08
AVERAGE RH (PERCENT) 53
WEATHER CONDITIONS. NUMBER OF DAYS WITH
THUNDERSTORM 3 MIXED PRECIP 0
HEAVY RAIN 1 RAIN 1
LIGHT RAIN 3 FREEZING RAIN 0
LT FREEZING RAIN 0 HAIL 0
HEAVY SNOW 0 SNOW 0
LIGHT SNOW 0 SLEET 0
FOG 2 FOG W/VIS <= 1/4 MILE 1
HAZE 0
- INDICATES NEGATIVE NUMBERS.
R INDICATES RECORD WAS SET OR TIED.
MM INDICATES DATA IS MISSING.
T INDICATES TRACE AMOUNT.
$$