000
CXUS54 KCRP 011427 RRA
CLMLRD
CLIMATE REPORT
NATIONAL WEATHER SERVICE CORPUS CHRISTI TX
808 AM CST FRI MAR 01 2024
...................................
...THE LAREDO CLIMATE SUMMARY FOR THE MONTH OF FEBRUARY 2024...
CLIMATE NORMAL PERIOD 1991 TO 2020
CLIMATE RECORD PERIOD 1900 TO 2024
WEATHER OBSERVED NORMAL DEPART LAST YEAR`S
VALUE DATE(S) VALUE FROM VALUE DATE(S)
NORMAL
................................................................
TEMPERATURE (F)
RECORD
HIGH 103 02/27/2011
02/20/1986
LOW 16 02/15/1909
HIGHEST 98 02/26 77 21 97 02/22
02/28
LOWEST 41 02/19 46 -5 36 02/03
AVG. MAXIMUM 78.2 74.4 3.8 77.8
AVG. MINIMUM 55.1 50.6 4.5 52.7
MEAN 66.7 62.5 4.2 65.3
DAYS MAX >= 90 3 1.9 1.1 5
DAYS MAX <= 32 0 0.0 0.0 0
DAYS MIN <= 32 0 0.2 -0.2 0
DAYS MIN <= 0 0 0.0 0.0 0
PRECIPITATION (INCHES)
RECORD
MAXIMUM 5.50 1923
MINIMUM 0.00 1978
TOTALS 0.25 0.83 -0.58 0.02
DAILY AVG. 0.01 NAN NAN 0.00
DAYS >= .01 3 MM MM 2
DAYS >= .10 1 MM MM 0
DAYS >= .50 0 MM MM 0
DAYS >= 1.00 0 MM MM 0
GREATEST
24 HR. TOTAL 0.19 02/16 TO 02/16 0.01 02/01 TO 02/01
02/28 TO 02/28
STORM TOTAL 0.19 0.01
(MM/DD(HH)) MM
SNOWFALL (INCHES)
RECORDS
TOTAL MM 2021
24 HR TOTAL MM
TOTALS 0.0 MM MM 0.0
SINCE 7/1 T MM MM MM
SNOWDEPTH AVG. 0 0
DAYS >= 1.0 0 MM MM
GREATEST
SNOW DEPTH 0 0
24 HR TOTAL 0.0 MM
DEGREE DAYS
HEATING TOTAL 70 142 -72 143
SINCE 7/1 615 751 -136 MM
COOLING TOTAL 123 72 51 158
SINCE 1/1 131 100 31 MM
................................................................
WIND (MPH)
AVERAGE WIND SPEED MM
HIGHEST WIND SPEED/DIRECTION MM DATE MM
HIGHEST GUST SPEED/DIRECTION MM DATE MM
SKY COVER
AVERAGE SKY COVER 0.28
AVERAGE RH (PERCENT) 61
WEATHER CONDITIONS. NUMBER OF DAYS WITH
THUNDERSTORM 0 MIXED PRECIP 0
HEAVY RAIN 0 RAIN 1
LIGHT RAIN 6 FREEZING RAIN 0
LT FREEZING RAIN 0 HAIL 0
HEAVY SNOW 0 SNOW 0
LIGHT SNOW 0 SLEET 0
FOG 2 FOG W/VIS <= 1/4 MILE 0
HAZE 0
- INDICATES NEGATIVE NUMBERS.
R INDICATES RECORD WAS SET OR TIED.
MM INDICATES DATA IS MISSING.
T INDICATES TRACE AMOUNT.
$$