000
CXUS54 KLZK 011230
CF6LRF
PRELIMINARY LOCAL CLIMATOLOGICAL DATA (WS FORM: F-6)
STATION: JACKSONVILLE/LITTLE ROCK AFB
MONTH: SEPTEMBER
YEAR: 2022
LATITUDE: 34 55 N
LONGITUDE: 92 9 W
TEMPERATURE IN F: :PCPN: SNOW: WIND :SUNSHINE: SKY :PK WND
================================================================================
1 2 3 4 5 6A 6B 7 8 9 10 11 12 13 14 15 16 17 18
12Z AVG MX 2MIN
DY MAX MIN AVG DEP HDD CDD WTR SNW DPTH SPD SPD DIR MIN PSBL S-S WX SPD DR
================================================================================
1 87 68 78 0 0 13 T 0.0 M 2.5 7 110 M M 3 M M
2 83 71 77 -1 0 12 0.37 0.0 M 3.2 8 150 M M 6 M M
3 85 71 78 0 0 13 T 0.0 M 2.6 9 290 M M 5 M M
4 89 67 78 1 0 13 T 0.0 M 2.1 7 340 M M 3 M M
5 89 66 78 1 0 13 0.02 0.0 M 3.6 24 270 M M 3 3 31 280
6 88 69 79 2 0 14 T 0.0 M 1.6 12 250 M M 3 3 M M
7 88 67 78 1 0 13 0.00 0.0 0 3.8 9 60 M M 2 M M
8 86 64 75 -1 0 10 0.00 0.0 0 3.6 10 70 M M 1 M M
9 86 71 79 3 0 14 0.03 0.0 M 2.8 8 80 M M 1 M M
10 84 67 76 0 0 11 T 0.0 M 4.0 10 80 M M 7 M M
11 82 59 71 -4 0 6 0.00 0.0 M 3.4 12 330 M M 5 12 18 320
12 83 51 67 -8 0 2 0.00 0.0 M 3.9 10 330 M M 0 20 360
13 87 51 69 -6 0 4 T 0.0 M 1.8 9 240 M M 0 M M
14 89 56 73 -2 0 8 T 0.0 M 1.4 9 100 M M 0 M M
15 88 57 73 -1 0 8 T 0.0 M 1.9 7 70 M M 0 M M
16 88 60 74 0 0 9 T 0.0 M 1.9 10 200 M M 1 M M
17 92 59 76 2 0 11 T 0.0 M 3.7 12 200 M M 1 1 M M
18 94 65 80 7 0 15 0.00 0.0 M 3.8 10 230 M M 1 M M
19 97 67 82 9 0 17 0.00 0.0 M 2.9 10 290 M M 0 M M
20 99 66 83 10 0 18 0.00 0.0 M 3.7 10 260 M M 0 1 M M
21 100 66 83 11 0 18 0.00 0.0 M 2.8 10 270 M M 0 M M
22 86 67 77 5 0 12 0.00 0.0 M 7.0 16 60 M M 5 20 70
23 84 63 74 2 0 9 0.00 0.0 0 4.7 10 80 M M 4 M M
24 98 59 79 7 0 14 0.42 0.0 0 5.8 21 330 M M 6 3 30 330
25 91 62 77 6 0 12 0.05 0.0 0 4.3 12 20 M M 3 3 16 20
26 84 52 68 -3 0 3 0.00 0.0 0 4.2 12 340 M M 0 21 360
27 83 47 65 -6 0 0 0.00 0.0 0 2.5 9 100 M M 0 M M
28 79 49 64 -6 1 0 0.00 0.0 0 6.9 13 80 M M 0 18 90
29 75 44 60 -10 5 0 0.00 0.0 0 6.7 16 80 M M 0 20 80
30 80 42 61 -9 4 0 0.00 0.0 0 4.3 10 70 M M 0 M M
================================================================================
SM 2624 1823 10 292 0.89 0.0 107.6 M 60
================================================================================
AV 87.5 60.8 3.6 FASTST M M 2 MAX(MPH)
MISC ----> 24 270 31 280
================================================================================
NOTES:
# LAST OF SEVERAL OCCURRENCES
COLUMN 17 PEAK WIND IN M.P.H.
PRELIMINARY LOCAL CLIMATOLOGICAL DATA (WS FORM: F-6) , PAGE 2
STATION: JACKSONVILLE/LITTLE ROCK AFB
MONTH: SEPTEMBER
YEAR: 2022
LATITUDE: 34 55 N
LONGITUDE: 92 9 W
[TEMPERATURE DATA] [PRECIPITATION DATA] SYMBOLS USED IN COLUMN 16
AVERAGE MONTHLY: 74.1 TOTAL FOR MONTH: 0.89 1 = FOG OR MIST
DPTR FM NORMAL: 0.1 DPTR FM NORMAL: M 2 = FOG REDUCING VISIBILITY
HIGHEST: 100 ON 21 GRTST 24HR 0.42 ON 24-24 TO 1/4 MILE OR LESS
LOWEST: 42 ON 30 3 = THUNDER
SNOW, ICE PELLETS, HAIL 4 = ICE PELLETS
TOTAL MONTH: 0.0 INCH 5 = HAIL
GRTST 24HR 0.0 6 = FREEZING RAIN OR DRIZZLE
GRTST DEPTH: 0 7 = DUSTSTORM OR SANDSTORM:
VSBY 1/2 MILE OR LESS
8 = SMOKE OR HAZE
[NO. OF DAYS WITH] [WEATHER - DAYS WITH] 9 = BLOWING SNOW
X = TORNADO
MAX 32 OR BELOW: 0 0.01 INCH OR MORE: 5
MAX 90 OR ABOVE: 7 0.10 INCH OR MORE: 2
MIN 32 OR BELOW: 0 0.50 INCH OR MORE: 0
MIN 0 OR BELOW: 0 1.00 INCH OR MORE: 0
[HDD (BASE 65) ]
TOTAL THIS MO. 10 CLEAR (SCALE 0-3) 20
DPTR FM NORMAL -8 PTCLDY (SCALE 4-7) 10
TOTAL FM JUL 1 10 CLOUDY (SCALE 8-10) 0
DPTR FM NORMAL -19
[CDD (BASE 65) ]
TOTAL THIS MO. 292
DPTR FM NORMAL 14 [PRESSURE DATA]
TOTAL FM JAN 1 2097 HIGHEST SLP M ON M
DPTR FM NORMAL 148 LOWEST SLP M ON M
[REMARKS]
#FINAL-09-22#