228
CXUS54 KLZK 011130
CF6LRF
PRELIMINARY LOCAL CLIMATOLOGICAL DATA (WS FORM: F-6)
STATION: Jacksonville/Little Rock AFB
MONTH: MAY
YEAR: 2020
LATITUDE: 34 55 N
LONGITUDE: 92 9 W
TEMPERATURE IN F: :PCPN: SNOW: WIND :SUNSHINE: SKY :PK WND
================================================================================
1 2 3 4 5 6A 6B 7 8 9 10 11 12 13 14 15 16 17 18
12Z AVG MX 2MIN
DY MAX MIN AVG DEP HDD CDD WTR SNW DPTH SPD SPD DIR MIN PSBL S-S WX SPD DR
================================================================================
1 82 45 64 -2 1 0 0.00 0.0 0 3.6 9 170 M M 1 1 M M
2 85 56 71 5 0 6 0.00 0.0 0 6.3 13 200 M M 1 18 200
3 79 62 71 5 0 6 T 0.0 0 6.1 16 230 M M 8 18 M M
4 84 63 74 7 0 9 0.18 0.0 0 5.7 12 170 M M 9 13 17 180
5 74 50 62 -5 3 0 0.04 0.0 0 6.5 13 330 M M 5 3 20 360
6 74 45 60 -7 5 0 0.00 0.0 0 6.0 16 320 M M 1 23 320
7 74 42 58 -10 7 0 0.02 0.0 0 3.2 8 140 M M 4 3 M M
8 69 46 58 -10 7 0 0.41 0.0 0 8.2 17 360 M M 6 13 32 20
9 67 41 54 -14 11 0 0.00 0.0 0 2.1 7 90 M M 0 18 M M
10 75 40 58 -10 7 0 0.00 0.0 0 2.2 7 360 M M 3 1 M M
11 67 43 55 -14 10 0 T 0.0 0 6.1 12 20 M M 6 1 M M
12 54 46 50 -19 15 0 0.77 0.0 0 7.1 8 60 M M 10 1 M M
13 81 51 66 -3 0 1 0.00 0.0 0 4.1 8 170 M M 7 M M
14 83 60 72 3 0 7 T 0.0 0 6.0 15 130 M M 5 18 160
15 81 64 73 3 0 8 0.14 0.0 0 4.6 10 10 M M 6 M M
16 79 62 71 1 0 6 0.74 0.0 0 4.3 9 70 M M 8 13 M M
17 79 56 68 -2 0 3 0.88 0.0 0 5.0 9 240 M M 8 13 M M
18 81 52 67 -3 0 2 0.00 0.0 0 7.1 16 270 M M 2 22 290
19 74 53 64 -7 1 0 0.00 0.0 0 3.8 9 310 M M 7 M M
20 77 52 65 -6 0 0 0.00 0.0 0 4.0 9 50 M M 5 M M
21 80 53 67 -4 0 2 0.10 0.0 0 4.0 10 80 M M 4 3 M M
22 81 62 72 0 0 7 1.82 0.0 0 3.3 10 110 M M 6 13 M M
23 84 61 73 1 0 8 0.72 0.0 0 7.0 15 270 M M 5 13 35 300
24 85 63 74 2 0 9 T 0.0 0 4.1 10 120 M M 4 3 24 120
25 86 66 76 4 0 11 1.03 0.0 0 6.4 14 140 M M 5 13 20 140
26 81 64 73 0 0 8 0.69 0.0 0 4.7 9 190 M M 8 1 M M
27 83 59 71 -2 0 6 0.03 0.0 0 3.7 9 180 M M 4 13 M M
28 76 57 67 -6 0 2 0.32 0.0 0 2.4 8 290 M M 6 1 M M
29 85 60 73 0 0 8 0.00 0.0 0 4.1 13 360 M M 2 18 30
30 83 54 69 -5 0 4 0.00 0.0 0 3.9 10 30 M M 0 8 M M
31 82 57 70 -4 0 5 0.00 0.0 0 4.1 13 60 M M 0 M M
================================================================================
SM 2425 1685 67 118 7.89 0.0 149.7 M 146
================================================================================
AV 78.2 54.4 4.8 FASTST M M 5 MAX(MPH)
MISC ----> # 17 360 # 35 300
================================================================================
NOTES:
# LAST OF SEVERAL OCCURRENCES
COLUMN 17 PEAK WIND IN M.P.H.
PRELIMINARY LOCAL CLIMATOLOGICAL DATA (WS FORM: F-6) , PAGE 2
STATION: Jacksonville/Little Rock AFB
MONTH: MAY
YEAR: 2020
LATITUDE: 34 55 N
LONGITUDE: 92 9 W
[TEMPERATURE DATA] [PRECIPITATION DATA] SYMBOLS USED IN COLUMN 16
AVERAGE MONTHLY: 66.3 TOTAL FOR MONTH: 7.89 1 = FOG OR MIST
DPTR FM NORMAL: -3.6 DPTR FM NORMAL: M 2 = FOG REDUCING VISIBILITY
HIGHEST: 86 ON 25 GRTST 24HR 1.82 ON 22-22 TO 1/4 MILE OR LESS
LOWEST: 40 ON 10 3 = THUNDER
SNOW, ICE PELLETS, HAIL 4 = ICE PELLETS
TOTAL MONTH: 0.0 INCH 5 = HAIL
GRTST 24HR 0.0 6 = FREEZING RAIN OR DRIZZLE
GRTST DEPTH: 0 7 = DUSTSTORM OR SANDSTORM:
VSBY 1/2 MILE OR LESS
8 = SMOKE OR HAZE
[NO. OF DAYS WITH] [WEATHER - DAYS WITH] 9 = BLOWING SNOW
X = TORNADO
MAX 32 OR BELOW: 0 0.01 INCH OR MORE: 15
MAX 90 OR ABOVE: 0 0.10 INCH OR MORE: 12
MIN 32 OR BELOW: 0 0.50 INCH OR MORE: 7
MIN 0 OR BELOW: 0 1.00 INCH OR MORE: 2
[HDD (BASE 65) ]
TOTAL THIS MO. 67 CLEAR (SCALE 0-3) 8
DPTR FM NORMAL 36 PTCLDY (SCALE 4-7) 19
TOTAL FM JUL 1 3159 CLOUDY (SCALE 8-10) 4
DPTR FM NORMAL -10
[CDD (BASE 65) ]
TOTAL THIS MO. 118
DPTR FM NORMAL -62 [PRESSURE DATA]
TOTAL FM JAN 1 148 HIGHEST SLP M ON M
DPTR FM NORMAL -106 LOWEST SLP M ON M
[REMARKS]
#FINAL-05-20#