000
CXUS53 KARX 020620
CF6LSE
PRELIMINARY LOCAL CLIMATOLOGICAL DATA (WS FORM: F-6)
STATION: LA CROSSE WI
MONTH: DECEMBER
YEAR: 2023
LATITUDE: 43 52 N
LONGITUDE: 91 15 W
TEMPERATURE IN F: :PCPN: SNOW: WIND :SUNSHINE: SKY :PK WND
================================================================================
1 2 3 4 5 6A 6B 7 8 9 10 11 12 13 14 15 16 17 18
12Z AVG MX 2MIN
DY MAX MIN AVG DEP HDD CDD WTR SNW DPTH SPD SPD DIR MIN PSBL S-S WX SPD DR
================================================================================
1 36 20 28 -2 37 0 0.00 0.0 0 5.5 10 350 M M 0 13 350
2 36 18 27 -3 38 0 T 0.0 0 2.5 8 110 M M 5 1 11 110
3 36 32 34 4 31 0 0.19 1.0 1 2.8 8 320 M M 10 1 11 320
4 40 28 34 5 31 0 T T T 5.6 13 170 M M 9 1 14 190
5 36 33 35 6 30 0 T T 0 6.6 13 320 M M 10 1 16 320
6 43 25 34 6 31 0 0.00 0.0 0 8.7 18 180 M M 3 25 190
7 53 30 42 14 23 0 0.00 0.0 0 6.6 13 150 M M 0 20 160
8 54 40 47 19 18 0 0.00 0.0 0 7.8 21 220 M M 1 25 210
9 42 32 37 10 28 0 T T 0 10.8 24 320 M M 8 1 33 340
10 32 25 29 2 36 0 0.00 0.0 T 9.8 21 320 M M 10 28 320
11 35 24 30 4 35 0 0.00 0.0 0 6.9 17 280 M M 6 21 290
12 34 19 27 1 38 0 0.00 0.0 0 10.6 21 300 M M 0 27 310
13 48 20 34 8 31 0 0.00 0.0 0 7.5 13 170 M M 2 18 260
14 51 28 40 14 25 0 0.00 0.0 0 8.0 13 170 M M 0 16 170
15 43 31 37 12 28 0 T 0.0 0 3.9 13 170 M M 4 16 170
16 41 36 39 14 26 0 0.13 0.0 0 2.3 8 120 M M 10 12 11 100
17 39 33 36 12 29 0 T T 0 9.2 25 300 M M 10 1 34 300
18 36 16 26 2 39 0 T T 0 16.3 35 330 M M 4 48 330
19 35 14 25 1 40 0 0.00 0.0 0 9.9 17 180 M M 0 27 160
20 44 28 36 12 29 0 0.00 0.0 0 5.2 10 60 M M 0 17 120
21 41 28 35 12 30 0 0.00 0.0 0 4.6 8 120 M M 6 M M
22 45 38 42 19 23 0 0.00 0.0 0 3.1 8 130 M M 10 8 10 110
23 47 42 45 22 20 0 T 0.0 0 4.8 9 110 M M 10 18 12 120
24 54 41 48 26 17 0 0.11 0.0 0 9.2 17 160 M M 9 18 23 180
25 54 50 52 30 13 0 0.36 0.0 0 9.3 17 80 M M 10 1 27 70
26 51 34 43 21 22 0 0.11 T 0 8.8 20 180 M M 10 1 27 80
27 41 27 34 12 31 0 0.00 0.0 0 3.9 8 340 M M 6 10 340
28 37 26 32 10 33 0 0.03 0.3 0 10.5 16 350 M M 7 1 24 330
29 42 25 34 13 31 0 0.00 0.0 0 5.6 13 340 M M 2 1 16 340
30 34 26 30 9 35 0 T 0.0 0 7.3 16 310 M M 8 1 20 320
31 33 28 31 10 34 0 0.03 0.2 T 11.4 18 330 M M 10 1 24 330
================================================================================
SM 1293 897 912 0 0.96 1.5 225.0 M 180
================================================================================
AV 41.7 28.9 7.3 FASTST M M 6 MAX(MPH)
MISC ----> 35 330 48 330
================================================================================
NOTES:
# LAST OF SEVERAL OCCURRENCES
COLUMN 17 PEAK WIND IN M.P.H.
PRELIMINARY LOCAL CLIMATOLOGICAL DATA (WS FORM: F-6) , PAGE 2
STATION: LA CROSSE WI
MONTH: DECEMBER
YEAR: 2023
LATITUDE: 43 52 N
LONGITUDE: 91 15 W
[TEMPERATURE DATA] [PRECIPITATION DATA] SYMBOLS USED IN COLUMN 16
AVERAGE MONTHLY: 35.3 TOTAL FOR MONTH: 0.96 1 = FOG OR MIST
DPTR FM NORMAL: 10.2 DPTR FM NORMAL: -0.53 2 = FOG REDUCING VISIBILITY
HIGHEST: 54 ON 25,24 GRTST 24HR 0.42 ON 25-26 TO 1/4 MILE OR LESS
LOWEST: 14 ON 19 3 = THUNDER
SNOW, ICE PELLETS, HAIL 4 = ICE PELLETS
TOTAL MONTH: 1.5 INCHES 5 = HAIL
GRTST 24HR 1.0 ON 3- 3 6 = FREEZING RAIN OR DRIZZLE
GRTST DEPTH: 1 ON 3 7 = DUSTSTORM OR SANDSTORM:
VSBY 1/2 MILE OR LESS
8 = SMOKE OR HAZE
[NO. OF DAYS WITH] [WEATHER - DAYS WITH] 9 = BLOWING SNOW
X = TORNADO
MAX 32 OR BELOW: 1 0.01 INCH OR MORE: 7
MAX 90 OR ABOVE: 0 0.10 INCH OR MORE: 5
MIN 32 OR BELOW: 22 0.50 INCH OR MORE: 0
MIN 0 OR BELOW: 0 1.00 INCH OR MORE: 0
[HDD (BASE 65) ]
TOTAL THIS MO. 912 CLEAR (SCALE 0-3) 10
DPTR FM NORMAL -325 PTCLDY (SCALE 4-7) 9
TOTAL FM JUL 1 2103 CLOUDY (SCALE 8-10) 12
DPTR FM NORMAL -491
[CDD (BASE 65) ]
TOTAL THIS MO. 0
DPTR FM NORMAL 0 [PRESSURE DATA]
TOTAL FM JAN 1 1052 HIGHEST SLP 30.64 ON 14
DPTR FM NORMAL 110 LOWEST SLP 29.70 ON 26
[REMARKS]
#FINAL-12-23#