000
CXUS54 KFWD 010730
CF6LUD
PRELIMINARY LOCAL CLIMATOLOGICAL DATA (WS FORM: F-6)
STATION: DECATUR
MONTH: MARCH
YEAR: 2020
LATITUDE: 33 15 N
LONGITUDE: 97 30 W
TEMPERATURE IN F: :PCPN: SNOW: WIND :SUNSHINE: SKY :PK WND
================================================================================
1 2 3 4 5 6A 6B 7 8 9 10 11 12 13 14 15 16 17 18
12Z AVG MX 2MIN
DY MAX MIN AVG DEP HDD CDD WTR SNW DPTH SPD SPD DIR MIN PSBL S-S WX SPD DR
================================================================================
1 77 53 65 16 0 0 0.00 0.0 0 14.1 20 200 M M 0 29 170
2 64 56 60 10 5 0 0.00 0.0 0 6.8 14 170 M M 0 16 190
3 62 52 57 7 8 0 0.00 0.0 0 6.0 10 80 M M 2 M M
4 56 47 52 2 13 0 1.31 0.0 0 9.7 18 70 M M 7 24 70
5 70 41 56 6 9 0 0.00 0.0 0 5.5 9 20 M M 0 M M
6 65 43 54 3 11 0 0.00 0.0 0 6.4 9 60 M M 0 M M
7 63 45 54 3 11 0 0.00 0.0 0 10.5 17 130 M M 0 24 150
8 65 44 55 4 10 0 0.00 0.0 0 12.6 17 150 M M 5 24 160
9 79 57 68 17 0 3 0.02 0.0 0 13.0 23 160 M M 4 30 160
10 78 46 62 10 3 0 0.00 0.0 0 8.0 15 160 M M 0 8 16 150
11 86 63 75 23 0 10 0.00 0.0 0 8.6 17 240 M M 0 25 240
12 84 66 75 23 0 10 0.00 0.0 0 8.9 14 220 M M 1 21 220
13 72 52 62 9 3 0 1.57 0.0 0 11.8 18 50 M M 10 12 23 40
14 56 51 54 1 11 0 0.14 0.0 0 7.2 12 70 M M 10 12 17 70
15 54 47 51 -2 14 0 0.32 0.0 0 9.0 12 50 M M 10 1 17 40
16 68 51 60 7 5 0 0.30 0.0 0 5.9 18 120 M M 8 12 22 120
17 62 57 60 6 5 0 0.50 0.0 0 8.3 13 60 M M 10 12 17 110
18 78 61 70 16 0 5 1.91 0.0 0 10.4 15 150 M M 8 1 23 170
19 79 63 71 17 0 6 0.19 0.0 0 10.8 18 170 M M 3 31 190
20 64 40 52 -2 13 0 0.00 0.0 0 9.4 15 320 M M 6 23 300
21 56 38 47 -8 18 0 0.03 0.0 0 7.9 14 70 M M 3 1 18 60
22 58 51 55 0 10 0 0.10 0.0 0 3.5 8 150 M M 10 1 M M
23 71 57 64 9 1 0 0.01 0.0 0 6.8 15 110 M M 10 12 20 100
24 81 60 71 15 0 6 0.00 0.0 0 9.3 14 190 M M 3 1 23 190
25 90 55 73 17 0 8 0.00 0.0 0 9.1 16 160 M M 0 22 160
26 86 68 77 21 0 12 0.00 0.0 0 11.7 22 150 M M 0 1 30 150
27 77 67 72 16 0 7 0.00 0.0 0 9.3 15 180 M M 1 1 22 180
28 73 57 65 8 0 0 0.10 0.0 0 10.1 16 290 M M 1 25 280
29 69 48 59 2 6 0 0.00 0.0 0 5.9 10 130 M M 1 M M
30 64 51 58 1 7 0 0.22 0.0 0 10.6 23 110 M M 10 1 30 110
31 66 49 58 1 7 0 0.00 0.0 0 5.8 10 20 M M 6 24 10
================================================================================
SM 2173 1636 170 67 6.72 0.0 272.9 M 129
================================================================================
AV 70.1 52.8 8.8 FASTST M M 4 MAX(MPH)
MISC ----> # 23 160 # 31 190
================================================================================
NOTES:
# LAST OF SEVERAL OCCURRENCES
COLUMN 17 PEAK WIND IN M.P.H.
PRELIMINARY LOCAL CLIMATOLOGICAL DATA (WS FORM: F-6) , PAGE 2
STATION: DECATUR
MONTH: MARCH
YEAR: 2020
LATITUDE: 33 15 N
LONGITUDE: 97 30 W
[TEMPERATURE DATA] [PRECIPITATION DATA] SYMBOLS USED IN COLUMN 16
AVERAGE MONTHLY: 61.4 TOTAL FOR MONTH: 6.72 1 = FOG OR MIST
DPTR FM NORMAL: 8.0 DPTR FM NORMAL: 2.98 2 = FOG REDUCING VISIBILITY
HIGHEST: 90 ON 25 GRTST 24HR 1.91 ON 18-18 TO 1/4 MILE OR LESS
LOWEST: 38 ON 21 3 = THUNDER
SNOW, ICE PELLETS, HAIL 4 = ICE PELLETS
TOTAL MONTH: 0.0 INCH 5 = HAIL
GRTST 24HR 0.0 6 = FREEZING RAIN OR DRIZZLE
GRTST DEPTH: 0 7 = DUSTSTORM OR SANDSTORM:
VSBY 1/2 MILE OR LESS
8 = SMOKE OR HAZE
[NO. OF DAYS WITH] [WEATHER - DAYS WITH] 9 = BLOWING SNOW
X = TORNADO
MAX 32 OR BELOW: 0 0.01 INCH OR MORE: 14
MAX 90 OR ABOVE: 1 0.10 INCH OR MORE: 11
MIN 32 OR BELOW: 0 0.50 INCH OR MORE: 4
MIN 0 OR BELOW: 0 1.00 INCH OR MORE: 3
[HDD (BASE 65) ]
TOTAL THIS MO. 170 CLEAR (SCALE 0-3) 16
DPTR FM NORMAL -201 PTCLDY (SCALE 4-7) 8
TOTAL FM JUL 1 2163 CLOUDY (SCALE 8-10) 7
DPTR FM NORMAL -609
[CDD (BASE 65) ]
TOTAL THIS MO. 67
DPTR FM NORMAL 57 [PRESSURE DATA]
TOTAL FM JAN 1 68 HIGHEST SLP M ON M
DPTR FM NORMAL 56 LOWEST SLP M ON M
[REMARKS]
#FINAL-03-20#