000
CXUS54 KFWD 010730
CF6LUD
PRELIMINARY LOCAL CLIMATOLOGICAL DATA (WS FORM: F-6)
STATION: DECATUR
MONTH: JULY
YEAR: 2023
LATITUDE: 33 15 N
LONGITUDE: 97 30 W
TEMPERATURE IN F: :PCPN: SNOW: WIND :SUNSHINE: SKY :PK WND
================================================================================
1 2 3 4 5 6A 6B 7 8 9 10 11 12 13 14 15 16 17 18
12Z AVG MX 2MIN
DY MAX MIN AVG DEP HDD CDD WTR SNW DPTH SPD SPD DIR MIN PSBL S-S WX SPD DR
================================================================================
1 86 72 79 -2 0 14 0.08 M M 3.2 12 280 M M 1 18 280
2 97 69 83 2 0 18 0.00 M M 4.4 9 170 M M 1 8 M M
3 101 73 87 6 0 22 0.00 M M 6.9 15 40 M M 0 23 60
4 98 73 86 5 0 21 0.00 M M 8.1 14 120 M M 1 18 120
5 100 79 90 8 0 25 0.00 M M 7.3 14 170 M M 1 17 180
6 98 74 86 4 0 21 0.00 M M 4.7 9 330 M M 3 8 17 240
7 96 76 86 4 0 21 0.00 M M 9.4 17 170 M M 1 26 200
8 98 79 89 7 0 24 0.00 M M 6.9 13 170 M M 1 8 16 170
9 89 71 80 -2 0 15 0.04 M M 7.9 12 60 M M 1 26 350
10 99 75 87 5 0 22 0.00 M M 6.4 10 110 M M 4 18 70
11 100 73 87 5 0 22 0.00 M M 9.2 16 40 M M 0 23 0
12 108 81 95 13 0 30 0.00 M M 10.8 17 180 M M 0 22 200
13 106 83 95 13 0 30 0.00 M M 12.4 16 170 M M 0 22 150
14 104 84 94 12 0 29 0.00 M M 8.1 14 140 M M 0 8 18 190
15 94 78 86 3 0 21 0.00 M M 7.9 13 180 M M 0 8 20 180
16 92 72 82 -1 0 17 0.03 M M 6.8 13 230 M M 1 1 28 90
17 108 72 90 7 0 25 0.00 M M 6.4 13 180 M M 0 20 180
18 110 84 97 14 0 32 0.00 M M 11.4 15 190 M M 0 23 210
19 108 82 95 12 0 30 0.00 M M 11.4 15 150 M M 0 8 23 220
20 105 84 95 12 0 30 0.00 M M 8.5 15 170 M M 0 8 21 170
21 100 79 90 7 0 25 0.00 M M 7.2 12 170 M M 0 8 17 30
22 94 74 84 1 0 19 0.00 M M 6.7 10 60 M M 1 17 30
23 100 68 84 1 0 19 0.00 M M 3.3 9 130 M M 0 8 M M
24 104 74 89 6 0 24 0.00 M M 5.9 9 150 M M 0 22 0
25 105 80 93 10 0 28 0.00 M M 9.9 15 150 M M 0 8 20 210
26 102 80 91 8 0 26 0.00 M M 10.0 15 180 M M 0 22 180
27 102 81 92 9 0 27 0.00 M M 9.6 14 160 M M 0 8 20 150
28 102 79 91 8 0 26 0.00 M M 8.3 13 130 M M 0 8 21 180
29 102 79 91 8 0 26 0.00 M M 5.9 10 140 M M 0 8 16 130
30 105 80 93 10 0 28 0.00 M M 5.2 9 140 M M 0 8 17 110
31 106 77 92 9 0 27 0.00 M M 5.3 10 140 M M 0 8 18 210
================================================================================
SM 3119 2385 0 744 0.15 M 235.3 M 16
================================================================================
AV100.6 76.9 7.6 FASTST M M 1 MAX(MPH)
MISC ----> # 17 170 28 90
================================================================================
NOTES:
# LAST OF SEVERAL OCCURRENCES
COLUMN 17 PEAK WIND IN M.P.H.
PRELIMINARY LOCAL CLIMATOLOGICAL DATA (WS FORM: F-6) , PAGE 2
STATION: DECATUR
MONTH: JULY
YEAR: 2023
LATITUDE: 33 15 N
LONGITUDE: 97 30 W
[TEMPERATURE DATA] [PRECIPITATION DATA] SYMBOLS USED IN COLUMN 16
AVERAGE MONTHLY: 88.8 TOTAL FOR MONTH: 0.15 1 = FOG OR MIST
DPTR FM NORMAL: 6.3 DPTR FM NORMAL: -2.40 2 = FOG REDUCING VISIBILITY
HIGHEST: 110 ON 18 GRTST 24HR 0.08 ON 1- 1 TO 1/4 MILE OR LESS
LOWEST: 68 ON 23 3 = THUNDER
SNOW, ICE PELLETS, HAIL 4 = ICE PELLETS
TOTAL MONTH: M 5 = HAIL
GRTST 24HR M ON M 6 = FREEZING RAIN OR DRIZZLE
GRTST DEPTH: M ON M 7 = DUSTSTORM OR SANDSTORM:
VSBY 1/2 MILE OR LESS
8 = SMOKE OR HAZE
[NO. OF DAYS WITH] [WEATHER - DAYS WITH] 9 = BLOWING SNOW
X = TORNADO
MAX 32 OR BELOW: 0 0.01 INCH OR MORE: 3
MAX 90 OR ABOVE: 29 0.10 INCH OR MORE: 0
MIN 32 OR BELOW: 0 0.50 INCH OR MORE: 0
MIN 0 OR BELOW: 0 1.00 INCH OR MORE: 0
[HDD (BASE 65) ]
TOTAL THIS MO. 0 CLEAR (SCALE 0-3) 30
DPTR FM NORMAL 0 PTCLDY (SCALE 4-7) 1
TOTAL FM JUL 1 0 CLOUDY (SCALE 8-10) 0
DPTR FM NORMAL 0
[CDD (BASE 65) ]
TOTAL THIS MO. 744
DPTR FM NORMAL 202 [PRESSURE DATA]
TOTAL FM JAN 1 1652 HIGHEST SLP M ON M
DPTR FM NORMAL 476 LOWEST SLP M ON M
[REMARKS]
#FINAL-07-23#