000
CXUS55 KBYZ 011000
CF6LVM
PRELIMINARY LOCAL CLIMATOLOGICAL DATA (WS FORM: F-6)
STATION: LIVINGSTON MT
MONTH: JUNE
YEAR: 2021
LATITUDE: 45 41 N
LONGITUDE: 110 26 W
TEMPERATURE IN F: :PCPN: SNOW: WIND :SUNSHINE: SKY :PK WND
================================================================================
1 2 3 4 5 6A 6B 7 8 9 10 11 12 13 14 15 16 17 18
12Z AVG MX 2MIN
DY MAX MIN AVG DEP HDD CDD WTR SNW DPTH SPD SPD DIR MIN PSBL S-S WX SPD DR
================================================================================
1 81 39 60 4 5 0 0.00 M M 4.9 13 70 M M 0 17 60
2 85 43 64 8 1 0 0.00 M M 5.8 16 230 M M 0 19 210
3 93 49 71 15 0 6 T M M 9.1 24 310 M M 0 3 29 320
4 93 57 75 19 0 10 0.35 M M 10.0 30 300 M M 1 13 40 280
5 89 53 71 14 0 6 0.10 M M 9.2 36 200 M M 3 3 46 200
6 73 49 61 4 4 0 0.00 M M 13.7 33 70 M M 1 42 70
7 75 40 58 1 7 0 0.00 M M 11.9 28 50 M M 0 32 60
8 70 52 61 4 4 0 0.00 M M 14.9 25 70 M M 0 34 90
9 86 43 65 7 0 0 0.00 M M 9.2 21 80 M M 0 25 80
10 81 43 62 4 3 0 T M M 21.4 55 220 M M 1 66 220
11 73 41 57 -1 8 0 0.00 M M 14.1 33 240 M M 1 40 240
12 84 38 61 3 4 0 0.00 M M 8.0 20 100 M M 1 24 280
13 87 47 67 9 0 2 0.00 M M 13.4 25 70 M M 0 30 80
14 99 50 75 16 0 10 0.00 M M 9.4 24 210 M M 0 30 200
15 98 52 75 16 0 10 0.00 M M 16.0 38 230 M M 0 47 240
16 83 54 69 10 0 4 0.00 M M 8.5 20 330 M M 0 25 330
17 87 41 64 4 1 0 0.00 M M 11.1 29 270 M M 0 37 300
18 85 40 63 3 2 0 0.00 M M 7.0 16 80 M M 0 20 60
19 87 44 66 6 0 1 0.00 M M 12.3 26 330 M M 1 34 340
20 64 45 55 -5 10 0 0.29 M M 9.0 21 90 M M 9 1 26 90
21 82 38 60 -1 5 0 0.00 M M 3.8 10 170 M M 0 1 15 50
22 92 46 69 8 0 4 0.00 M M 10.4 28 280 M M 0 35 280
23 90 57 74 13 0 9 T M M 12.9 30 240 M M 2 37 250
24 89 47 68 6 0 3 0.06 M M 8.9 30 330 M M 4 3 40 330
25 76 45 61 -1 4 0 0.01 M M 6.6 30 330 M M 4 36 330
26 85 51 68 6 0 3 0.00 M M 10.1 24 330 M M 7 36 360
27 84 55 70 7 0 5 0.00 M M 8.1 15 80 M M 6 20 80
28 87 47 67 4 0 2 0.00 M M 5.1 15 70 M M 0 20 90
29 93 47 70 7 0 5 0.00 M M 9.1 24 70 M M 0 31 70
30 95 49 72 8 0 7 0.00 M M 9.2 21 70 M M 0 25 70
================================================================================
SM 2546 1402 58 87 0.81 M 303.1 M 41
================================================================================
AV 84.9 46.7 10.1 FASTST M M 1 MAX(MPH)
MISC ----> 55 220 66 220
================================================================================
NOTES:
# LAST OF SEVERAL OCCURRENCES
COLUMN 17 PEAK WIND IN M.P.H.
PRELIMINARY LOCAL CLIMATOLOGICAL DATA (WS FORM: F-6) , PAGE 2
STATION: LIVINGSTON MT
MONTH: JUNE
YEAR: 2021
LATITUDE: 45 41 N
LONGITUDE: 110 26 W
[TEMPERATURE DATA] [PRECIPITATION DATA] SYMBOLS USED IN COLUMN 16
AVERAGE MONTHLY: 65.8 TOTAL FOR MONTH: 0.81 1 = FOG OR MIST
DPTR FM NORMAL: 6.5 DPTR FM NORMAL: -1.61 2 = FOG REDUCING VISIBILITY
HIGHEST: 99 ON 14 GRTST 24HR 0.45 ON 4- 5 TO 1/4 MILE OR LESS
LOWEST: 38 ON 21,12 3 = THUNDER
SNOW, ICE PELLETS, HAIL 4 = ICE PELLETS
TOTAL MONTH: M 5 = HAIL
GRTST 24HR M ON M 6 = FREEZING RAIN OR DRIZZLE
GRTST DEPTH: M ON M 7 = DUSTSTORM OR SANDSTORM:
VSBY 1/2 MILE OR LESS
8 = SMOKE OR HAZE
[NO. OF DAYS WITH] [WEATHER - DAYS WITH] 9 = BLOWING SNOW
X = TORNADO
MAX 32 OR BELOW: 0 0.01 INCH OR MORE: 5
MAX 90 OR ABOVE: 8 0.10 INCH OR MORE: 3
MIN 32 OR BELOW: 0 0.50 INCH OR MORE: 0
MIN 0 OR BELOW: 0 1.00 INCH OR MORE: 0
[HDD (BASE 65) ]
TOTAL THIS MO. 58 CLEAR (SCALE 0-3) 25
DPTR FM NORMAL -134 PTCLDY (SCALE 4-7) 4
TOTAL FM JUL 1 7011 CLOUDY (SCALE 8-10) 1
DPTR FM NORMAL -365
[CDD (BASE 65) ]
TOTAL THIS MO. 87
DPTR FM NORMAL 65 [PRESSURE DATA]
TOTAL FM JAN 1 88 HIGHEST SLP 30.22 ON 20
DPTR FM NORMAL 65 LOWEST SLP 29.41 ON 5
[REMARKS]
#FINAL-06-21#