000
CXUS53 KILX 010900
CF6LWV
PRELIMINARY LOCAL CLIMATOLOGICAL DATA (WS FORM: F-6)
STATION: LAWRENCEVILLE IL AIRPORT
MONTH: APRIL
YEAR: 2021
LATITUDE: 38 45 N
LONGITUDE: 87 36 W
TEMPERATURE IN F: :PCPN: SNOW: WIND :SUNSHINE: SKY :PK WND
================================================================================
1 2 3 4 5 6A 6B 7 8 9 10 11 12 13 14 15 16 17 18
12Z AVG MX 2MIN
DY MAX MIN AVG DEP HDD CDD WTR SNW DPTH SPD SPD DIR MIN PSBL S-S WX SPD DR
================================================================================
1 46 29 38 -13 27 0 0.00 M M 13.4 23 340 M M 1 33 360
2 51 26 39 -12 26 0 0.00 M M 5.9 12 160 M M 0 17 140
3 67 32 50 -1 15 0 0.00 M M 11.6 23 200 M M 0 38 200
4 75 41 58 6 7 0 0.00 M M 6.7 16 240 M M 0 8 22 200
5 78 46 62 10 3 0 0.00 M M 9.1 18 200 M M 0 29 190
6 81 50 66 14 0 1 0.00 M M 9.8 22 200 M M 1 29 200
7 82 58 70 17 0 5 0.04 M M 13.3 26 220 M M 6 3 37 210
8 69 55 62 9 3 0 0.14 M M 15.5 32 200 M M 9 1 41 200
9 82 48 65 11 0 0 0.01 M M 11.2 24 170 M M 3 3 33 220
10 69 50 60 6 5 0 0.20 M M 16.0 28 230 M M 7 1 40 230
11 55 43 49 -5 16 0 0.60 M M 12.3 23 260 M M 9 1 36 230
12 70 40 55 0 10 0 0.00 M M 8.3 20 290 M M 2 24 290
13 65 51 58 3 7 0 0.04 M M 5.2 12 310 M M 7 16 330
14 64 44 54 -2 11 0 0.00 M M 9.3 20 360 M M 3 27 290
15 61 38 50 -6 15 0 0.00 M M 8.4 21 330 M M 2 33 320
16 63 39 51 -5 14 0 0.00 M M 4.5 12 70 M M 1 14 80
17 60 46 53 -4 12 0 T M M 4.8 16 360 M M 7 20 360
18 66 40 53 -4 12 0 0.11 M M 4.6 24 320 M M 4 13 29 310
19 69 41 55 -2 10 0 0.00 M M 10.7 24 360 M M 0 29 10
20 54 33 44 -14 21 0 0.20 M M 10.7 24 340 M M 6 1 30 340
21 53 32 43 -15 22 0 0.00 M M 8.0 23 300 M M 6 1 29 290
22 56 36 46 -12 19 0 0.00 M M 7.0 21 300 M M 1 26 290
23 62 40 51 -8 14 0 0.00 M M 9.0 20 220 M M 7 27 160
24 57 49 53 -6 12 0 0.15 M M 7.5 13 20 M M 9 1 17 10
25 68 44 56 -4 9 0 0.00 0.0 0 6.5 13 340 M M 2 1 17 330
26 79 42 61 1 4 0 0.00 M M 15.1 30 170 M M 0 37 160
27 84 53 69 9 0 4 0.00 M M 16.4 30 200 M M 0 40 200
28 75 64 70 10 0 5 0.25 M M 8.6 18 200 M M 7 1 25 220
29 71 56 64 3 1 0 1.22 M M 10.4 26 330 M M 6 8 34 340
30 75 50 63 2 2 0 0.00 M M 12.1 26 290 M M 0 36 300
================================================================================
SM 2007 1316 297 15 2.96 0.0 291.9 M 106
================================================================================
AV 66.9 43.9 9.7 FASTST M M 4 MAX(MPH)
MISC ----> 32 200 41 200
================================================================================
NOTES:
# LAST OF SEVERAL OCCURRENCES
COLUMN 17 PEAK WIND IN M.P.H.
PRELIMINARY LOCAL CLIMATOLOGICAL DATA (WS FORM: F-6) , PAGE 2
STATION: LAWRENCEVILLE IL AIRPORT
MONTH: APRIL
YEAR: 2021
LATITUDE: 38 45 N
LONGITUDE: 87 36 W
[TEMPERATURE DATA] [PRECIPITATION DATA] SYMBOLS USED IN COLUMN 16
AVERAGE MONTHLY: 55.4 TOTAL FOR MONTH: 2.96 1 = FOG OR MIST
DPTR FM NORMAL: -0.6 DPTR FM NORMAL: -1.20 2 = FOG REDUCING VISIBILITY
HIGHEST: 84 ON 27 GRTST 24HR 1.47 ON 28-29 TO 1/4 MILE OR LESS
LOWEST: 26 ON 2 3 = THUNDER
SNOW, ICE PELLETS, HAIL 4 = ICE PELLETS
TOTAL MONTH: 0.0 INCH 5 = HAIL
GRTST 24HR 0.0 6 = FREEZING RAIN OR DRIZZLE
GRTST DEPTH: 0 7 = DUSTSTORM OR SANDSTORM:
VSBY 1/2 MILE OR LESS
8 = SMOKE OR HAZE
[NO. OF DAYS WITH] [WEATHER - DAYS WITH] 9 = BLOWING SNOW
X = TORNADO
MAX 32 OR BELOW: 0 0.01 INCH OR MORE: 11
MAX 90 OR ABOVE: 0 0.10 INCH OR MORE: 8
MIN 32 OR BELOW: 4 0.50 INCH OR MORE: 2
MIN 0 OR BELOW: 0 1.00 INCH OR MORE: 1
[HDD (BASE 65) ]
TOTAL THIS MO. 297 CLEAR (SCALE 0-3) 16
DPTR FM NORMAL 3 PTCLDY (SCALE 4-7) 11
TOTAL FM JUL 1 4400 CLOUDY (SCALE 8-10) 3
DPTR FM NORMAL -192
[CDD (BASE 65) ]
TOTAL THIS MO. 15
DPTR FM NORMAL -9 [PRESSURE DATA]
TOTAL FM JAN 1 15 HIGHEST SLP 30.62 ON 2
DPTR FM NORMAL -11 LOWEST SLP 29.40 ON 11
[REMARKS]
#FINAL-04-21#