000
CXUS53 KEAX 010736
CF6LXT
PRELIMINARY LOCAL CLIMATOLOGICAL DATA (WS FORM: F-6)
STATION: LEE`S SUMMIT MO
MONTH: SEPTEMBER
YEAR: 2023
LATITUDE: 38 57 N
LONGITUDE: 94 22 W
TEMPERATURE IN F: :PCPN: SNOW: WIND :SUNSHINE: SKY :PK WND
================================================================================
1 2 3 4 5 6A 6B 7 8 9 10 11 12 13 14 15 16 17 18
12Z AVG MX 2MIN
DY MAX MIN AVG DEP HDD CDD WTR SNW DPTH SPD SPD DIR MIN PSBL S-S WX SPD DR
================================================================================
1 89 61 75 1 0 10 0.00 M M 9.3 15 190 M M 0 23 170
2 95 62 79 5 0 14 0.00 M M 8.4 14 190 M M 0 20 210
3 95 66 81 8 0 16 0.00 M M 10.8 20 210 M M 0 26 220
4 97 74 86 13 0 21 0.00 M M 14.0 22 180 M M 0 30 170
5 98 69 84 11 0 19 0.07 M M 15.6 28 180 M M 1 3 39 210
6 80 62 71 -1 0 6 0.00 M M 8.9 21 290 M M 2 8 28 290
7 85 57 71 -1 0 6 0.00 M M 5.2 10 80 M M 1 18 16 70
8 84 61 73 1 0 8 0.00 M M 5.8 14 30 M M 3 8 18 10
9 86 57 72 1 0 7 0.00 M M 4.7 13 60 M M 0 8 17 80
10 87 61 74 3 0 9 T M M 6.2 13 220 M M 1 18 200
11 73 61 67 -4 0 2 0.30 M M 5.2 12 360 M M 9 1 15 350
12 79 57 68 -2 0 3 0.00 M M 4.0 13 50 M M 0 1 18 40
13 81 51 66 -4 0 1 0.00 M M 4.0 12 160 M M 1 18 170
14 M 54 M M M M 0.00 M M 5.1 13 160 M M 0 24 160
15 83 M M M M M 0.07 M M 5.9 14 260 M M 5 1 21 260
16 79 57 68 -1 0 3 0.32 M M 5.5 24 10 M M 7 13 30 10
17 78 52 65 -4 0 0 0.00 M M 5.6 15 20 M M 0 18 27 340
18 86 56 71 3 0 6 0.00 M M 9.3 16 160 M M 0 22 150
19 83 64 74 6 0 9 0.00 M M 13.4 28 210 M M 1 37 180
20 81 63 72 5 0 7 0.00 M M 9.1 16 170 M M 3 23 170
21 85 59 72 5 0 7 1.13 M M 9.6 27 170 M M 4 13 39 190
22 76 62 69 2 0 4 0.90 M M 7.4 22 140 M M 5 13 35 140
23 78 66 72 6 0 7 1.07 M M 9.2 18 160 M M 5 13 29 150
24 83 64 74 8 0 9 0.00 M M 6.2 15 350 M M 2 1 20 240
25 84 60 72 6 0 7 M M M 4.8 12 290 M M 0 17 300
26 84 58 71 6 0 6 0.00 M M 4.9 12 60 M M 3 15 70
27 83 60 72 7 0 7 0.00 M M 4.7 10 60 M M 2 8 15 50
28 88 61 75 11 0 10 0.00 M M 6.2 10 190 M M 0 15 170
29 91 70 81 17 0 16 0.00 M M 10.2 18 200 M M 0 25 200
30 91 70 81 17 0 16 0.00 M M 10.6 18 190 M M 0 25 170
================================================================================
SM 2462 1775 0 236 3.86 M 229.8 M 55
================================================================================
AV 84.9 61.2 7.7 FASTST M M 2 MAX(MPH)
MISC ----> # 28 180 39 190
================================================================================
NOTES:
# LAST OF SEVERAL OCCURRENCES
COLUMN 17 PEAK WIND IN M.P.H.
PRELIMINARY LOCAL CLIMATOLOGICAL DATA (WS FORM: F-6) , PAGE 2
STATION: LEE`S SUMMIT MO
MONTH: SEPTEMBER
YEAR: 2023
LATITUDE: 38 57 N
LONGITUDE: 94 22 W
[TEMPERATURE DATA] [PRECIPITATION DATA] SYMBOLS USED IN COLUMN 16
AVERAGE MONTHLY: 73.1 TOTAL FOR MONTH: 3.86 1 = FOG OR MIST
DPTR FM NORMAL: 4.1 DPTR FM NORMAL: 0.79 2 = FOG REDUCING VISIBILITY
HIGHEST: 98 ON 5 GRTST 24HR 2.03 ON 21-22 TO 1/4 MILE OR LESS
LOWEST: 51 ON 13 3 = THUNDER
SNOW, ICE PELLETS, HAIL 4 = ICE PELLETS
TOTAL MONTH: M 5 = HAIL
GRTST 24HR M ON M 6 = FREEZING RAIN OR DRIZZLE
GRTST DEPTH: M ON M 7 = DUSTSTORM OR SANDSTORM:
VSBY 1/2 MILE OR LESS
8 = SMOKE OR HAZE
[NO. OF DAYS WITH] [WEATHER - DAYS WITH] 9 = BLOWING SNOW
X = TORNADO
MAX 32 OR BELOW: 0 0.01 INCH OR MORE: 7
MAX 90 OR ABOVE: 6 0.10 INCH OR MORE: 5
MIN 32 OR BELOW: 0 0.50 INCH OR MORE: 3
MIN 0 OR BELOW: 0 1.00 INCH OR MORE: 2
[HDD (BASE 65) ]
TOTAL THIS MO. 0 CLEAR (SCALE 0-3) 24
DPTR FM NORMAL -48 PTCLDY (SCALE 4-7) 5
TOTAL FM JUL 1 0 CLOUDY (SCALE 8-10) 1
DPTR FM NORMAL -49
[CDD (BASE 65) ]
TOTAL THIS MO. 236
DPTR FM NORMAL 68 [PRESSURE DATA]
TOTAL FM JAN 1 1477 HIGHEST SLP M ON M
DPTR FM NORMAL 66 LOWEST SLP 29.69 ON 4
[REMARKS]
#FINAL-09-23#