000
CXUS51 KRNK 010612
CF6LYH
PRELIMINARY LOCAL CLIMATOLOGICAL DATA (WS FORM: F-6)
STATION: LYNCHBURG VA
MONTH: OCTOBER
YEAR: 2022
LATITUDE: 37 19 N
LONGITUDE: 79 12 W
TEMPERATURE IN F: :PCPN: SNOW: WIND :SUNSHINE: SKY :PK WND
================================================================================
1 2 3 4 5 6A 6B 7 8 9 10 11 12 13 14 15 16 17 18
12Z AVG MX 2MIN
DY MAX MIN AVG DEP HDD CDD WTR SNW DPTH SPD SPD DIR MIN PSBL S-S WX SPD DR
================================================================================
1 59 55 57 -6 8 0 0.53 0.0 0 11.1 35 40 M M 10 1 53 20
2 60 55 58 -4 7 0 0.09 0.0 0 5.3 14 20 M M 10 1 21 20
3 68 51 60 -2 5 0 0.00 0.0 0 7.8 20 40 M M 4 26 30
4 70 43 57 -4 8 0 T 0.0 0 4.0 14 10 M M 6 21 350
5 77 47 62 1 3 0 0.00 0.0 0 2.9 12 350 M M 1 20 330
6 78 47 63 2 2 0 0.00 0.0 0 2.3 12 270 M M 1 1 17 210
7 81 45 63 3 2 0 0.00 0.0 0 2.8 12 260 M M 1 19 240
8 67 43 55 -5 10 0 0.00 0.0 0 3.5 12 20 M M 1 17 10
9 68 36 52 -8 13 0 0.00 0.0 0 2.3 12 230 M M 0 17 220
10 70 40 55 -4 10 0 0.00 0.0 0 2.2 12 10 M M 0 17 10
11 73 37 55 -4 10 0 0.00 0.0 0 1.2 9 190 M M 0 16 140
12 73 42 58 0 7 0 0.14 0.0 0 4.2 17 190 M M 6 13 23 200
13 77 61 69 11 0 4 0.69 0.0 0 6.4 14 200 M M 9 13 18 180
14 71 44 58 0 7 0 0.00 0.0 0 3.1 13 190 M M 2 17 190
15 78 40 59 2 6 0 0.00 0.0 0 5.0 18 200 M M 0 23 190
16 73 51 62 5 3 0 0.38 0.0 0 3.4 13 10 M M 5 13 21 210
17 71 49 60 3 5 0 0.11 0.0 0 5.0 12 280 M M 6 1 18 270
18 54 35 45 -11 20 0 0.00 0.0 0 4.2 12 290 M M 1 30 220
19 54 31 43 -13 22 0 0.00 0.0 0 3.9 14 250 M M 3 23 300
20 62 28 45 -11 20 0 0.00 0.0 0 4.8 20 200 M M 0 26 210
21 67 32 50 -5 15 0 0.00 0.0 0 1.4 8 160 M M 0 11 190
22 73 34 54 -1 11 0 0.00 0.0 0 1.2 8 200 M M 0 11 210
23 73 42 58 4 7 0 0.00 0.0 0 4.6 14 40 M M 2 20 40
24 79 42 61 7 4 0 0.00 0.0 0 0.4 7 110 M M 1 1 11 110
25 74 48 61 7 4 0 0.00 0.0 0 3.5 10 160 M M 4 12 34 150
26 70 58 64 11 1 0 0.04 0.0 0 4.6 12 310 M M 8 1 17 300
27 69 49 59 6 6 0 0.00 0.0 0 6.3 14 60 M M 0 18 50
28 62 46 54 1 11 0 0.00 0.0 0 8.8 16 30 M M 4 21 30
29 64 44 54 2 11 0 0.00 0.0 0 5.9 16 40 M M 7 19 30
30 62 40 51 -1 14 0 T 0.0 0 1.3 7 120 M M 8 10 50
31 60 54 57 5 8 0 0.32 0.0 0 0.8 10 190 M M 10 1 12 200
================================================================================
SM 2137 1369 260 4 2.30 0.0 124.2 M 110
================================================================================
AV 68.9 44.2 4.0 FASTST M M 4 MAX(MPH)
MISC ----> 35 40 53 20
================================================================================
NOTES:
# LAST OF SEVERAL OCCURRENCES
COLUMN 17 PEAK WIND IN M.P.H.
PRELIMINARY LOCAL CLIMATOLOGICAL DATA (WS FORM: F-6) , PAGE 2
STATION: LYNCHBURG VA
MONTH: OCTOBER
YEAR: 2022
LATITUDE: 37 19 N
LONGITUDE: 79 12 W
[TEMPERATURE DATA] [PRECIPITATION DATA] SYMBOLS USED IN COLUMN 16
AVERAGE MONTHLY: 56.5 TOTAL FOR MONTH: 2.30 1 = FOG OR MIST
DPTR FM NORMAL: -0.5 DPTR FM NORMAL: -0.82 2 = FOG REDUCING VISIBILITY
HIGHEST: 81 ON 7 GRTST 24HR 1.26 ON 30- 1 TO 1/4 MILE OR LESS
LOWEST: 28 ON 20 3 = THUNDER
SNOW, ICE PELLETS, HAIL 4 = ICE PELLETS
TOTAL MONTH: 0.0 INCH 5 = HAIL
GRTST 24HR 0.0 6 = FREEZING RAIN OR DRIZZLE
GRTST DEPTH: 0 7 = DUSTSTORM OR SANDSTORM:
VSBY 1/2 MILE OR LESS
8 = SMOKE OR HAZE
[NO. OF DAYS WITH] [WEATHER - DAYS WITH] 9 = BLOWING SNOW
X = TORNADO
MAX 32 OR BELOW: 0 0.01 INCH OR MORE: 8
MAX 90 OR ABOVE: 0 0.10 INCH OR MORE: 6
MIN 32 OR BELOW: 3 0.50 INCH OR MORE: 2
MIN 0 OR BELOW: 0 1.00 INCH OR MORE: 0
[HDD (BASE 65) ]
TOTAL THIS MO. 260 CLEAR (SCALE 0-3) 16
DPTR FM NORMAL -7 PTCLDY (SCALE 4-7) 11
TOTAL FM JUL 1 292 CLOUDY (SCALE 8-10) 4
DPTR FM NORMAL -23
[CDD (BASE 65) ]
TOTAL THIS MO. 4
DPTR FM NORMAL -15 [PRESSURE DATA]
TOTAL FM JAN 1 1519 HIGHEST SLP M ON M
DPTR FM NORMAL 405 LOWEST SLP 29.60 ON 17
[REMARKS]
#FINAL-10-22#