000
CXUS51 KRNK 011002 CCA
CF6LYH
PRELIMINARY LOCAL CLIMATOLOGICAL DATA (WS FORM: F-6)...CORRECTED
STATION: LYNCHBURG VA
MONTH: DECEMBER
YEAR: 2023
LATITUDE: 37 19 N
LONGITUDE: 79 12 W
TEMPERATURE IN F: :PCPN: SNOW: WIND :SUNSHINE: SKY :PK WND
================================================================================
1 2 3 4 5 6A 6B 7 8 9 10 11 12 13 14 15 16 17 18
12Z AVG MX 2MIN
DY MAX MIN AVG DEP HDD CDD WTR SNW DPTH SPD SPD DIR MIN PSBL S-S WX SPD DR
================================================================================
1 47 29 38 -4 27 0 0.10 0.0 0 1.9 8 190 M M 7 1 9 190
2 57 42 50 8 15 0 0.22 0.0 0 2.2 8 180 M M 9 12 10 190
3 69 51 60 19 5 0 0.31 0.0 0 3.5 12 240 M M 6 12 19 240
4 58 33 46 5 19 0 0.00 0.0 0 3.9 10 220 M M 1 17 330
5 52 28 40 -1 25 0 T 0.0 0 2.0 10 190 M M 4 15 180
6 48 31 40 -1 25 0 0.01 0.0 0 5.2 15 300 M M 5 1 27 300
7 53 26 40 0 25 0 0.00 0.0 0 5.1 24 190 M M 0 15 200
8 62 30 46 6 19 0 0.00 0.0 0 2.2 13 170 M M 0 15 160
9 61 32 47 7 18 0 T 0.0 0 4.9 14 200 M M 5 19 210
10 58 38 48 8 17 0 2.05 T 0 4.1 14 320 M M 10 134 31 310
11 47 24 36 -4 29 0 0.25 T 0 3.7 14 290 M M 4 14 24 300
12 50 19 35 -5 30 0 0.00 0.0 0 3.3 12 200 M M 0 18 220
13 57 27 42 3 23 0 0.00 0.0 0 3.2 12 270 M M 0 18 290
14 51 22 37 -2 28 0 0.00 0.0 0 2.8 10 190 M M 0 15 210
15 60 23 42 3 23 0 0.00 0.0 0 0.6 7 190 M M 0 9 190
16 56 27 42 3 23 0 0.00 0.0 0 2.5 9 20 M M 0 13 20
17 50 39 45 6 20 0 1.44 0.0 0 8.9 15 10 M M 8 1 23 360
18 54 34 44 6 21 0 T 0.0 0 9.6 21 270 M M 5 36 280
19 43 23 33 -5 32 0 0.00 0.0 0 5.2 13 290 M M 0 23 290
20 49 18 34 -4 31 0 0.00 0.0 0 1.2 7 200 M M 0 10 200
21 56 22 39 1 26 0 0.00 0.0 0 0.5 6 20 M M 0 9 10
22 52 31 42 4 23 0 0.00 0.0 0 3.3 10 10 M M 1 14 10
23 53 30 42 4 23 0 0.00 0.0 0 1.5 10 190 M M 1 13 180
24 63 31 47 9 18 0 0.00 0.0 0 1.4 7 20 M M 4 9 150
25 57 35 46 9 19 0 T 0.0 0 5.9 14 40 M M 7 21 40
26 49 46 48 11 17 0 0.13 0.0 0 8.2 13 20 M M 10 1 20 50
27 54 48 51 14 14 0 0.38 0.0 0 5.7 14 20 M M 10 12 19 30
28 58 33 46 9 19 0 0.00 0.0 0 1.3 9 200 M M 4 12 13 210
29 49 29 39 2 26 0 0.15 0.0 0 1.3 9 10 M M 7 1 15 340
30 47 30 39 2 26 0 0.00 0.0 0 4.9 14 280 M M 4 26 250
31 51 24 38 1 27 0 0.00 0.0 0 3.6 13 200 M M 0 19 200
================================================================================
SM 1671 955 693 0 5.04 T 113.6 M 112
================================================================================
AV 53.9 30.8 3.7 FASTST M M 4 MAX(MPH)
MISC ----> 24 190 36 280
================================================================================
NOTES:
# LAST OF SEVERAL OCCURRENCES
COLUMN 17 PEAK WIND IN M.P.H.
PRELIMINARY LOCAL CLIMATOLOGICAL DATA (WS FORM: F-6) , PAGE 2
STATION: LYNCHBURG VA
MONTH: DECEMBER
YEAR: 2023
LATITUDE: 37 19 N
LONGITUDE: 79 12 W
[TEMPERATURE DATA] [PRECIPITATION DATA] SYMBOLS USED IN COLUMN 16
AVERAGE MONTHLY: 42.4 TOTAL FOR MONTH: 5.04 1 = FOG OR MIST
DPTR FM NORMAL: 3.5 DPTR FM NORMAL: 1.54 2 = FOG REDUCING VISIBILITY
HIGHEST: 69 ON 3 GRTST 24HR 2.30 ON 10-11 TO 1/4 MILE OR LESS
LOWEST: 18 ON 20 3 = THUNDER
SNOW, ICE PELLETS, HAIL 4 = ICE PELLETS
TOTAL MONTH: T 5 = HAIL
GRTST 24HR T ON 10-10 6 = FREEZING RAIN OR DRIZZLE
GRTST DEPTH: 0 7 = DUSTSTORM OR SANDSTORM:
VSBY 1/2 MILE OR LESS
8 = SMOKE OR HAZE
[NO. OF DAYS WITH] [WEATHER - DAYS WITH] 9 = BLOWING SNOW
X = TORNADO
MAX 32 OR BELOW: 0 0.01 INCH OR MORE: 10
MAX 90 OR ABOVE: 0 0.10 INCH OR MORE: 9
MIN 32 OR BELOW: 21 0.50 INCH OR MORE: 2
MIN 0 OR BELOW: 0 1.00 INCH OR MORE: 2
[HDD (BASE 65) ]
TOTAL THIS MO. 693 CLEAR (SCALE 0-3) 14
DPTR FM NORMAL -115 PTCLDY (SCALE 4-7) 12
TOTAL FM JUL 1 1469 CLOUDY (SCALE 8-10) 5
DPTR FM NORMAL -210
[CDD (BASE 65) ]
TOTAL THIS MO. 0
DPTR FM NORMAL 0 [PRESSURE DATA]
TOTAL FM JAN 1 1129 HIGHEST SLP 30.76 ON 14
DPTR FM NORMAL 14 LOWEST SLP 29.35 ON 18
[REMARKS]
#FINAL-12-23#